{"id":22678,"date":"2025-03-10T11:55:09","date_gmt":"2025-03-10T14:55:09","guid":{"rendered":"https:\/\/ponteseditores.com.br\/loja3\/?post_type=product&#038;p=22678"},"modified":"2025-03-10T11:55:09","modified_gmt":"2025-03-10T14:55:09","slug":"o-romance-de-milan-kundera-e-o-donjuanismo-da-poesia-a-prosa","status":"publish","type":"product","link":"https:\/\/ponteseditores.com.br\/loja3\/pontes-editores-home-2__trashed\/romance\/o-romance-de-milan-kundera-e-o-donjuanismo-da-poesia-a-prosa\/","title":{"rendered":"O romance de Milan Kundera e o donjuanismo da poesia \u00e0 prosa"},"content":{"rendered":"<p>Como escritor ou como pensador do romance moderno, Milan Kundera ocupa um lugar de destaque entre os nomes mais representativos da produ\u00e7\u00e3o romanesca do s\u00e9culo XX. A partir da segunda metade desse s\u00e9culo, Kundera se instaurou na \u00fanica \u201cp\u00e1tria\u201d em que n\u00e3o se sentiu estrangeiro, a \u201cP\u00e1tria do Romance\u201d. Ele fez isso seguindo um fio que interliga a tessitura inicial do romance moderno, com Rabelais e Cervantes, at\u00e9 ao que denomina de \u201cParadoxos Terminais da Modernidade\u201d, aqui elegendo, entre outros, Hermann Broch, Robert Musil e Franz Kafka como sua \u201cpl\u00eaiade dos grandes romancistas da Europa Central.\u201d Constrangido pelas conting\u00eancias hist\u00f3ricas dos tempos e dos espa\u00e7os geogr\u00e1ficos em que viveu, por meio de experimenta\u00e7\u00f5es controversas na vida pol\u00edtica, social e art\u00edstica, aliadas a irrequieta e urgente necessidade de fazer da fic\u00e7\u00e3o romanesca um lugar de explora\u00e7\u00e3o da exist\u00eancia humana, Milan Kundera deu in\u00edcio ao que, neste livro, \u00e9 reconhecido como seu \u201cprojeto est\u00e9tico\u201d.<\/p>\n<p>Marcado por escolhas contundentes, por um fazer e refazer cont\u00ednuos e amparado por um intenso e meticuloso gesto filos\u00f3fico, o \u201cprojeto est\u00e9tico\u201d kunderiano foi processualmente e cuidadosamente erguido. Diante de tal entendimento,<\/p>\n<p>O ROMANCE DE MILAN KUNDERA E O DONJUANISMO, DA POESIA \u00c0 PROSA, buscou orientar-se pelo conjunto dos textos do autor de modo a evidenciar a import\u00e2ncia de sua trajet\u00f3ria desde o poeta at\u00e9 o romancista. Sobretudo, este livro quer refletir sobre a reivindica\u00e7\u00e3o de Don Juan como um eixo estruturante das narrativas, atuando como pilar central de sustenta\u00e7\u00e3o que \u201cfunda, une, tece, conduz e dinamiza\u201d o \u201cprojeto est\u00e9tico\u201d de Milan Kundera.<\/p>\n","protected":false},"excerpt":{"rendered":"<p>Como escritor ou como pensador do romance moderno, Milan Kundera ocupa um lugar de destaque entre os nomes mais representativos da produ\u00e7\u00e3o romanesca do s\u00e9culo XX. A partir da segunda metade desse s\u00e9culo, Kundera se instaurou na \u00fanica \u201cp\u00e1tria\u201d em que n\u00e3o se sentiu estrangeiro, a \u201cP\u00e1tria do Romance\u201d. Ele fez isso seguindo um fio [&hellip;]<\/p>\n","protected":false},"featured_media":22679,"comment_status":"open","ping_status":"closed","template":"","meta":{"_joinchat":[]},"product_brand":[],"product_cat":[167,88],"product_tag":[],"class_list":{"0":"post-22678","1":"product","2":"type-product","3":"status-publish","4":"has-post-thumbnail","6":"product_cat-lancamento","7":"product_cat-romance","9":"first","10":"instock","11":"shipping-taxable","12":"purchasable","13":"product-type-simple"},"yoast_head":"<!-- This site is optimized with the Yoast SEO plugin v27.4 - https:\/\/yoast.com\/product\/yoast-seo-wordpress\/ -->\n<title>O romance de Milan Kundera e o donjuanismo da poesia \u00e0 prosa - Pontes Editores<\/title>\n<meta name=\"robots\" content=\"index, follow, max-snippet:-1, max-image-preview:large, max-video-preview:-1\" \/>\n<link rel=\"canonical\" href=\"https:\/\/ponteseditores.com.br\/loja3\/pontes-editores-home-2__trashed\/romance\/o-romance-de-milan-kundera-e-o-donjuanismo-da-poesia-a-prosa\/\" \/>\n<meta property=\"og:locale\" content=\"pt_BR\" \/>\n<meta property=\"og:type\" content=\"article\" \/>\n<meta property=\"og:title\" content=\"O romance de Milan Kundera e o donjuanismo da poesia \u00e0 prosa - Pontes Editores\" \/>\n<meta property=\"og:description\" content=\"Como escritor ou como pensador do romance moderno, Milan Kundera ocupa um lugar de destaque entre os nomes mais representativos da produ\u00e7\u00e3o romanesca do s\u00e9culo XX. A partir da segunda metade desse s\u00e9culo, Kundera se instaurou na \u00fanica \u201cp\u00e1tria\u201d em que n\u00e3o se sentiu estrangeiro, a \u201cP\u00e1tria do Romance\u201d. Ele fez isso seguindo um fio [&hellip;]\" \/>\n<meta property=\"og:url\" content=\"https:\/\/ponteseditores.com.br\/loja3\/pontes-editores-home-2__trashed\/romance\/o-romance-de-milan-kundera-e-o-donjuanismo-da-poesia-a-prosa\/\" \/>\n<meta property=\"og:site_name\" content=\"Pontes Editores\" \/>\n<meta property=\"og:image\" content=\"https:\/\/ponteseditores.com.br\/loja3\/wp-content\/uploads\/2025\/03\/Capa_Romance-de-Milan-Kundera-scaled.jpg\" \/>\n\t<meta property=\"og:image:width\" content=\"1685\" \/>\n\t<meta property=\"og:image:height\" content=\"2560\" \/>\n\t<meta property=\"og:image:type\" content=\"image\/jpeg\" \/>\n<meta name=\"twitter:card\" content=\"summary_large_image\" \/>\n<meta name=\"twitter:label1\" content=\"Est. tempo de leitura\" \/>\n\t<meta name=\"twitter:data1\" content=\"2 minutos\" \/>\n<script type=\"application\/ld+json\" class=\"yoast-schema-graph\">{\"@context\":\"https:\\\/\\\/schema.org\",\"@graph\":[{\"@type\":\"WebPage\",\"@id\":\"https:\\\/\\\/ponteseditores.com.br\\\/loja3\\\/pontes-editores-home-2__trashed\\\/romance\\\/o-romance-de-milan-kundera-e-o-donjuanismo-da-poesia-a-prosa\\\/\",\"url\":\"https:\\\/\\\/ponteseditores.com.br\\\/loja3\\\/pontes-editores-home-2__trashed\\\/romance\\\/o-romance-de-milan-kundera-e-o-donjuanismo-da-poesia-a-prosa\\\/\",\"name\":\"O romance de Milan Kundera e o donjuanismo da poesia \u00e0 prosa - Pontes Editores\",\"isPartOf\":{\"@id\":\"https:\\\/\\\/ponteseditores.com.br\\\/loja3\\\/#website\"},\"primaryImageOfPage\":{\"@id\":\"https:\\\/\\\/ponteseditores.com.br\\\/loja3\\\/pontes-editores-home-2__trashed\\\/romance\\\/o-romance-de-milan-kundera-e-o-donjuanismo-da-poesia-a-prosa\\\/#primaryimage\"},\"image\":{\"@id\":\"https:\\\/\\\/ponteseditores.com.br\\\/loja3\\\/pontes-editores-home-2__trashed\\\/romance\\\/o-romance-de-milan-kundera-e-o-donjuanismo-da-poesia-a-prosa\\\/#primaryimage\"},\"thumbnailUrl\":\"https:\\\/\\\/ponteseditores.com.br\\\/loja3\\\/wp-content\\\/uploads\\\/2025\\\/03\\\/Capa_Romance-de-Milan-Kundera-scaled.jpg\",\"datePublished\":\"2025-03-10T14:55:09+00:00\",\"breadcrumb\":{\"@id\":\"https:\\\/\\\/ponteseditores.com.br\\\/loja3\\\/pontes-editores-home-2__trashed\\\/romance\\\/o-romance-de-milan-kundera-e-o-donjuanismo-da-poesia-a-prosa\\\/#breadcrumb\"},\"inLanguage\":\"pt-BR\",\"potentialAction\":[{\"@type\":\"ReadAction\",\"target\":[\"https:\\\/\\\/ponteseditores.com.br\\\/loja3\\\/pontes-editores-home-2__trashed\\\/romance\\\/o-romance-de-milan-kundera-e-o-donjuanismo-da-poesia-a-prosa\\\/\"]}]},{\"@type\":\"ImageObject\",\"inLanguage\":\"pt-BR\",\"@id\":\"https:\\\/\\\/ponteseditores.com.br\\\/loja3\\\/pontes-editores-home-2__trashed\\\/romance\\\/o-romance-de-milan-kundera-e-o-donjuanismo-da-poesia-a-prosa\\\/#primaryimage\",\"url\":\"https:\\\/\\\/ponteseditores.com.br\\\/loja3\\\/wp-content\\\/uploads\\\/2025\\\/03\\\/Capa_Romance-de-Milan-Kundera-scaled.jpg\",\"contentUrl\":\"https:\\\/\\\/ponteseditores.com.br\\\/loja3\\\/wp-content\\\/uploads\\\/2025\\\/03\\\/Capa_Romance-de-Milan-Kundera-scaled.jpg\",\"width\":1685,\"height\":2560},{\"@type\":\"BreadcrumbList\",\"@id\":\"https:\\\/\\\/ponteseditores.com.br\\\/loja3\\\/pontes-editores-home-2__trashed\\\/romance\\\/o-romance-de-milan-kundera-e-o-donjuanismo-da-poesia-a-prosa\\\/#breadcrumb\",\"itemListElement\":[{\"@type\":\"ListItem\",\"position\":1,\"name\":\"Home\",\"item\":\"https:\\\/\\\/ponteseditores.com.br\\\/loja3\\\/\"},{\"@type\":\"ListItem\",\"position\":2,\"name\":\"loja\",\"item\":\"https:\\\/\\\/ponteseditores.com.br\\\/loja3\\\/loja\\\/\"},{\"@type\":\"ListItem\",\"position\":3,\"name\":\"O romance de Milan Kundera e o donjuanismo da poesia \u00e0 prosa\"}]},{\"@type\":\"WebSite\",\"@id\":\"https:\\\/\\\/ponteseditores.com.br\\\/loja3\\\/#website\",\"url\":\"https:\\\/\\\/ponteseditores.com.br\\\/loja3\\\/\",\"name\":\"Pontes Editores\",\"description\":\"Pontes Editores\",\"publisher\":{\"@id\":\"https:\\\/\\\/ponteseditores.com.br\\\/loja3\\\/#organization\"},\"potentialAction\":[{\"@type\":\"SearchAction\",\"target\":{\"@type\":\"EntryPoint\",\"urlTemplate\":\"https:\\\/\\\/ponteseditores.com.br\\\/loja3\\\/?s={search_term_string}\"},\"query-input\":{\"@type\":\"PropertyValueSpecification\",\"valueRequired\":true,\"valueName\":\"search_term_string\"}}],\"inLanguage\":\"pt-BR\"},{\"@type\":\"Organization\",\"@id\":\"https:\\\/\\\/ponteseditores.com.br\\\/loja3\\\/#organization\",\"name\":\"Pontes Editores\",\"url\":\"https:\\\/\\\/ponteseditores.com.br\\\/loja3\\\/\",\"logo\":{\"@type\":\"ImageObject\",\"inLanguage\":\"pt-BR\",\"@id\":\"https:\\\/\\\/ponteseditores.com.br\\\/loja3\\\/#\\\/schema\\\/logo\\\/image\\\/\",\"url\":\"https:\\\/\\\/ponteseditores.com.br\\\/loja3\\\/wp-content\\\/uploads\\\/2023\\\/12\\\/logo-pontes-editores-v2.png\",\"contentUrl\":\"https:\\\/\\\/ponteseditores.com.br\\\/loja3\\\/wp-content\\\/uploads\\\/2023\\\/12\\\/logo-pontes-editores-v2.png\",\"width\":258,\"height\":100,\"caption\":\"Pontes Editores\"},\"image\":{\"@id\":\"https:\\\/\\\/ponteseditores.com.br\\\/loja3\\\/#\\\/schema\\\/logo\\\/image\\\/\"}}]}<\/script>\n<!-- \/ Yoast SEO plugin. -->","yoast_head_json":{"title":"O romance de Milan Kundera e o donjuanismo da poesia \u00e0 prosa - Pontes Editores","robots":{"index":"index","follow":"follow","max-snippet":"max-snippet:-1","max-image-preview":"max-image-preview:large","max-video-preview":"max-video-preview:-1"},"canonical":"https:\/\/ponteseditores.com.br\/loja3\/pontes-editores-home-2__trashed\/romance\/o-romance-de-milan-kundera-e-o-donjuanismo-da-poesia-a-prosa\/","og_locale":"pt_BR","og_type":"article","og_title":"O romance de Milan Kundera e o donjuanismo da poesia \u00e0 prosa - Pontes Editores","og_description":"Como escritor ou como pensador do romance moderno, Milan Kundera ocupa um lugar de destaque entre os nomes mais representativos da produ\u00e7\u00e3o romanesca do s\u00e9culo XX. A partir da segunda metade desse s\u00e9culo, Kundera se instaurou na \u00fanica \u201cp\u00e1tria\u201d em que n\u00e3o se sentiu estrangeiro, a \u201cP\u00e1tria do Romance\u201d. Ele fez isso seguindo um fio [&hellip;]","og_url":"https:\/\/ponteseditores.com.br\/loja3\/pontes-editores-home-2__trashed\/romance\/o-romance-de-milan-kundera-e-o-donjuanismo-da-poesia-a-prosa\/","og_site_name":"Pontes Editores","og_image":[{"width":1685,"height":2560,"url":"https:\/\/ponteseditores.com.br\/loja3\/wp-content\/uploads\/2025\/03\/Capa_Romance-de-Milan-Kundera-scaled.jpg","type":"image\/jpeg"}],"twitter_card":"summary_large_image","twitter_misc":{"Est. tempo de leitura":"2 minutos"},"schema":{"@context":"https:\/\/schema.org","@graph":[{"@type":"WebPage","@id":"https:\/\/ponteseditores.com.br\/loja3\/pontes-editores-home-2__trashed\/romance\/o-romance-de-milan-kundera-e-o-donjuanismo-da-poesia-a-prosa\/","url":"https:\/\/ponteseditores.com.br\/loja3\/pontes-editores-home-2__trashed\/romance\/o-romance-de-milan-kundera-e-o-donjuanismo-da-poesia-a-prosa\/","name":"O romance de Milan Kundera e o donjuanismo da poesia \u00e0 prosa - Pontes Editores","isPartOf":{"@id":"https:\/\/ponteseditores.com.br\/loja3\/#website"},"primaryImageOfPage":{"@id":"https:\/\/ponteseditores.com.br\/loja3\/pontes-editores-home-2__trashed\/romance\/o-romance-de-milan-kundera-e-o-donjuanismo-da-poesia-a-prosa\/#primaryimage"},"image":{"@id":"https:\/\/ponteseditores.com.br\/loja3\/pontes-editores-home-2__trashed\/romance\/o-romance-de-milan-kundera-e-o-donjuanismo-da-poesia-a-prosa\/#primaryimage"},"thumbnailUrl":"https:\/\/ponteseditores.com.br\/loja3\/wp-content\/uploads\/2025\/03\/Capa_Romance-de-Milan-Kundera-scaled.jpg","datePublished":"2025-03-10T14:55:09+00:00","breadcrumb":{"@id":"https:\/\/ponteseditores.com.br\/loja3\/pontes-editores-home-2__trashed\/romance\/o-romance-de-milan-kundera-e-o-donjuanismo-da-poesia-a-prosa\/#breadcrumb"},"inLanguage":"pt-BR","potentialAction":[{"@type":"ReadAction","target":["https:\/\/ponteseditores.com.br\/loja3\/pontes-editores-home-2__trashed\/romance\/o-romance-de-milan-kundera-e-o-donjuanismo-da-poesia-a-prosa\/"]}]},{"@type":"ImageObject","inLanguage":"pt-BR","@id":"https:\/\/ponteseditores.com.br\/loja3\/pontes-editores-home-2__trashed\/romance\/o-romance-de-milan-kundera-e-o-donjuanismo-da-poesia-a-prosa\/#primaryimage","url":"https:\/\/ponteseditores.com.br\/loja3\/wp-content\/uploads\/2025\/03\/Capa_Romance-de-Milan-Kundera-scaled.jpg","contentUrl":"https:\/\/ponteseditores.com.br\/loja3\/wp-content\/uploads\/2025\/03\/Capa_Romance-de-Milan-Kundera-scaled.jpg","width":1685,"height":2560},{"@type":"BreadcrumbList","@id":"https:\/\/ponteseditores.com.br\/loja3\/pontes-editores-home-2__trashed\/romance\/o-romance-de-milan-kundera-e-o-donjuanismo-da-poesia-a-prosa\/#breadcrumb","itemListElement":[{"@type":"ListItem","position":1,"name":"Home","item":"https:\/\/ponteseditores.com.br\/loja3\/"},{"@type":"ListItem","position":2,"name":"loja","item":"https:\/\/ponteseditores.com.br\/loja3\/loja\/"},{"@type":"ListItem","position":3,"name":"O romance de Milan Kundera e o donjuanismo da poesia \u00e0 prosa"}]},{"@type":"WebSite","@id":"https:\/\/ponteseditores.com.br\/loja3\/#website","url":"https:\/\/ponteseditores.com.br\/loja3\/","name":"Pontes Editores","description":"Pontes Editores","publisher":{"@id":"https:\/\/ponteseditores.com.br\/loja3\/#organization"},"potentialAction":[{"@type":"SearchAction","target":{"@type":"EntryPoint","urlTemplate":"https:\/\/ponteseditores.com.br\/loja3\/?s={search_term_string}"},"query-input":{"@type":"PropertyValueSpecification","valueRequired":true,"valueName":"search_term_string"}}],"inLanguage":"pt-BR"},{"@type":"Organization","@id":"https:\/\/ponteseditores.com.br\/loja3\/#organization","name":"Pontes Editores","url":"https:\/\/ponteseditores.com.br\/loja3\/","logo":{"@type":"ImageObject","inLanguage":"pt-BR","@id":"https:\/\/ponteseditores.com.br\/loja3\/#\/schema\/logo\/image\/","url":"https:\/\/ponteseditores.com.br\/loja3\/wp-content\/uploads\/2023\/12\/logo-pontes-editores-v2.png","contentUrl":"https:\/\/ponteseditores.com.br\/loja3\/wp-content\/uploads\/2023\/12\/logo-pontes-editores-v2.png","width":258,"height":100,"caption":"Pontes Editores"},"image":{"@id":"https:\/\/ponteseditores.com.br\/loja3\/#\/schema\/logo\/image\/"}}]}},"_links":{"self":[{"href":"https:\/\/ponteseditores.com.br\/loja3\/wp-json\/wp\/v2\/product\/22678","targetHints":{"allow":["GET"]}}],"collection":[{"href":"https:\/\/ponteseditores.com.br\/loja3\/wp-json\/wp\/v2\/product"}],"about":[{"href":"https:\/\/ponteseditores.com.br\/loja3\/wp-json\/wp\/v2\/types\/product"}],"replies":[{"embeddable":true,"href":"https:\/\/ponteseditores.com.br\/loja3\/wp-json\/wp\/v2\/comments?post=22678"}],"version-history":[{"count":2,"href":"https:\/\/ponteseditores.com.br\/loja3\/wp-json\/wp\/v2\/product\/22678\/revisions"}],"predecessor-version":[{"id":22681,"href":"https:\/\/ponteseditores.com.br\/loja3\/wp-json\/wp\/v2\/product\/22678\/revisions\/22681"}],"wp:featuredmedia":[{"embeddable":true,"href":"https:\/\/ponteseditores.com.br\/loja3\/wp-json\/wp\/v2\/media\/22679"}],"wp:attachment":[{"href":"https:\/\/ponteseditores.com.br\/loja3\/wp-json\/wp\/v2\/media?parent=22678"}],"wp:term":[{"taxonomy":"product_brand","embeddable":true,"href":"https:\/\/ponteseditores.com.br\/loja3\/wp-json\/wp\/v2\/product_brand?post=22678"},{"taxonomy":"product_cat","embeddable":true,"href":"https:\/\/ponteseditores.com.br\/loja3\/wp-json\/wp\/v2\/product_cat?post=22678"},{"taxonomy":"product_tag","embeddable":true,"href":"https:\/\/ponteseditores.com.br\/loja3\/wp-json\/wp\/v2\/product_tag?post=22678"}],"curies":[{"name":"wp","href":"https:\/\/api.w.org\/{rel}","templated":true}]}}