{"id":22672,"date":"2025-03-10T11:14:52","date_gmt":"2025-03-10T14:14:52","guid":{"rendered":"https:\/\/ponteseditores.com.br\/loja3\/?post_type=product&#038;p=22672"},"modified":"2025-03-10T11:14:52","modified_gmt":"2025-03-10T14:14:52","slug":"literatura-e-modernidade-quinze-estudos-de-critica-literaria-2","status":"publish","type":"product","link":"https:\/\/ponteseditores.com.br\/loja3\/pontes-editores-home-2__trashed\/ebook\/lancamento-e-book\/literatura-e-modernidade-quinze-estudos-de-critica-literaria-2\/","title":{"rendered":"Literatura e Modernidade: quinze estudos de cr\u00edtica liter\u00e1ria"},"content":{"rendered":"<p>Segundo Matei Calinescu (1934-2009), a valoriza\u00e7\u00e3o do novo, que fundamenta os conceitos de modernidade e de modernismo, traz impl\u00edcita a ideia de que o passado n\u00e3o tem mais car\u00e1ter normativo, tendo perdido a legitimidade para oferecer modelos ou impor dire\u00e7\u00f5es aos artistas, o que redundou no aparecimento de uma sensibilidade est\u00e9tica alicer\u00e7ada no relativismo hist\u00f3rico e na cr\u00edtica \u00e0 tradi\u00e7\u00e3o. No \u00e2mbito da arte, a grande mudan\u00e7a cultural, que caracteriza a modernidade, verifica-se na passagem de uma est\u00e9tica da perman\u00eancia, baseada na cren\u00e7a de uma beleza imut\u00e1vel e transcendente, para uma est\u00e9tica da transitoriedade e da iman\u00eancia.<\/p>\n<p>Essa transi\u00e7\u00e3o hist\u00f3rica n\u00e3o ocorreu, por\u00e9m, de maneira tranquila, no sentido de que uma est\u00e9tica tenha simplesmente substitu\u00eddo a outra. Quando se percorrem os caminhos da modernidade, desde a sua forma\u00e7\u00e3o, no s\u00e9culo XIX, at\u00e9 seus desdobramentos contempor\u00e2neos, verificamos uma variada e complexa rela\u00e7\u00e3o entre o impulso para o novo e a busca de perman\u00eancia, articulada com outras tens\u00f5es e contradi\u00e7\u00f5es entre as tend\u00eancias que caracterizam a arte antiga, definida como tradi\u00e7\u00e3o cl\u00e1ssica, e aquelas que definem a arte moderna.<\/p>\n<p>Os autores dos ensaios deste livro percorrem alguns desses caminhos, buscando compreender alguns aspectos da est\u00e9tica moderna e modernista nas obras de diferentes escritores. (Maria L\u00facia Outeiro Fernandes)<\/p>\n","protected":false},"excerpt":{"rendered":"<p>Segundo Matei Calinescu (1934-2009), a valoriza\u00e7\u00e3o do novo, que fundamenta os conceitos de modernidade e de modernismo, traz impl\u00edcita a ideia de que o passado n\u00e3o tem mais car\u00e1ter normativo, tendo perdido a legitimidade para oferecer modelos ou impor dire\u00e7\u00f5es aos artistas, o que redundou no aparecimento de uma sensibilidade est\u00e9tica alicer\u00e7ada no relativismo hist\u00f3rico [&hellip;]<\/p>\n","protected":false},"featured_media":22670,"comment_status":"open","ping_status":"closed","template":"","meta":{"_joinchat":[]},"product_brand":[],"product_cat":[165,386],"product_tag":[],"class_list":{"0":"post-22672","1":"product","2":"type-product","3":"status-publish","4":"has-post-thumbnail","6":"product_cat-ebook","7":"product_cat-lancamento-e-book","9":"first","10":"instock","11":"downloadable","12":"virtual","13":"purchasable","14":"product-type-simple"},"yoast_head":"<!-- This site is optimized with the Yoast SEO plugin v27.4 - https:\/\/yoast.com\/product\/yoast-seo-wordpress\/ -->\n<title>Literatura e Modernidade: quinze estudos de cr\u00edtica liter\u00e1ria - Pontes Editores<\/title>\n<meta name=\"robots\" content=\"index, follow, max-snippet:-1, max-image-preview:large, max-video-preview:-1\" \/>\n<link rel=\"canonical\" href=\"https:\/\/ponteseditores.com.br\/loja3\/pontes-editores-home-2__trashed\/ebook\/lancamento-e-book\/literatura-e-modernidade-quinze-estudos-de-critica-literaria-2\/\" \/>\n<meta property=\"og:locale\" content=\"pt_BR\" \/>\n<meta property=\"og:type\" content=\"article\" \/>\n<meta property=\"og:title\" content=\"Literatura e Modernidade: quinze estudos de cr\u00edtica liter\u00e1ria - Pontes Editores\" \/>\n<meta property=\"og:description\" content=\"Segundo Matei Calinescu (1934-2009), a valoriza\u00e7\u00e3o do novo, que fundamenta os conceitos de modernidade e de modernismo, traz impl\u00edcita a ideia de que o passado n\u00e3o tem mais car\u00e1ter normativo, tendo perdido a legitimidade para oferecer modelos ou impor dire\u00e7\u00f5es aos artistas, o que redundou no aparecimento de uma sensibilidade est\u00e9tica alicer\u00e7ada no relativismo hist\u00f3rico [&hellip;]\" \/>\n<meta property=\"og:url\" content=\"https:\/\/ponteseditores.com.br\/loja3\/pontes-editores-home-2__trashed\/ebook\/lancamento-e-book\/literatura-e-modernidade-quinze-estudos-de-critica-literaria-2\/\" \/>\n<meta property=\"og:site_name\" content=\"Pontes Editores\" \/>\n<meta property=\"og:image\" content=\"https:\/\/ponteseditores.com.br\/loja3\/wp-content\/uploads\/2025\/03\/Capa_Literatura-e-Modernidade-scaled.jpg\" \/>\n\t<meta property=\"og:image:width\" content=\"1685\" \/>\n\t<meta property=\"og:image:height\" content=\"2560\" \/>\n\t<meta property=\"og:image:type\" content=\"image\/jpeg\" \/>\n<meta name=\"twitter:card\" content=\"summary_large_image\" \/>\n<meta name=\"twitter:label1\" content=\"Est. tempo de leitura\" \/>\n\t<meta name=\"twitter:data1\" content=\"2 minutos\" \/>\n<script type=\"application\/ld+json\" class=\"yoast-schema-graph\">{\"@context\":\"https:\\\/\\\/schema.org\",\"@graph\":[{\"@type\":\"WebPage\",\"@id\":\"https:\\\/\\\/ponteseditores.com.br\\\/loja3\\\/pontes-editores-home-2__trashed\\\/ebook\\\/lancamento-e-book\\\/literatura-e-modernidade-quinze-estudos-de-critica-literaria-2\\\/\",\"url\":\"https:\\\/\\\/ponteseditores.com.br\\\/loja3\\\/pontes-editores-home-2__trashed\\\/ebook\\\/lancamento-e-book\\\/literatura-e-modernidade-quinze-estudos-de-critica-literaria-2\\\/\",\"name\":\"Literatura e Modernidade: quinze estudos de cr\u00edtica liter\u00e1ria - Pontes Editores\",\"isPartOf\":{\"@id\":\"https:\\\/\\\/ponteseditores.com.br\\\/loja3\\\/#website\"},\"primaryImageOfPage\":{\"@id\":\"https:\\\/\\\/ponteseditores.com.br\\\/loja3\\\/pontes-editores-home-2__trashed\\\/ebook\\\/lancamento-e-book\\\/literatura-e-modernidade-quinze-estudos-de-critica-literaria-2\\\/#primaryimage\"},\"image\":{\"@id\":\"https:\\\/\\\/ponteseditores.com.br\\\/loja3\\\/pontes-editores-home-2__trashed\\\/ebook\\\/lancamento-e-book\\\/literatura-e-modernidade-quinze-estudos-de-critica-literaria-2\\\/#primaryimage\"},\"thumbnailUrl\":\"https:\\\/\\\/ponteseditores.com.br\\\/loja3\\\/wp-content\\\/uploads\\\/2025\\\/03\\\/Capa_Literatura-e-Modernidade-scaled.jpg\",\"datePublished\":\"2025-03-10T14:14:52+00:00\",\"breadcrumb\":{\"@id\":\"https:\\\/\\\/ponteseditores.com.br\\\/loja3\\\/pontes-editores-home-2__trashed\\\/ebook\\\/lancamento-e-book\\\/literatura-e-modernidade-quinze-estudos-de-critica-literaria-2\\\/#breadcrumb\"},\"inLanguage\":\"pt-BR\",\"potentialAction\":[{\"@type\":\"ReadAction\",\"target\":[\"https:\\\/\\\/ponteseditores.com.br\\\/loja3\\\/pontes-editores-home-2__trashed\\\/ebook\\\/lancamento-e-book\\\/literatura-e-modernidade-quinze-estudos-de-critica-literaria-2\\\/\"]}]},{\"@type\":\"ImageObject\",\"inLanguage\":\"pt-BR\",\"@id\":\"https:\\\/\\\/ponteseditores.com.br\\\/loja3\\\/pontes-editores-home-2__trashed\\\/ebook\\\/lancamento-e-book\\\/literatura-e-modernidade-quinze-estudos-de-critica-literaria-2\\\/#primaryimage\",\"url\":\"https:\\\/\\\/ponteseditores.com.br\\\/loja3\\\/wp-content\\\/uploads\\\/2025\\\/03\\\/Capa_Literatura-e-Modernidade-scaled.jpg\",\"contentUrl\":\"https:\\\/\\\/ponteseditores.com.br\\\/loja3\\\/wp-content\\\/uploads\\\/2025\\\/03\\\/Capa_Literatura-e-Modernidade-scaled.jpg\",\"width\":1685,\"height\":2560},{\"@type\":\"BreadcrumbList\",\"@id\":\"https:\\\/\\\/ponteseditores.com.br\\\/loja3\\\/pontes-editores-home-2__trashed\\\/ebook\\\/lancamento-e-book\\\/literatura-e-modernidade-quinze-estudos-de-critica-literaria-2\\\/#breadcrumb\",\"itemListElement\":[{\"@type\":\"ListItem\",\"position\":1,\"name\":\"Home\",\"item\":\"https:\\\/\\\/ponteseditores.com.br\\\/loja3\\\/\"},{\"@type\":\"ListItem\",\"position\":2,\"name\":\"loja\",\"item\":\"https:\\\/\\\/ponteseditores.com.br\\\/loja3\\\/loja\\\/\"},{\"@type\":\"ListItem\",\"position\":3,\"name\":\"Literatura e Modernidade: quinze estudos de cr\u00edtica liter\u00e1ria\"}]},{\"@type\":\"WebSite\",\"@id\":\"https:\\\/\\\/ponteseditores.com.br\\\/loja3\\\/#website\",\"url\":\"https:\\\/\\\/ponteseditores.com.br\\\/loja3\\\/\",\"name\":\"Pontes Editores\",\"description\":\"Pontes Editores\",\"publisher\":{\"@id\":\"https:\\\/\\\/ponteseditores.com.br\\\/loja3\\\/#organization\"},\"potentialAction\":[{\"@type\":\"SearchAction\",\"target\":{\"@type\":\"EntryPoint\",\"urlTemplate\":\"https:\\\/\\\/ponteseditores.com.br\\\/loja3\\\/?s={search_term_string}\"},\"query-input\":{\"@type\":\"PropertyValueSpecification\",\"valueRequired\":true,\"valueName\":\"search_term_string\"}}],\"inLanguage\":\"pt-BR\"},{\"@type\":\"Organization\",\"@id\":\"https:\\\/\\\/ponteseditores.com.br\\\/loja3\\\/#organization\",\"name\":\"Pontes Editores\",\"url\":\"https:\\\/\\\/ponteseditores.com.br\\\/loja3\\\/\",\"logo\":{\"@type\":\"ImageObject\",\"inLanguage\":\"pt-BR\",\"@id\":\"https:\\\/\\\/ponteseditores.com.br\\\/loja3\\\/#\\\/schema\\\/logo\\\/image\\\/\",\"url\":\"https:\\\/\\\/ponteseditores.com.br\\\/loja3\\\/wp-content\\\/uploads\\\/2023\\\/12\\\/logo-pontes-editores-v2.png\",\"contentUrl\":\"https:\\\/\\\/ponteseditores.com.br\\\/loja3\\\/wp-content\\\/uploads\\\/2023\\\/12\\\/logo-pontes-editores-v2.png\",\"width\":258,\"height\":100,\"caption\":\"Pontes Editores\"},\"image\":{\"@id\":\"https:\\\/\\\/ponteseditores.com.br\\\/loja3\\\/#\\\/schema\\\/logo\\\/image\\\/\"}}]}<\/script>\n<!-- \/ Yoast SEO plugin. -->","yoast_head_json":{"title":"Literatura e Modernidade: quinze estudos de cr\u00edtica liter\u00e1ria - Pontes Editores","robots":{"index":"index","follow":"follow","max-snippet":"max-snippet:-1","max-image-preview":"max-image-preview:large","max-video-preview":"max-video-preview:-1"},"canonical":"https:\/\/ponteseditores.com.br\/loja3\/pontes-editores-home-2__trashed\/ebook\/lancamento-e-book\/literatura-e-modernidade-quinze-estudos-de-critica-literaria-2\/","og_locale":"pt_BR","og_type":"article","og_title":"Literatura e Modernidade: quinze estudos de cr\u00edtica liter\u00e1ria - Pontes Editores","og_description":"Segundo Matei Calinescu (1934-2009), a valoriza\u00e7\u00e3o do novo, que fundamenta os conceitos de modernidade e de modernismo, traz impl\u00edcita a ideia de que o passado n\u00e3o tem mais car\u00e1ter normativo, tendo perdido a legitimidade para oferecer modelos ou impor dire\u00e7\u00f5es aos artistas, o que redundou no aparecimento de uma sensibilidade est\u00e9tica alicer\u00e7ada no relativismo hist\u00f3rico [&hellip;]","og_url":"https:\/\/ponteseditores.com.br\/loja3\/pontes-editores-home-2__trashed\/ebook\/lancamento-e-book\/literatura-e-modernidade-quinze-estudos-de-critica-literaria-2\/","og_site_name":"Pontes Editores","og_image":[{"width":1685,"height":2560,"url":"https:\/\/ponteseditores.com.br\/loja3\/wp-content\/uploads\/2025\/03\/Capa_Literatura-e-Modernidade-scaled.jpg","type":"image\/jpeg"}],"twitter_card":"summary_large_image","twitter_misc":{"Est. tempo de leitura":"2 minutos"},"schema":{"@context":"https:\/\/schema.org","@graph":[{"@type":"WebPage","@id":"https:\/\/ponteseditores.com.br\/loja3\/pontes-editores-home-2__trashed\/ebook\/lancamento-e-book\/literatura-e-modernidade-quinze-estudos-de-critica-literaria-2\/","url":"https:\/\/ponteseditores.com.br\/loja3\/pontes-editores-home-2__trashed\/ebook\/lancamento-e-book\/literatura-e-modernidade-quinze-estudos-de-critica-literaria-2\/","name":"Literatura e Modernidade: quinze estudos de cr\u00edtica liter\u00e1ria - Pontes Editores","isPartOf":{"@id":"https:\/\/ponteseditores.com.br\/loja3\/#website"},"primaryImageOfPage":{"@id":"https:\/\/ponteseditores.com.br\/loja3\/pontes-editores-home-2__trashed\/ebook\/lancamento-e-book\/literatura-e-modernidade-quinze-estudos-de-critica-literaria-2\/#primaryimage"},"image":{"@id":"https:\/\/ponteseditores.com.br\/loja3\/pontes-editores-home-2__trashed\/ebook\/lancamento-e-book\/literatura-e-modernidade-quinze-estudos-de-critica-literaria-2\/#primaryimage"},"thumbnailUrl":"https:\/\/ponteseditores.com.br\/loja3\/wp-content\/uploads\/2025\/03\/Capa_Literatura-e-Modernidade-scaled.jpg","datePublished":"2025-03-10T14:14:52+00:00","breadcrumb":{"@id":"https:\/\/ponteseditores.com.br\/loja3\/pontes-editores-home-2__trashed\/ebook\/lancamento-e-book\/literatura-e-modernidade-quinze-estudos-de-critica-literaria-2\/#breadcrumb"},"inLanguage":"pt-BR","potentialAction":[{"@type":"ReadAction","target":["https:\/\/ponteseditores.com.br\/loja3\/pontes-editores-home-2__trashed\/ebook\/lancamento-e-book\/literatura-e-modernidade-quinze-estudos-de-critica-literaria-2\/"]}]},{"@type":"ImageObject","inLanguage":"pt-BR","@id":"https:\/\/ponteseditores.com.br\/loja3\/pontes-editores-home-2__trashed\/ebook\/lancamento-e-book\/literatura-e-modernidade-quinze-estudos-de-critica-literaria-2\/#primaryimage","url":"https:\/\/ponteseditores.com.br\/loja3\/wp-content\/uploads\/2025\/03\/Capa_Literatura-e-Modernidade-scaled.jpg","contentUrl":"https:\/\/ponteseditores.com.br\/loja3\/wp-content\/uploads\/2025\/03\/Capa_Literatura-e-Modernidade-scaled.jpg","width":1685,"height":2560},{"@type":"BreadcrumbList","@id":"https:\/\/ponteseditores.com.br\/loja3\/pontes-editores-home-2__trashed\/ebook\/lancamento-e-book\/literatura-e-modernidade-quinze-estudos-de-critica-literaria-2\/#breadcrumb","itemListElement":[{"@type":"ListItem","position":1,"name":"Home","item":"https:\/\/ponteseditores.com.br\/loja3\/"},{"@type":"ListItem","position":2,"name":"loja","item":"https:\/\/ponteseditores.com.br\/loja3\/loja\/"},{"@type":"ListItem","position":3,"name":"Literatura e Modernidade: quinze estudos de cr\u00edtica liter\u00e1ria"}]},{"@type":"WebSite","@id":"https:\/\/ponteseditores.com.br\/loja3\/#website","url":"https:\/\/ponteseditores.com.br\/loja3\/","name":"Pontes Editores","description":"Pontes Editores","publisher":{"@id":"https:\/\/ponteseditores.com.br\/loja3\/#organization"},"potentialAction":[{"@type":"SearchAction","target":{"@type":"EntryPoint","urlTemplate":"https:\/\/ponteseditores.com.br\/loja3\/?s={search_term_string}"},"query-input":{"@type":"PropertyValueSpecification","valueRequired":true,"valueName":"search_term_string"}}],"inLanguage":"pt-BR"},{"@type":"Organization","@id":"https:\/\/ponteseditores.com.br\/loja3\/#organization","name":"Pontes Editores","url":"https:\/\/ponteseditores.com.br\/loja3\/","logo":{"@type":"ImageObject","inLanguage":"pt-BR","@id":"https:\/\/ponteseditores.com.br\/loja3\/#\/schema\/logo\/image\/","url":"https:\/\/ponteseditores.com.br\/loja3\/wp-content\/uploads\/2023\/12\/logo-pontes-editores-v2.png","contentUrl":"https:\/\/ponteseditores.com.br\/loja3\/wp-content\/uploads\/2023\/12\/logo-pontes-editores-v2.png","width":258,"height":100,"caption":"Pontes Editores"},"image":{"@id":"https:\/\/ponteseditores.com.br\/loja3\/#\/schema\/logo\/image\/"}}]}},"_links":{"self":[{"href":"https:\/\/ponteseditores.com.br\/loja3\/wp-json\/wp\/v2\/product\/22672","targetHints":{"allow":["GET"]}}],"collection":[{"href":"https:\/\/ponteseditores.com.br\/loja3\/wp-json\/wp\/v2\/product"}],"about":[{"href":"https:\/\/ponteseditores.com.br\/loja3\/wp-json\/wp\/v2\/types\/product"}],"replies":[{"embeddable":true,"href":"https:\/\/ponteseditores.com.br\/loja3\/wp-json\/wp\/v2\/comments?post=22672"}],"version-history":[{"count":1,"href":"https:\/\/ponteseditores.com.br\/loja3\/wp-json\/wp\/v2\/product\/22672\/revisions"}],"predecessor-version":[{"id":22674,"href":"https:\/\/ponteseditores.com.br\/loja3\/wp-json\/wp\/v2\/product\/22672\/revisions\/22674"}],"wp:featuredmedia":[{"embeddable":true,"href":"https:\/\/ponteseditores.com.br\/loja3\/wp-json\/wp\/v2\/media\/22670"}],"wp:attachment":[{"href":"https:\/\/ponteseditores.com.br\/loja3\/wp-json\/wp\/v2\/media?parent=22672"}],"wp:term":[{"taxonomy":"product_brand","embeddable":true,"href":"https:\/\/ponteseditores.com.br\/loja3\/wp-json\/wp\/v2\/product_brand?post=22672"},{"taxonomy":"product_cat","embeddable":true,"href":"https:\/\/ponteseditores.com.br\/loja3\/wp-json\/wp\/v2\/product_cat?post=22672"},{"taxonomy":"product_tag","embeddable":true,"href":"https:\/\/ponteseditores.com.br\/loja3\/wp-json\/wp\/v2\/product_tag?post=22672"}],"curies":[{"name":"wp","href":"https:\/\/api.w.org\/{rel}","templated":true}]}}