{"id":20084,"date":"2024-12-21T00:40:38","date_gmt":"2024-12-21T03:40:38","guid":{"rendered":"https:\/\/ponteseditores.com.br\/loja3\/?post_type=product&#038;p=20084"},"modified":"2025-01-31T13:40:27","modified_gmt":"2025-01-31T16:40:27","slug":"internacionalizacao-no-ensino-superior-e-formacao-em-linguas-estrangeiras-conceitos-abordagens-metodologicas-e-programas-de-ensino","status":"publish","type":"product","link":"https:\/\/ponteseditores.com.br\/loja3\/pontes-editores-home-2__trashed\/ebook\/lancamento-e-book\/internacionalizacao-no-ensino-superior-e-formacao-em-linguas-estrangeiras-conceitos-abordagens-metodologicas-e-programas-de-ensino\/","title":{"rendered":"Internacionaliza\u00e7\u00e3o no Ensino Superior e forma\u00e7\u00e3o em l\u00ednguas estrangeiras: conceitos, abordagens metodol\u00f3gicas e programas de ensino"},"content":{"rendered":"<p>Este livro \u00e9 fruto da parceria institucional entre a USP e a Universidade Federal de Uberl\u00e2ndia (UFU) e re\u00fane os professores\/pesquisadores que participaram da disciplina de p\u00f3s-gradua\u00e7\u00e3o \u201cInternacionaliza\u00e7\u00e3o no Ensino Superior e Forma\u00e7\u00e3o em L\u00ednguas Estrangeiras: Conceitos, Abordagens Metodol\u00f3gicas e Elabora\u00e7\u00e3o de Programas de Ensino\u201d pelo Programa de P\u00f3s-Gradua\u00e7\u00e3o Letras Estrangeiras e Tradu\u00e7\u00e3o (PPG-LETRA- FFLCH-USP).<\/p>\n<p>As contribui\u00e7\u00f5es de cada cap\u00edtulo se referem \u00e0s reflex\u00f5es e pesquisas realizadas na \u00e1rea do ensino e aprendizagem de l\u00ednguas em diversos contextos institucionais e seus autores discutem as problem\u00e1ticas e quest\u00f5es relacionadas \u00e0 implementa\u00e7\u00e3o de a\u00e7\u00f5es que articulam as rela\u00e7\u00f5es entre Pol\u00edticas Lingu\u00edsticas e Pol\u00edticas de Internacionaliza\u00e7\u00e3o no Ensino Superior. As organizadoras da obra e os docentes da disciplina, membros ativos do Grupo de pesquisa do Cnpq \u00a0GPLIES \u2013 Grupo de Pol\u00edticas Lingu\u00edsticas e de Internacionaliza\u00e7\u00e3o para o Ensino Superior &#8211; destacam a import\u00e2ncia de se criar espa\u00e7os de discuss\u00e3o e de forma\u00e7\u00e3o para fomentar pesquisas na \u00e1rea que contribuam efetivamente para a constru\u00e7\u00e3o de Pol\u00edticas Lingu\u00edsticas e de Internacionaliza\u00e7\u00e3o nas Institui\u00e7\u00f5es de Ensino Superior no Brasil.<\/p>\n<p>A leitura de cada cap\u00edtulo \u00e9 um convite para que cada se sinta implicado nesse movimento e possa integrar redes de reflex\u00e3o e pesquisa na \u00e1rea.<\/p>\n<p>Boa leitura!<\/p>\n","protected":false},"excerpt":{"rendered":"<p>Este livro \u00e9 fruto da parceria institucional entre a USP e a Universidade Federal de Uberl\u00e2ndia (UFU) e re\u00fane os professores\/pesquisadores que participaram da disciplina de p\u00f3s-gradua\u00e7\u00e3o \u201cInternacionaliza\u00e7\u00e3o no Ensino Superior e Forma\u00e7\u00e3o em L\u00ednguas Estrangeiras: Conceitos, Abordagens Metodol\u00f3gicas e Elabora\u00e7\u00e3o de Programas de Ensino\u201d pelo Programa de P\u00f3s-Gradua\u00e7\u00e3o Letras Estrangeiras e Tradu\u00e7\u00e3o (PPG-LETRA- FFLCH-USP). [&hellip;]<\/p>\n","protected":false},"featured_media":20086,"comment_status":"closed","ping_status":"closed","template":"","meta":{"_joinchat":[]},"product_brand":[],"product_cat":[165,108,386],"product_tag":[],"class_list":{"0":"post-20084","1":"product","2":"type-product","3":"status-publish","4":"has-post-thumbnail","6":"product_cat-ebook","7":"product_cat-formacao-de-professores","8":"product_cat-lancamento-e-book","10":"first","11":"instock","12":"downloadable","13":"virtual","14":"purchasable","15":"product-type-simple"},"yoast_head":"<!-- This site is optimized with the Yoast SEO plugin v27.3 - https:\/\/yoast.com\/product\/yoast-seo-wordpress\/ -->\n<title>Internacionaliza\u00e7\u00e3o no Ensino Superior e forma\u00e7\u00e3o em l\u00ednguas estrangeiras: conceitos, abordagens metodol\u00f3gicas e programas de ensino - Pontes Editores<\/title>\n<meta name=\"robots\" content=\"index, follow, max-snippet:-1, max-image-preview:large, max-video-preview:-1\" \/>\n<link rel=\"canonical\" href=\"https:\/\/ponteseditores.com.br\/loja3\/pontes-editores-home-2__trashed\/ebook\/lancamento-e-book\/internacionalizacao-no-ensino-superior-e-formacao-em-linguas-estrangeiras-conceitos-abordagens-metodologicas-e-programas-de-ensino\/\" \/>\n<meta property=\"og:locale\" content=\"pt_BR\" \/>\n<meta property=\"og:type\" content=\"article\" \/>\n<meta property=\"og:title\" content=\"Internacionaliza\u00e7\u00e3o no Ensino Superior e forma\u00e7\u00e3o em l\u00ednguas estrangeiras: conceitos, abordagens metodol\u00f3gicas e programas de ensino - Pontes Editores\" \/>\n<meta property=\"og:description\" content=\"Este livro \u00e9 fruto da parceria institucional entre a USP e a Universidade Federal de Uberl\u00e2ndia (UFU) e re\u00fane os professores\/pesquisadores que participaram da disciplina de p\u00f3s-gradua\u00e7\u00e3o \u201cInternacionaliza\u00e7\u00e3o no Ensino Superior e Forma\u00e7\u00e3o em L\u00ednguas Estrangeiras: Conceitos, Abordagens Metodol\u00f3gicas e Elabora\u00e7\u00e3o de Programas de Ensino\u201d pelo Programa de P\u00f3s-Gradua\u00e7\u00e3o Letras Estrangeiras e Tradu\u00e7\u00e3o (PPG-LETRA- FFLCH-USP). [&hellip;]\" \/>\n<meta property=\"og:url\" content=\"https:\/\/ponteseditores.com.br\/loja3\/pontes-editores-home-2__trashed\/ebook\/lancamento-e-book\/internacionalizacao-no-ensino-superior-e-formacao-em-linguas-estrangeiras-conceitos-abordagens-metodologicas-e-programas-de-ensino\/\" \/>\n<meta property=\"og:site_name\" content=\"Pontes Editores\" \/>\n<meta property=\"article:modified_time\" content=\"2025-01-31T16:40:27+00:00\" \/>\n<meta property=\"og:image\" content=\"https:\/\/ponteseditores.com.br\/loja3\/wp-content\/uploads\/2024\/12\/Capa_Internacionalizacao.jpg\" \/>\n\t<meta property=\"og:image:width\" content=\"1728\" \/>\n\t<meta property=\"og:image:height\" content=\"2443\" \/>\n\t<meta property=\"og:image:type\" content=\"image\/jpeg\" \/>\n<meta name=\"twitter:card\" content=\"summary_large_image\" \/>\n<meta name=\"twitter:label1\" content=\"Est. tempo de leitura\" \/>\n\t<meta name=\"twitter:data1\" content=\"2 minutos\" \/>\n<script type=\"application\/ld+json\" class=\"yoast-schema-graph\">{\"@context\":\"https:\\\/\\\/schema.org\",\"@graph\":[{\"@type\":\"WebPage\",\"@id\":\"https:\\\/\\\/ponteseditores.com.br\\\/loja3\\\/pontes-editores-home-2__trashed\\\/ebook\\\/lancamento-e-book\\\/internacionalizacao-no-ensino-superior-e-formacao-em-linguas-estrangeiras-conceitos-abordagens-metodologicas-e-programas-de-ensino\\\/\",\"url\":\"https:\\\/\\\/ponteseditores.com.br\\\/loja3\\\/pontes-editores-home-2__trashed\\\/ebook\\\/lancamento-e-book\\\/internacionalizacao-no-ensino-superior-e-formacao-em-linguas-estrangeiras-conceitos-abordagens-metodologicas-e-programas-de-ensino\\\/\",\"name\":\"Internacionaliza\u00e7\u00e3o no Ensino Superior e forma\u00e7\u00e3o em l\u00ednguas estrangeiras: conceitos, abordagens metodol\u00f3gicas e programas de ensino - Pontes Editores\",\"isPartOf\":{\"@id\":\"https:\\\/\\\/ponteseditores.com.br\\\/loja3\\\/#website\"},\"primaryImageOfPage\":{\"@id\":\"https:\\\/\\\/ponteseditores.com.br\\\/loja3\\\/pontes-editores-home-2__trashed\\\/ebook\\\/lancamento-e-book\\\/internacionalizacao-no-ensino-superior-e-formacao-em-linguas-estrangeiras-conceitos-abordagens-metodologicas-e-programas-de-ensino\\\/#primaryimage\"},\"image\":{\"@id\":\"https:\\\/\\\/ponteseditores.com.br\\\/loja3\\\/pontes-editores-home-2__trashed\\\/ebook\\\/lancamento-e-book\\\/internacionalizacao-no-ensino-superior-e-formacao-em-linguas-estrangeiras-conceitos-abordagens-metodologicas-e-programas-de-ensino\\\/#primaryimage\"},\"thumbnailUrl\":\"https:\\\/\\\/ponteseditores.com.br\\\/loja3\\\/wp-content\\\/uploads\\\/2024\\\/12\\\/Capa_Internacionalizacao.jpg\",\"datePublished\":\"2024-12-21T03:40:38+00:00\",\"dateModified\":\"2025-01-31T16:40:27+00:00\",\"breadcrumb\":{\"@id\":\"https:\\\/\\\/ponteseditores.com.br\\\/loja3\\\/pontes-editores-home-2__trashed\\\/ebook\\\/lancamento-e-book\\\/internacionalizacao-no-ensino-superior-e-formacao-em-linguas-estrangeiras-conceitos-abordagens-metodologicas-e-programas-de-ensino\\\/#breadcrumb\"},\"inLanguage\":\"pt-BR\",\"potentialAction\":[{\"@type\":\"ReadAction\",\"target\":[\"https:\\\/\\\/ponteseditores.com.br\\\/loja3\\\/pontes-editores-home-2__trashed\\\/ebook\\\/lancamento-e-book\\\/internacionalizacao-no-ensino-superior-e-formacao-em-linguas-estrangeiras-conceitos-abordagens-metodologicas-e-programas-de-ensino\\\/\"]}]},{\"@type\":\"ImageObject\",\"inLanguage\":\"pt-BR\",\"@id\":\"https:\\\/\\\/ponteseditores.com.br\\\/loja3\\\/pontes-editores-home-2__trashed\\\/ebook\\\/lancamento-e-book\\\/internacionalizacao-no-ensino-superior-e-formacao-em-linguas-estrangeiras-conceitos-abordagens-metodologicas-e-programas-de-ensino\\\/#primaryimage\",\"url\":\"https:\\\/\\\/ponteseditores.com.br\\\/loja3\\\/wp-content\\\/uploads\\\/2024\\\/12\\\/Capa_Internacionalizacao.jpg\",\"contentUrl\":\"https:\\\/\\\/ponteseditores.com.br\\\/loja3\\\/wp-content\\\/uploads\\\/2024\\\/12\\\/Capa_Internacionalizacao.jpg\",\"width\":1728,\"height\":2443},{\"@type\":\"BreadcrumbList\",\"@id\":\"https:\\\/\\\/ponteseditores.com.br\\\/loja3\\\/pontes-editores-home-2__trashed\\\/ebook\\\/lancamento-e-book\\\/internacionalizacao-no-ensino-superior-e-formacao-em-linguas-estrangeiras-conceitos-abordagens-metodologicas-e-programas-de-ensino\\\/#breadcrumb\",\"itemListElement\":[{\"@type\":\"ListItem\",\"position\":1,\"name\":\"Home\",\"item\":\"https:\\\/\\\/ponteseditores.com.br\\\/loja3\\\/\"},{\"@type\":\"ListItem\",\"position\":2,\"name\":\"loja\",\"item\":\"https:\\\/\\\/ponteseditores.com.br\\\/loja3\\\/loja\\\/\"},{\"@type\":\"ListItem\",\"position\":3,\"name\":\"Internacionaliza\u00e7\u00e3o no Ensino Superior e forma\u00e7\u00e3o em l\u00ednguas estrangeiras: conceitos, abordagens metodol\u00f3gicas e programas de ensino\"}]},{\"@type\":\"WebSite\",\"@id\":\"https:\\\/\\\/ponteseditores.com.br\\\/loja3\\\/#website\",\"url\":\"https:\\\/\\\/ponteseditores.com.br\\\/loja3\\\/\",\"name\":\"Pontes Editores\",\"description\":\"Pontes Editores\",\"publisher\":{\"@id\":\"https:\\\/\\\/ponteseditores.com.br\\\/loja3\\\/#organization\"},\"potentialAction\":[{\"@type\":\"SearchAction\",\"target\":{\"@type\":\"EntryPoint\",\"urlTemplate\":\"https:\\\/\\\/ponteseditores.com.br\\\/loja3\\\/?s={search_term_string}\"},\"query-input\":{\"@type\":\"PropertyValueSpecification\",\"valueRequired\":true,\"valueName\":\"search_term_string\"}}],\"inLanguage\":\"pt-BR\"},{\"@type\":\"Organization\",\"@id\":\"https:\\\/\\\/ponteseditores.com.br\\\/loja3\\\/#organization\",\"name\":\"Pontes Editores\",\"url\":\"https:\\\/\\\/ponteseditores.com.br\\\/loja3\\\/\",\"logo\":{\"@type\":\"ImageObject\",\"inLanguage\":\"pt-BR\",\"@id\":\"https:\\\/\\\/ponteseditores.com.br\\\/loja3\\\/#\\\/schema\\\/logo\\\/image\\\/\",\"url\":\"https:\\\/\\\/ponteseditores.com.br\\\/loja3\\\/wp-content\\\/uploads\\\/2023\\\/12\\\/logo-pontes-editores-v2.png\",\"contentUrl\":\"https:\\\/\\\/ponteseditores.com.br\\\/loja3\\\/wp-content\\\/uploads\\\/2023\\\/12\\\/logo-pontes-editores-v2.png\",\"width\":258,\"height\":100,\"caption\":\"Pontes Editores\"},\"image\":{\"@id\":\"https:\\\/\\\/ponteseditores.com.br\\\/loja3\\\/#\\\/schema\\\/logo\\\/image\\\/\"}}]}<\/script>\n<!-- \/ Yoast SEO plugin. -->","yoast_head_json":{"title":"Internacionaliza\u00e7\u00e3o no Ensino Superior e forma\u00e7\u00e3o em l\u00ednguas estrangeiras: conceitos, abordagens metodol\u00f3gicas e programas de ensino - Pontes Editores","robots":{"index":"index","follow":"follow","max-snippet":"max-snippet:-1","max-image-preview":"max-image-preview:large","max-video-preview":"max-video-preview:-1"},"canonical":"https:\/\/ponteseditores.com.br\/loja3\/pontes-editores-home-2__trashed\/ebook\/lancamento-e-book\/internacionalizacao-no-ensino-superior-e-formacao-em-linguas-estrangeiras-conceitos-abordagens-metodologicas-e-programas-de-ensino\/","og_locale":"pt_BR","og_type":"article","og_title":"Internacionaliza\u00e7\u00e3o no Ensino Superior e forma\u00e7\u00e3o em l\u00ednguas estrangeiras: conceitos, abordagens metodol\u00f3gicas e programas de ensino - Pontes Editores","og_description":"Este livro \u00e9 fruto da parceria institucional entre a USP e a Universidade Federal de Uberl\u00e2ndia (UFU) e re\u00fane os professores\/pesquisadores que participaram da disciplina de p\u00f3s-gradua\u00e7\u00e3o \u201cInternacionaliza\u00e7\u00e3o no Ensino Superior e Forma\u00e7\u00e3o em L\u00ednguas Estrangeiras: Conceitos, Abordagens Metodol\u00f3gicas e Elabora\u00e7\u00e3o de Programas de Ensino\u201d pelo Programa de P\u00f3s-Gradua\u00e7\u00e3o Letras Estrangeiras e Tradu\u00e7\u00e3o (PPG-LETRA- FFLCH-USP). [&hellip;]","og_url":"https:\/\/ponteseditores.com.br\/loja3\/pontes-editores-home-2__trashed\/ebook\/lancamento-e-book\/internacionalizacao-no-ensino-superior-e-formacao-em-linguas-estrangeiras-conceitos-abordagens-metodologicas-e-programas-de-ensino\/","og_site_name":"Pontes Editores","article_modified_time":"2025-01-31T16:40:27+00:00","og_image":[{"width":1728,"height":2443,"url":"https:\/\/ponteseditores.com.br\/loja3\/wp-content\/uploads\/2024\/12\/Capa_Internacionalizacao.jpg","type":"image\/jpeg"}],"twitter_card":"summary_large_image","twitter_misc":{"Est. tempo de leitura":"2 minutos"},"schema":{"@context":"https:\/\/schema.org","@graph":[{"@type":"WebPage","@id":"https:\/\/ponteseditores.com.br\/loja3\/pontes-editores-home-2__trashed\/ebook\/lancamento-e-book\/internacionalizacao-no-ensino-superior-e-formacao-em-linguas-estrangeiras-conceitos-abordagens-metodologicas-e-programas-de-ensino\/","url":"https:\/\/ponteseditores.com.br\/loja3\/pontes-editores-home-2__trashed\/ebook\/lancamento-e-book\/internacionalizacao-no-ensino-superior-e-formacao-em-linguas-estrangeiras-conceitos-abordagens-metodologicas-e-programas-de-ensino\/","name":"Internacionaliza\u00e7\u00e3o no Ensino Superior e forma\u00e7\u00e3o em l\u00ednguas estrangeiras: conceitos, abordagens metodol\u00f3gicas e programas de ensino - Pontes Editores","isPartOf":{"@id":"https:\/\/ponteseditores.com.br\/loja3\/#website"},"primaryImageOfPage":{"@id":"https:\/\/ponteseditores.com.br\/loja3\/pontes-editores-home-2__trashed\/ebook\/lancamento-e-book\/internacionalizacao-no-ensino-superior-e-formacao-em-linguas-estrangeiras-conceitos-abordagens-metodologicas-e-programas-de-ensino\/#primaryimage"},"image":{"@id":"https:\/\/ponteseditores.com.br\/loja3\/pontes-editores-home-2__trashed\/ebook\/lancamento-e-book\/internacionalizacao-no-ensino-superior-e-formacao-em-linguas-estrangeiras-conceitos-abordagens-metodologicas-e-programas-de-ensino\/#primaryimage"},"thumbnailUrl":"https:\/\/ponteseditores.com.br\/loja3\/wp-content\/uploads\/2024\/12\/Capa_Internacionalizacao.jpg","datePublished":"2024-12-21T03:40:38+00:00","dateModified":"2025-01-31T16:40:27+00:00","breadcrumb":{"@id":"https:\/\/ponteseditores.com.br\/loja3\/pontes-editores-home-2__trashed\/ebook\/lancamento-e-book\/internacionalizacao-no-ensino-superior-e-formacao-em-linguas-estrangeiras-conceitos-abordagens-metodologicas-e-programas-de-ensino\/#breadcrumb"},"inLanguage":"pt-BR","potentialAction":[{"@type":"ReadAction","target":["https:\/\/ponteseditores.com.br\/loja3\/pontes-editores-home-2__trashed\/ebook\/lancamento-e-book\/internacionalizacao-no-ensino-superior-e-formacao-em-linguas-estrangeiras-conceitos-abordagens-metodologicas-e-programas-de-ensino\/"]}]},{"@type":"ImageObject","inLanguage":"pt-BR","@id":"https:\/\/ponteseditores.com.br\/loja3\/pontes-editores-home-2__trashed\/ebook\/lancamento-e-book\/internacionalizacao-no-ensino-superior-e-formacao-em-linguas-estrangeiras-conceitos-abordagens-metodologicas-e-programas-de-ensino\/#primaryimage","url":"https:\/\/ponteseditores.com.br\/loja3\/wp-content\/uploads\/2024\/12\/Capa_Internacionalizacao.jpg","contentUrl":"https:\/\/ponteseditores.com.br\/loja3\/wp-content\/uploads\/2024\/12\/Capa_Internacionalizacao.jpg","width":1728,"height":2443},{"@type":"BreadcrumbList","@id":"https:\/\/ponteseditores.com.br\/loja3\/pontes-editores-home-2__trashed\/ebook\/lancamento-e-book\/internacionalizacao-no-ensino-superior-e-formacao-em-linguas-estrangeiras-conceitos-abordagens-metodologicas-e-programas-de-ensino\/#breadcrumb","itemListElement":[{"@type":"ListItem","position":1,"name":"Home","item":"https:\/\/ponteseditores.com.br\/loja3\/"},{"@type":"ListItem","position":2,"name":"loja","item":"https:\/\/ponteseditores.com.br\/loja3\/loja\/"},{"@type":"ListItem","position":3,"name":"Internacionaliza\u00e7\u00e3o no Ensino Superior e forma\u00e7\u00e3o em l\u00ednguas estrangeiras: conceitos, abordagens metodol\u00f3gicas e programas de ensino"}]},{"@type":"WebSite","@id":"https:\/\/ponteseditores.com.br\/loja3\/#website","url":"https:\/\/ponteseditores.com.br\/loja3\/","name":"Pontes Editores","description":"Pontes Editores","publisher":{"@id":"https:\/\/ponteseditores.com.br\/loja3\/#organization"},"potentialAction":[{"@type":"SearchAction","target":{"@type":"EntryPoint","urlTemplate":"https:\/\/ponteseditores.com.br\/loja3\/?s={search_term_string}"},"query-input":{"@type":"PropertyValueSpecification","valueRequired":true,"valueName":"search_term_string"}}],"inLanguage":"pt-BR"},{"@type":"Organization","@id":"https:\/\/ponteseditores.com.br\/loja3\/#organization","name":"Pontes Editores","url":"https:\/\/ponteseditores.com.br\/loja3\/","logo":{"@type":"ImageObject","inLanguage":"pt-BR","@id":"https:\/\/ponteseditores.com.br\/loja3\/#\/schema\/logo\/image\/","url":"https:\/\/ponteseditores.com.br\/loja3\/wp-content\/uploads\/2023\/12\/logo-pontes-editores-v2.png","contentUrl":"https:\/\/ponteseditores.com.br\/loja3\/wp-content\/uploads\/2023\/12\/logo-pontes-editores-v2.png","width":258,"height":100,"caption":"Pontes Editores"},"image":{"@id":"https:\/\/ponteseditores.com.br\/loja3\/#\/schema\/logo\/image\/"}}]}},"_links":{"self":[{"href":"https:\/\/ponteseditores.com.br\/loja3\/wp-json\/wp\/v2\/product\/20084","targetHints":{"allow":["GET"]}}],"collection":[{"href":"https:\/\/ponteseditores.com.br\/loja3\/wp-json\/wp\/v2\/product"}],"about":[{"href":"https:\/\/ponteseditores.com.br\/loja3\/wp-json\/wp\/v2\/types\/product"}],"replies":[{"embeddable":true,"href":"https:\/\/ponteseditores.com.br\/loja3\/wp-json\/wp\/v2\/comments?post=20084"}],"version-history":[{"count":4,"href":"https:\/\/ponteseditores.com.br\/loja3\/wp-json\/wp\/v2\/product\/20084\/revisions"}],"predecessor-version":[{"id":20091,"href":"https:\/\/ponteseditores.com.br\/loja3\/wp-json\/wp\/v2\/product\/20084\/revisions\/20091"}],"wp:featuredmedia":[{"embeddable":true,"href":"https:\/\/ponteseditores.com.br\/loja3\/wp-json\/wp\/v2\/media\/20086"}],"wp:attachment":[{"href":"https:\/\/ponteseditores.com.br\/loja3\/wp-json\/wp\/v2\/media?parent=20084"}],"wp:term":[{"taxonomy":"product_brand","embeddable":true,"href":"https:\/\/ponteseditores.com.br\/loja3\/wp-json\/wp\/v2\/product_brand?post=20084"},{"taxonomy":"product_cat","embeddable":true,"href":"https:\/\/ponteseditores.com.br\/loja3\/wp-json\/wp\/v2\/product_cat?post=20084"},{"taxonomy":"product_tag","embeddable":true,"href":"https:\/\/ponteseditores.com.br\/loja3\/wp-json\/wp\/v2\/product_tag?post=20084"}],"curies":[{"name":"wp","href":"https:\/\/api.w.org\/{rel}","templated":true}]}}