{"id":19091,"date":"2024-12-04T13:01:23","date_gmt":"2024-12-04T16:01:23","guid":{"rendered":"https:\/\/ponteseditores.com.br\/loja3\/?post_type=product&#038;p=19091"},"modified":"2024-12-11T14:25:13","modified_gmt":"2024-12-11T17:25:13","slug":"questoes-etnico-raciais-e-os-caminhos-para-uma-educacao-antirracista","status":"publish","type":"product","link":"https:\/\/ponteseditores.com.br\/loja3\/pontes-editores-home-2__trashed\/ebook\/lancamento-e-book\/questoes-etnico-raciais-e-os-caminhos-para-uma-educacao-antirracista\/","title":{"rendered":"Quest\u00f5es \u00e9tnico-raciais e os caminhos para uma educa\u00e7\u00e3o antirracista"},"content":{"rendered":"<p>O e-book \u201cQuest\u00f5es \u00e9tnico-raciais e os caminhos para uma educa\u00e7\u00e3o antirracista\u201d \u00e9 resultado de uma longa jornada de reflex\u00f5es, encontros, parcerias, leituras e viv\u00eancias. As realidades sociais e hist\u00f3ricas que marcam o<br \/>\nterrit\u00f3rio brasileiro, sobretudo, nos colocam (quase que permanentemente) num ciclone de eventos que desafiam nosso pensar e que nos mobilizam a reservar um tempo para processar as densas, permanentes e incont\u00e1veis pr\u00e1ticas sociais que envolvem as quest\u00f5es \u00e9tnico-raciais.<\/p>\n<p>De forma que \u00e9 imposs\u00edvel pensar o Brasil e sua democracia sem colocar o racismo no centro dessa reflex\u00e3o. As problem\u00e1ticas e as discuss\u00f5es permanecem atuais. Esse e-book tem por caracter\u00edstica fornecer um panorama interessante e frut\u00edfero por meio de uma rede interdisciplinar, pois o tema central aqui proposto envolve diversas sobreposi\u00e7\u00f5es, n\u00e3o apenas \u00e9tnicas, hist\u00f3ricas, culturais e econ\u00f4micas, como legais e te\u00f3ricas.<\/p>\n<p>Colocar \u00e0 disposi\u00e7\u00e3o do p\u00fablico leitor esse e-book, estruturado em 10 cap\u00edtulos, com participa\u00e7\u00e3o de 14 pesquisadoras\/es e 10 institui\u00e7\u00f5es, \u00e9 oferecer um rico trabalho de pesquisadoras\/es que contribuem de maneira relevante para que essas reflex\u00f5es e conhecimentos sejam disseminados e atinjam um p\u00fablico cada vez mais amplo.<\/p>\n<p>Os temas que norteiam os cap\u00edtulos buscam contemplar os diversos desafios do enfrentamento ao racismo e m\u00faltiplas formas de resist\u00eancia, e buscam incorporar esse contingente de reflex\u00f5es na dire\u00e7\u00e3o de uma educa\u00e7\u00e3o antirracista.<\/p>\n<p>O e-book Quest\u00f5es \u00e9tnico-raciais e os caminhos para uma educa\u00e7\u00e3o antirracista tamb\u00e9m \u00e9 permeado por reflex\u00f5es pautadas nas experi\u00eancias educacionais das autoras e dos autores. De forma que os trabalhos conseguem descrever, n\u00e3o apenas as pr\u00e1ticas racistas que ainda nos rodam, mas apresentar como pr\u00e1ticas pedag\u00f3gicas efetivas podem ser antirracistas.<\/p>\n","protected":false},"excerpt":{"rendered":"<p>O e-book \u201cQuest\u00f5es \u00e9tnico-raciais e os caminhos para uma educa\u00e7\u00e3o antirracista\u201d \u00e9 resultado de uma longa jornada de reflex\u00f5es, encontros, parcerias, leituras e viv\u00eancias. As realidades sociais e hist\u00f3ricas que marcam o territ\u00f3rio brasileiro, sobretudo, nos colocam (quase que permanentemente) num ciclone de eventos que desafiam nosso pensar e que nos mobilizam a reservar um [&hellip;]<\/p>\n","protected":false},"featured_media":19094,"comment_status":"open","ping_status":"closed","template":"","meta":{"_joinchat":[]},"product_brand":[],"product_cat":[165,386],"product_tag":[],"class_list":{"0":"post-19091","1":"product","2":"type-product","3":"status-publish","4":"has-post-thumbnail","6":"product_cat-ebook","7":"product_cat-lancamento-e-book","9":"first","10":"instock","11":"downloadable","12":"virtual","13":"purchasable","14":"product-type-simple"},"yoast_head":"<!-- This site is optimized with the Yoast SEO plugin v27.4 - https:\/\/yoast.com\/product\/yoast-seo-wordpress\/ -->\n<title>Quest\u00f5es \u00e9tnico-raciais e os caminhos para uma educa\u00e7\u00e3o antirracista - Pontes Editores<\/title>\n<meta name=\"robots\" content=\"index, follow, max-snippet:-1, max-image-preview:large, max-video-preview:-1\" \/>\n<link rel=\"canonical\" href=\"https:\/\/ponteseditores.com.br\/loja3\/pontes-editores-home-2__trashed\/ebook\/lancamento-e-book\/questoes-etnico-raciais-e-os-caminhos-para-uma-educacao-antirracista\/\" \/>\n<meta property=\"og:locale\" content=\"pt_BR\" \/>\n<meta property=\"og:type\" content=\"article\" \/>\n<meta property=\"og:title\" content=\"Quest\u00f5es \u00e9tnico-raciais e os caminhos para uma educa\u00e7\u00e3o antirracista - Pontes Editores\" \/>\n<meta property=\"og:description\" content=\"O e-book \u201cQuest\u00f5es \u00e9tnico-raciais e os caminhos para uma educa\u00e7\u00e3o antirracista\u201d \u00e9 resultado de uma longa jornada de reflex\u00f5es, encontros, parcerias, leituras e viv\u00eancias. As realidades sociais e hist\u00f3ricas que marcam o territ\u00f3rio brasileiro, sobretudo, nos colocam (quase que permanentemente) num ciclone de eventos que desafiam nosso pensar e que nos mobilizam a reservar um [&hellip;]\" \/>\n<meta property=\"og:url\" content=\"https:\/\/ponteseditores.com.br\/loja3\/pontes-editores-home-2__trashed\/ebook\/lancamento-e-book\/questoes-etnico-raciais-e-os-caminhos-para-uma-educacao-antirracista\/\" \/>\n<meta property=\"og:site_name\" content=\"Pontes Editores\" \/>\n<meta property=\"article:modified_time\" content=\"2024-12-11T17:25:13+00:00\" \/>\n<meta property=\"og:image\" content=\"https:\/\/ponteseditores.com.br\/loja3\/wp-content\/uploads\/2024\/12\/capa-QUESTOES-ETNICO-RACIAIS-em-baixa.jpg\" \/>\n\t<meta property=\"og:image:width\" content=\"945\" \/>\n\t<meta property=\"og:image:height\" content=\"1358\" \/>\n\t<meta property=\"og:image:type\" content=\"image\/jpeg\" \/>\n<meta name=\"twitter:card\" content=\"summary_large_image\" \/>\n<meta name=\"twitter:label1\" content=\"Est. tempo de leitura\" \/>\n\t<meta name=\"twitter:data1\" content=\"2 minutos\" \/>\n<script type=\"application\/ld+json\" class=\"yoast-schema-graph\">{\"@context\":\"https:\\\/\\\/schema.org\",\"@graph\":[{\"@type\":\"WebPage\",\"@id\":\"https:\\\/\\\/ponteseditores.com.br\\\/loja3\\\/pontes-editores-home-2__trashed\\\/ebook\\\/lancamento-e-book\\\/questoes-etnico-raciais-e-os-caminhos-para-uma-educacao-antirracista\\\/\",\"url\":\"https:\\\/\\\/ponteseditores.com.br\\\/loja3\\\/pontes-editores-home-2__trashed\\\/ebook\\\/lancamento-e-book\\\/questoes-etnico-raciais-e-os-caminhos-para-uma-educacao-antirracista\\\/\",\"name\":\"Quest\u00f5es \u00e9tnico-raciais e os caminhos para uma educa\u00e7\u00e3o antirracista - Pontes Editores\",\"isPartOf\":{\"@id\":\"https:\\\/\\\/ponteseditores.com.br\\\/loja3\\\/#website\"},\"primaryImageOfPage\":{\"@id\":\"https:\\\/\\\/ponteseditores.com.br\\\/loja3\\\/pontes-editores-home-2__trashed\\\/ebook\\\/lancamento-e-book\\\/questoes-etnico-raciais-e-os-caminhos-para-uma-educacao-antirracista\\\/#primaryimage\"},\"image\":{\"@id\":\"https:\\\/\\\/ponteseditores.com.br\\\/loja3\\\/pontes-editores-home-2__trashed\\\/ebook\\\/lancamento-e-book\\\/questoes-etnico-raciais-e-os-caminhos-para-uma-educacao-antirracista\\\/#primaryimage\"},\"thumbnailUrl\":\"https:\\\/\\\/ponteseditores.com.br\\\/loja3\\\/wp-content\\\/uploads\\\/2024\\\/12\\\/capa-QUESTOES-ETNICO-RACIAIS-em-baixa.jpg\",\"datePublished\":\"2024-12-04T16:01:23+00:00\",\"dateModified\":\"2024-12-11T17:25:13+00:00\",\"breadcrumb\":{\"@id\":\"https:\\\/\\\/ponteseditores.com.br\\\/loja3\\\/pontes-editores-home-2__trashed\\\/ebook\\\/lancamento-e-book\\\/questoes-etnico-raciais-e-os-caminhos-para-uma-educacao-antirracista\\\/#breadcrumb\"},\"inLanguage\":\"pt-BR\",\"potentialAction\":[{\"@type\":\"ReadAction\",\"target\":[\"https:\\\/\\\/ponteseditores.com.br\\\/loja3\\\/pontes-editores-home-2__trashed\\\/ebook\\\/lancamento-e-book\\\/questoes-etnico-raciais-e-os-caminhos-para-uma-educacao-antirracista\\\/\"]}]},{\"@type\":\"ImageObject\",\"inLanguage\":\"pt-BR\",\"@id\":\"https:\\\/\\\/ponteseditores.com.br\\\/loja3\\\/pontes-editores-home-2__trashed\\\/ebook\\\/lancamento-e-book\\\/questoes-etnico-raciais-e-os-caminhos-para-uma-educacao-antirracista\\\/#primaryimage\",\"url\":\"https:\\\/\\\/ponteseditores.com.br\\\/loja3\\\/wp-content\\\/uploads\\\/2024\\\/12\\\/capa-QUESTOES-ETNICO-RACIAIS-em-baixa.jpg\",\"contentUrl\":\"https:\\\/\\\/ponteseditores.com.br\\\/loja3\\\/wp-content\\\/uploads\\\/2024\\\/12\\\/capa-QUESTOES-ETNICO-RACIAIS-em-baixa.jpg\",\"width\":945,\"height\":1358},{\"@type\":\"BreadcrumbList\",\"@id\":\"https:\\\/\\\/ponteseditores.com.br\\\/loja3\\\/pontes-editores-home-2__trashed\\\/ebook\\\/lancamento-e-book\\\/questoes-etnico-raciais-e-os-caminhos-para-uma-educacao-antirracista\\\/#breadcrumb\",\"itemListElement\":[{\"@type\":\"ListItem\",\"position\":1,\"name\":\"Home\",\"item\":\"https:\\\/\\\/ponteseditores.com.br\\\/loja3\\\/\"},{\"@type\":\"ListItem\",\"position\":2,\"name\":\"loja\",\"item\":\"https:\\\/\\\/ponteseditores.com.br\\\/loja3\\\/loja\\\/\"},{\"@type\":\"ListItem\",\"position\":3,\"name\":\"Quest\u00f5es \u00e9tnico-raciais e os caminhos para uma educa\u00e7\u00e3o antirracista\"}]},{\"@type\":\"WebSite\",\"@id\":\"https:\\\/\\\/ponteseditores.com.br\\\/loja3\\\/#website\",\"url\":\"https:\\\/\\\/ponteseditores.com.br\\\/loja3\\\/\",\"name\":\"Pontes Editores\",\"description\":\"Pontes Editores\",\"publisher\":{\"@id\":\"https:\\\/\\\/ponteseditores.com.br\\\/loja3\\\/#organization\"},\"potentialAction\":[{\"@type\":\"SearchAction\",\"target\":{\"@type\":\"EntryPoint\",\"urlTemplate\":\"https:\\\/\\\/ponteseditores.com.br\\\/loja3\\\/?s={search_term_string}\"},\"query-input\":{\"@type\":\"PropertyValueSpecification\",\"valueRequired\":true,\"valueName\":\"search_term_string\"}}],\"inLanguage\":\"pt-BR\"},{\"@type\":\"Organization\",\"@id\":\"https:\\\/\\\/ponteseditores.com.br\\\/loja3\\\/#organization\",\"name\":\"Pontes Editores\",\"url\":\"https:\\\/\\\/ponteseditores.com.br\\\/loja3\\\/\",\"logo\":{\"@type\":\"ImageObject\",\"inLanguage\":\"pt-BR\",\"@id\":\"https:\\\/\\\/ponteseditores.com.br\\\/loja3\\\/#\\\/schema\\\/logo\\\/image\\\/\",\"url\":\"https:\\\/\\\/ponteseditores.com.br\\\/loja3\\\/wp-content\\\/uploads\\\/2023\\\/12\\\/logo-pontes-editores-v2.png\",\"contentUrl\":\"https:\\\/\\\/ponteseditores.com.br\\\/loja3\\\/wp-content\\\/uploads\\\/2023\\\/12\\\/logo-pontes-editores-v2.png\",\"width\":258,\"height\":100,\"caption\":\"Pontes Editores\"},\"image\":{\"@id\":\"https:\\\/\\\/ponteseditores.com.br\\\/loja3\\\/#\\\/schema\\\/logo\\\/image\\\/\"}}]}<\/script>\n<!-- \/ Yoast SEO plugin. -->","yoast_head_json":{"title":"Quest\u00f5es \u00e9tnico-raciais e os caminhos para uma educa\u00e7\u00e3o antirracista - Pontes Editores","robots":{"index":"index","follow":"follow","max-snippet":"max-snippet:-1","max-image-preview":"max-image-preview:large","max-video-preview":"max-video-preview:-1"},"canonical":"https:\/\/ponteseditores.com.br\/loja3\/pontes-editores-home-2__trashed\/ebook\/lancamento-e-book\/questoes-etnico-raciais-e-os-caminhos-para-uma-educacao-antirracista\/","og_locale":"pt_BR","og_type":"article","og_title":"Quest\u00f5es \u00e9tnico-raciais e os caminhos para uma educa\u00e7\u00e3o antirracista - Pontes Editores","og_description":"O e-book \u201cQuest\u00f5es \u00e9tnico-raciais e os caminhos para uma educa\u00e7\u00e3o antirracista\u201d \u00e9 resultado de uma longa jornada de reflex\u00f5es, encontros, parcerias, leituras e viv\u00eancias. As realidades sociais e hist\u00f3ricas que marcam o territ\u00f3rio brasileiro, sobretudo, nos colocam (quase que permanentemente) num ciclone de eventos que desafiam nosso pensar e que nos mobilizam a reservar um [&hellip;]","og_url":"https:\/\/ponteseditores.com.br\/loja3\/pontes-editores-home-2__trashed\/ebook\/lancamento-e-book\/questoes-etnico-raciais-e-os-caminhos-para-uma-educacao-antirracista\/","og_site_name":"Pontes Editores","article_modified_time":"2024-12-11T17:25:13+00:00","og_image":[{"width":945,"height":1358,"url":"https:\/\/ponteseditores.com.br\/loja3\/wp-content\/uploads\/2024\/12\/capa-QUESTOES-ETNICO-RACIAIS-em-baixa.jpg","type":"image\/jpeg"}],"twitter_card":"summary_large_image","twitter_misc":{"Est. tempo de leitura":"2 minutos"},"schema":{"@context":"https:\/\/schema.org","@graph":[{"@type":"WebPage","@id":"https:\/\/ponteseditores.com.br\/loja3\/pontes-editores-home-2__trashed\/ebook\/lancamento-e-book\/questoes-etnico-raciais-e-os-caminhos-para-uma-educacao-antirracista\/","url":"https:\/\/ponteseditores.com.br\/loja3\/pontes-editores-home-2__trashed\/ebook\/lancamento-e-book\/questoes-etnico-raciais-e-os-caminhos-para-uma-educacao-antirracista\/","name":"Quest\u00f5es \u00e9tnico-raciais e os caminhos para uma educa\u00e7\u00e3o antirracista - Pontes Editores","isPartOf":{"@id":"https:\/\/ponteseditores.com.br\/loja3\/#website"},"primaryImageOfPage":{"@id":"https:\/\/ponteseditores.com.br\/loja3\/pontes-editores-home-2__trashed\/ebook\/lancamento-e-book\/questoes-etnico-raciais-e-os-caminhos-para-uma-educacao-antirracista\/#primaryimage"},"image":{"@id":"https:\/\/ponteseditores.com.br\/loja3\/pontes-editores-home-2__trashed\/ebook\/lancamento-e-book\/questoes-etnico-raciais-e-os-caminhos-para-uma-educacao-antirracista\/#primaryimage"},"thumbnailUrl":"https:\/\/ponteseditores.com.br\/loja3\/wp-content\/uploads\/2024\/12\/capa-QUESTOES-ETNICO-RACIAIS-em-baixa.jpg","datePublished":"2024-12-04T16:01:23+00:00","dateModified":"2024-12-11T17:25:13+00:00","breadcrumb":{"@id":"https:\/\/ponteseditores.com.br\/loja3\/pontes-editores-home-2__trashed\/ebook\/lancamento-e-book\/questoes-etnico-raciais-e-os-caminhos-para-uma-educacao-antirracista\/#breadcrumb"},"inLanguage":"pt-BR","potentialAction":[{"@type":"ReadAction","target":["https:\/\/ponteseditores.com.br\/loja3\/pontes-editores-home-2__trashed\/ebook\/lancamento-e-book\/questoes-etnico-raciais-e-os-caminhos-para-uma-educacao-antirracista\/"]}]},{"@type":"ImageObject","inLanguage":"pt-BR","@id":"https:\/\/ponteseditores.com.br\/loja3\/pontes-editores-home-2__trashed\/ebook\/lancamento-e-book\/questoes-etnico-raciais-e-os-caminhos-para-uma-educacao-antirracista\/#primaryimage","url":"https:\/\/ponteseditores.com.br\/loja3\/wp-content\/uploads\/2024\/12\/capa-QUESTOES-ETNICO-RACIAIS-em-baixa.jpg","contentUrl":"https:\/\/ponteseditores.com.br\/loja3\/wp-content\/uploads\/2024\/12\/capa-QUESTOES-ETNICO-RACIAIS-em-baixa.jpg","width":945,"height":1358},{"@type":"BreadcrumbList","@id":"https:\/\/ponteseditores.com.br\/loja3\/pontes-editores-home-2__trashed\/ebook\/lancamento-e-book\/questoes-etnico-raciais-e-os-caminhos-para-uma-educacao-antirracista\/#breadcrumb","itemListElement":[{"@type":"ListItem","position":1,"name":"Home","item":"https:\/\/ponteseditores.com.br\/loja3\/"},{"@type":"ListItem","position":2,"name":"loja","item":"https:\/\/ponteseditores.com.br\/loja3\/loja\/"},{"@type":"ListItem","position":3,"name":"Quest\u00f5es \u00e9tnico-raciais e os caminhos para uma educa\u00e7\u00e3o antirracista"}]},{"@type":"WebSite","@id":"https:\/\/ponteseditores.com.br\/loja3\/#website","url":"https:\/\/ponteseditores.com.br\/loja3\/","name":"Pontes Editores","description":"Pontes Editores","publisher":{"@id":"https:\/\/ponteseditores.com.br\/loja3\/#organization"},"potentialAction":[{"@type":"SearchAction","target":{"@type":"EntryPoint","urlTemplate":"https:\/\/ponteseditores.com.br\/loja3\/?s={search_term_string}"},"query-input":{"@type":"PropertyValueSpecification","valueRequired":true,"valueName":"search_term_string"}}],"inLanguage":"pt-BR"},{"@type":"Organization","@id":"https:\/\/ponteseditores.com.br\/loja3\/#organization","name":"Pontes Editores","url":"https:\/\/ponteseditores.com.br\/loja3\/","logo":{"@type":"ImageObject","inLanguage":"pt-BR","@id":"https:\/\/ponteseditores.com.br\/loja3\/#\/schema\/logo\/image\/","url":"https:\/\/ponteseditores.com.br\/loja3\/wp-content\/uploads\/2023\/12\/logo-pontes-editores-v2.png","contentUrl":"https:\/\/ponteseditores.com.br\/loja3\/wp-content\/uploads\/2023\/12\/logo-pontes-editores-v2.png","width":258,"height":100,"caption":"Pontes Editores"},"image":{"@id":"https:\/\/ponteseditores.com.br\/loja3\/#\/schema\/logo\/image\/"}}]}},"_links":{"self":[{"href":"https:\/\/ponteseditores.com.br\/loja3\/wp-json\/wp\/v2\/product\/19091","targetHints":{"allow":["GET"]}}],"collection":[{"href":"https:\/\/ponteseditores.com.br\/loja3\/wp-json\/wp\/v2\/product"}],"about":[{"href":"https:\/\/ponteseditores.com.br\/loja3\/wp-json\/wp\/v2\/types\/product"}],"replies":[{"embeddable":true,"href":"https:\/\/ponteseditores.com.br\/loja3\/wp-json\/wp\/v2\/comments?post=19091"}],"version-history":[{"count":2,"href":"https:\/\/ponteseditores.com.br\/loja3\/wp-json\/wp\/v2\/product\/19091\/revisions"}],"predecessor-version":[{"id":19453,"href":"https:\/\/ponteseditores.com.br\/loja3\/wp-json\/wp\/v2\/product\/19091\/revisions\/19453"}],"wp:featuredmedia":[{"embeddable":true,"href":"https:\/\/ponteseditores.com.br\/loja3\/wp-json\/wp\/v2\/media\/19094"}],"wp:attachment":[{"href":"https:\/\/ponteseditores.com.br\/loja3\/wp-json\/wp\/v2\/media?parent=19091"}],"wp:term":[{"taxonomy":"product_brand","embeddable":true,"href":"https:\/\/ponteseditores.com.br\/loja3\/wp-json\/wp\/v2\/product_brand?post=19091"},{"taxonomy":"product_cat","embeddable":true,"href":"https:\/\/ponteseditores.com.br\/loja3\/wp-json\/wp\/v2\/product_cat?post=19091"},{"taxonomy":"product_tag","embeddable":true,"href":"https:\/\/ponteseditores.com.br\/loja3\/wp-json\/wp\/v2\/product_tag?post=19091"}],"curies":[{"name":"wp","href":"https:\/\/api.w.org\/{rel}","templated":true}]}}