{"id":179,"date":"2023-12-04T17:53:42","date_gmt":"2023-12-04T17:53:42","guid":{"rendered":"https:\/\/ponteseditores.com.br\/loja3\/?post_type=product&#038;p=179"},"modified":"2023-12-11T01:47:59","modified_gmt":"2023-12-11T04:47:59","slug":"a-bncc-e-o-ensino-de-linguas-e-literaturas","status":"publish","type":"product","link":"https:\/\/ponteseditores.com.br\/loja3\/pontes-editores-home-2__trashed\/linguagem\/a-bncc-e-o-ensino-de-linguas-e-literaturas\/","title":{"rendered":"A BNCC E O ENSINO DE L\u00cdNGUAS E LITERATURAS"},"content":{"rendered":"<p class=\"p1\">Este livro discute a Base Nacional Comum Curricular, planejada desde a promulga\u00e7\u00e3o da Lei de Diretrizes e Bases da Educa\u00e7\u00e3o de 1996, preparada por grupos arregimentados em governos passa, dos e agora entregue para efetiva implen1cnta\u00e7\u00e3o. Propomo-nos ao di\u00e1logo sobre algumas de suas premissas e proposi\u00e7\u00f5es relativamente ao campo de interesse e pesquisa dos autores \u2013 os estudos em l\u00ednguas e literatura \u2013, identificando os dom\u00ednios de pensabilidade em que os conte\u00fados da BNCC se inserem. Tr\u00eas anos depois da publica\u00e7\u00e3o da primeira edi\u00e7\u00e3o deste livro, a Base Nacional Comum Curricular (BNCC) est\u00e1 cada vez mais presente nas salas de aula e em discuss\u00f5es educacionais no Brasil. Na pr\u00e1tica educativa, materiais did\u00e1ticos aprovados pelo Programa Nacional do Livro Did\u00e1tico (PNLD) t\u00eam sido avaliados tendo a BNCC como par\u00e2metro. Institutos p\u00fablicos e, principalmente, privados t\u00eam ofertado cursos de atualiza\u00e7\u00e3o para professores sobre \u201ccomo trabalhar com a Base\u201d, como se diz comumente. Pelas redes, encontramos em plataformas como o YouTube centenas de v\u00eddeos sobre a BNCC. Esses e outros ind\u00edcios nos permitem enxergar a penetra\u00e7\u00e3o devagar, mas constante, desse documento na educa\u00e7\u00e3o b\u00e1sica brasileira.<\/p>\n","protected":false},"excerpt":{"rendered":"<p>Este livro discute a Base Nacional Comum Curricular, planejada desde a promulga\u00e7\u00e3o da Lei de Diretrizes e Bases da Educa\u00e7\u00e3o de 1996, preparada por grupos arregimentados em governos passa, dos e agora entregue para efetiva implen1cnta\u00e7\u00e3o. Propomo-nos ao di\u00e1logo sobre algumas de suas premissas e proposi\u00e7\u00f5es relativamente ao campo de interesse e pesquisa dos autores \u2013 os estudos em l\u00ednguas e literatura<\/p>\n","protected":false},"featured_media":107,"comment_status":"open","ping_status":"closed","template":"","meta":{"_joinchat":[]},"product_brand":[],"product_cat":[59,53,61],"product_tag":[],"class_list":{"0":"post-179","1":"product","2":"type-product","3":"status-publish","4":"has-post-thumbnail","6":"product_cat-didatica","7":"product_cat-linguagem","8":"product_cat-pedagogia","10":"first","11":"instock","12":"shipping-taxable","13":"purchasable","14":"product-type-simple"},"yoast_head":"<!-- This site is optimized with the Yoast SEO plugin v27.4 - https:\/\/yoast.com\/product\/yoast-seo-wordpress\/ -->\n<title>A BNCC E O ENSINO DE L\u00cdNGUAS E LITERATURAS - Pontes Editores<\/title>\n<meta name=\"robots\" content=\"index, follow, max-snippet:-1, max-image-preview:large, max-video-preview:-1\" \/>\n<link rel=\"canonical\" href=\"https:\/\/ponteseditores.com.br\/loja3\/pontes-editores-home-2__trashed\/linguagem\/a-bncc-e-o-ensino-de-linguas-e-literaturas\/\" \/>\n<meta property=\"og:locale\" content=\"pt_BR\" \/>\n<meta property=\"og:type\" content=\"article\" \/>\n<meta property=\"og:title\" content=\"A BNCC E O ENSINO DE L\u00cdNGUAS E LITERATURAS - Pontes Editores\" \/>\n<meta property=\"og:description\" content=\"Este livro discute a Base Nacional Comum Curricular, planejada desde a promulga\u00e7\u00e3o da Lei de Diretrizes e Bases da Educa\u00e7\u00e3o de 1996, preparada por grupos arregimentados em governos passa, dos e agora entregue para efetiva implen1cnta\u00e7\u00e3o. Propomo-nos ao di\u00e1logo sobre algumas de suas premissas e proposi\u00e7\u00f5es relativamente ao campo de interesse e pesquisa dos autores \u2013 os estudos em l\u00ednguas e literatura\" \/>\n<meta property=\"og:url\" content=\"https:\/\/ponteseditores.com.br\/loja3\/pontes-editores-home-2__trashed\/linguagem\/a-bncc-e-o-ensino-de-linguas-e-literaturas\/\" \/>\n<meta property=\"og:site_name\" content=\"Pontes Editores\" \/>\n<meta property=\"article:modified_time\" content=\"2023-12-11T04:47:59+00:00\" \/>\n<meta property=\"og:image\" content=\"https:\/\/ponteseditores.com.br\/loja3\/wp-content\/uploads\/2023\/12\/a-bncc-e-o-ensino-de-linguas-e-literaturas-2-edi\u2021\u05b6o-capa-.jpg\" \/>\n\t<meta property=\"og:image:width\" content=\"567\" \/>\n\t<meta property=\"og:image:height\" content=\"802\" \/>\n\t<meta property=\"og:image:type\" content=\"image\/jpeg\" \/>\n<meta name=\"twitter:card\" content=\"summary_large_image\" \/>\n<meta name=\"twitter:label1\" content=\"Est. tempo de leitura\" \/>\n\t<meta name=\"twitter:data1\" content=\"2 minutos\" \/>\n<script type=\"application\/ld+json\" class=\"yoast-schema-graph\">{\"@context\":\"https:\\\/\\\/schema.org\",\"@graph\":[{\"@type\":\"WebPage\",\"@id\":\"https:\\\/\\\/ponteseditores.com.br\\\/loja3\\\/pontes-editores-home-2__trashed\\\/linguagem\\\/a-bncc-e-o-ensino-de-linguas-e-literaturas\\\/\",\"url\":\"https:\\\/\\\/ponteseditores.com.br\\\/loja3\\\/pontes-editores-home-2__trashed\\\/linguagem\\\/a-bncc-e-o-ensino-de-linguas-e-literaturas\\\/\",\"name\":\"A BNCC E O ENSINO DE L\u00cdNGUAS E LITERATURAS - Pontes Editores\",\"isPartOf\":{\"@id\":\"https:\\\/\\\/ponteseditores.com.br\\\/loja3\\\/#website\"},\"primaryImageOfPage\":{\"@id\":\"https:\\\/\\\/ponteseditores.com.br\\\/loja3\\\/pontes-editores-home-2__trashed\\\/linguagem\\\/a-bncc-e-o-ensino-de-linguas-e-literaturas\\\/#primaryimage\"},\"image\":{\"@id\":\"https:\\\/\\\/ponteseditores.com.br\\\/loja3\\\/pontes-editores-home-2__trashed\\\/linguagem\\\/a-bncc-e-o-ensino-de-linguas-e-literaturas\\\/#primaryimage\"},\"thumbnailUrl\":\"https:\\\/\\\/ponteseditores.com.br\\\/loja3\\\/wp-content\\\/uploads\\\/2023\\\/12\\\/a-bncc-e-o-ensino-de-linguas-e-literaturas-2-edi\u2021\u05b6o-capa-.jpg\",\"datePublished\":\"2023-12-04T17:53:42+00:00\",\"dateModified\":\"2023-12-11T04:47:59+00:00\",\"breadcrumb\":{\"@id\":\"https:\\\/\\\/ponteseditores.com.br\\\/loja3\\\/pontes-editores-home-2__trashed\\\/linguagem\\\/a-bncc-e-o-ensino-de-linguas-e-literaturas\\\/#breadcrumb\"},\"inLanguage\":\"pt-BR\",\"potentialAction\":[{\"@type\":\"ReadAction\",\"target\":[\"https:\\\/\\\/ponteseditores.com.br\\\/loja3\\\/pontes-editores-home-2__trashed\\\/linguagem\\\/a-bncc-e-o-ensino-de-linguas-e-literaturas\\\/\"]}]},{\"@type\":\"ImageObject\",\"inLanguage\":\"pt-BR\",\"@id\":\"https:\\\/\\\/ponteseditores.com.br\\\/loja3\\\/pontes-editores-home-2__trashed\\\/linguagem\\\/a-bncc-e-o-ensino-de-linguas-e-literaturas\\\/#primaryimage\",\"url\":\"https:\\\/\\\/ponteseditores.com.br\\\/loja3\\\/wp-content\\\/uploads\\\/2023\\\/12\\\/a-bncc-e-o-ensino-de-linguas-e-literaturas-2-edi\u2021\u05b6o-capa-.jpg\",\"contentUrl\":\"https:\\\/\\\/ponteseditores.com.br\\\/loja3\\\/wp-content\\\/uploads\\\/2023\\\/12\\\/a-bncc-e-o-ensino-de-linguas-e-literaturas-2-edi\u2021\u05b6o-capa-.jpg\",\"width\":567,\"height\":802},{\"@type\":\"BreadcrumbList\",\"@id\":\"https:\\\/\\\/ponteseditores.com.br\\\/loja3\\\/pontes-editores-home-2__trashed\\\/linguagem\\\/a-bncc-e-o-ensino-de-linguas-e-literaturas\\\/#breadcrumb\",\"itemListElement\":[{\"@type\":\"ListItem\",\"position\":1,\"name\":\"Home\",\"item\":\"https:\\\/\\\/ponteseditores.com.br\\\/loja3\\\/\"},{\"@type\":\"ListItem\",\"position\":2,\"name\":\"loja\",\"item\":\"https:\\\/\\\/ponteseditores.com.br\\\/loja3\\\/loja\\\/\"},{\"@type\":\"ListItem\",\"position\":3,\"name\":\"A BNCC E O ENSINO DE L\u00cdNGUAS E LITERATURAS\"}]},{\"@type\":\"WebSite\",\"@id\":\"https:\\\/\\\/ponteseditores.com.br\\\/loja3\\\/#website\",\"url\":\"https:\\\/\\\/ponteseditores.com.br\\\/loja3\\\/\",\"name\":\"Pontes Editores\",\"description\":\"Pontes Editores\",\"publisher\":{\"@id\":\"https:\\\/\\\/ponteseditores.com.br\\\/loja3\\\/#organization\"},\"potentialAction\":[{\"@type\":\"SearchAction\",\"target\":{\"@type\":\"EntryPoint\",\"urlTemplate\":\"https:\\\/\\\/ponteseditores.com.br\\\/loja3\\\/?s={search_term_string}\"},\"query-input\":{\"@type\":\"PropertyValueSpecification\",\"valueRequired\":true,\"valueName\":\"search_term_string\"}}],\"inLanguage\":\"pt-BR\"},{\"@type\":\"Organization\",\"@id\":\"https:\\\/\\\/ponteseditores.com.br\\\/loja3\\\/#organization\",\"name\":\"Pontes Editores\",\"url\":\"https:\\\/\\\/ponteseditores.com.br\\\/loja3\\\/\",\"logo\":{\"@type\":\"ImageObject\",\"inLanguage\":\"pt-BR\",\"@id\":\"https:\\\/\\\/ponteseditores.com.br\\\/loja3\\\/#\\\/schema\\\/logo\\\/image\\\/\",\"url\":\"https:\\\/\\\/ponteseditores.com.br\\\/loja3\\\/wp-content\\\/uploads\\\/2023\\\/12\\\/logo-pontes-editores-v2.png\",\"contentUrl\":\"https:\\\/\\\/ponteseditores.com.br\\\/loja3\\\/wp-content\\\/uploads\\\/2023\\\/12\\\/logo-pontes-editores-v2.png\",\"width\":258,\"height\":100,\"caption\":\"Pontes Editores\"},\"image\":{\"@id\":\"https:\\\/\\\/ponteseditores.com.br\\\/loja3\\\/#\\\/schema\\\/logo\\\/image\\\/\"}}]}<\/script>\n<!-- \/ Yoast SEO plugin. -->","yoast_head_json":{"title":"A BNCC E O ENSINO DE L\u00cdNGUAS E LITERATURAS - Pontes Editores","robots":{"index":"index","follow":"follow","max-snippet":"max-snippet:-1","max-image-preview":"max-image-preview:large","max-video-preview":"max-video-preview:-1"},"canonical":"https:\/\/ponteseditores.com.br\/loja3\/pontes-editores-home-2__trashed\/linguagem\/a-bncc-e-o-ensino-de-linguas-e-literaturas\/","og_locale":"pt_BR","og_type":"article","og_title":"A BNCC E O ENSINO DE L\u00cdNGUAS E LITERATURAS - Pontes Editores","og_description":"Este livro discute a Base Nacional Comum Curricular, planejada desde a promulga\u00e7\u00e3o da Lei de Diretrizes e Bases da Educa\u00e7\u00e3o de 1996, preparada por grupos arregimentados em governos passa, dos e agora entregue para efetiva implen1cnta\u00e7\u00e3o. Propomo-nos ao di\u00e1logo sobre algumas de suas premissas e proposi\u00e7\u00f5es relativamente ao campo de interesse e pesquisa dos autores \u2013 os estudos em l\u00ednguas e literatura","og_url":"https:\/\/ponteseditores.com.br\/loja3\/pontes-editores-home-2__trashed\/linguagem\/a-bncc-e-o-ensino-de-linguas-e-literaturas\/","og_site_name":"Pontes Editores","article_modified_time":"2023-12-11T04:47:59+00:00","og_image":[{"width":567,"height":802,"url":"https:\/\/ponteseditores.com.br\/loja3\/wp-content\/uploads\/2023\/12\/a-bncc-e-o-ensino-de-linguas-e-literaturas-2-edi\u2021\u05b6o-capa-.jpg","type":"image\/jpeg"}],"twitter_card":"summary_large_image","twitter_misc":{"Est. tempo de leitura":"2 minutos"},"schema":{"@context":"https:\/\/schema.org","@graph":[{"@type":"WebPage","@id":"https:\/\/ponteseditores.com.br\/loja3\/pontes-editores-home-2__trashed\/linguagem\/a-bncc-e-o-ensino-de-linguas-e-literaturas\/","url":"https:\/\/ponteseditores.com.br\/loja3\/pontes-editores-home-2__trashed\/linguagem\/a-bncc-e-o-ensino-de-linguas-e-literaturas\/","name":"A BNCC E O ENSINO DE L\u00cdNGUAS E LITERATURAS - Pontes Editores","isPartOf":{"@id":"https:\/\/ponteseditores.com.br\/loja3\/#website"},"primaryImageOfPage":{"@id":"https:\/\/ponteseditores.com.br\/loja3\/pontes-editores-home-2__trashed\/linguagem\/a-bncc-e-o-ensino-de-linguas-e-literaturas\/#primaryimage"},"image":{"@id":"https:\/\/ponteseditores.com.br\/loja3\/pontes-editores-home-2__trashed\/linguagem\/a-bncc-e-o-ensino-de-linguas-e-literaturas\/#primaryimage"},"thumbnailUrl":"https:\/\/ponteseditores.com.br\/loja3\/wp-content\/uploads\/2023\/12\/a-bncc-e-o-ensino-de-linguas-e-literaturas-2-edi\u2021\u05b6o-capa-.jpg","datePublished":"2023-12-04T17:53:42+00:00","dateModified":"2023-12-11T04:47:59+00:00","breadcrumb":{"@id":"https:\/\/ponteseditores.com.br\/loja3\/pontes-editores-home-2__trashed\/linguagem\/a-bncc-e-o-ensino-de-linguas-e-literaturas\/#breadcrumb"},"inLanguage":"pt-BR","potentialAction":[{"@type":"ReadAction","target":["https:\/\/ponteseditores.com.br\/loja3\/pontes-editores-home-2__trashed\/linguagem\/a-bncc-e-o-ensino-de-linguas-e-literaturas\/"]}]},{"@type":"ImageObject","inLanguage":"pt-BR","@id":"https:\/\/ponteseditores.com.br\/loja3\/pontes-editores-home-2__trashed\/linguagem\/a-bncc-e-o-ensino-de-linguas-e-literaturas\/#primaryimage","url":"https:\/\/ponteseditores.com.br\/loja3\/wp-content\/uploads\/2023\/12\/a-bncc-e-o-ensino-de-linguas-e-literaturas-2-edi\u2021\u05b6o-capa-.jpg","contentUrl":"https:\/\/ponteseditores.com.br\/loja3\/wp-content\/uploads\/2023\/12\/a-bncc-e-o-ensino-de-linguas-e-literaturas-2-edi\u2021\u05b6o-capa-.jpg","width":567,"height":802},{"@type":"BreadcrumbList","@id":"https:\/\/ponteseditores.com.br\/loja3\/pontes-editores-home-2__trashed\/linguagem\/a-bncc-e-o-ensino-de-linguas-e-literaturas\/#breadcrumb","itemListElement":[{"@type":"ListItem","position":1,"name":"Home","item":"https:\/\/ponteseditores.com.br\/loja3\/"},{"@type":"ListItem","position":2,"name":"loja","item":"https:\/\/ponteseditores.com.br\/loja3\/loja\/"},{"@type":"ListItem","position":3,"name":"A BNCC E O ENSINO DE L\u00cdNGUAS E LITERATURAS"}]},{"@type":"WebSite","@id":"https:\/\/ponteseditores.com.br\/loja3\/#website","url":"https:\/\/ponteseditores.com.br\/loja3\/","name":"Pontes Editores","description":"Pontes Editores","publisher":{"@id":"https:\/\/ponteseditores.com.br\/loja3\/#organization"},"potentialAction":[{"@type":"SearchAction","target":{"@type":"EntryPoint","urlTemplate":"https:\/\/ponteseditores.com.br\/loja3\/?s={search_term_string}"},"query-input":{"@type":"PropertyValueSpecification","valueRequired":true,"valueName":"search_term_string"}}],"inLanguage":"pt-BR"},{"@type":"Organization","@id":"https:\/\/ponteseditores.com.br\/loja3\/#organization","name":"Pontes Editores","url":"https:\/\/ponteseditores.com.br\/loja3\/","logo":{"@type":"ImageObject","inLanguage":"pt-BR","@id":"https:\/\/ponteseditores.com.br\/loja3\/#\/schema\/logo\/image\/","url":"https:\/\/ponteseditores.com.br\/loja3\/wp-content\/uploads\/2023\/12\/logo-pontes-editores-v2.png","contentUrl":"https:\/\/ponteseditores.com.br\/loja3\/wp-content\/uploads\/2023\/12\/logo-pontes-editores-v2.png","width":258,"height":100,"caption":"Pontes Editores"},"image":{"@id":"https:\/\/ponteseditores.com.br\/loja3\/#\/schema\/logo\/image\/"}}]}},"_links":{"self":[{"href":"https:\/\/ponteseditores.com.br\/loja3\/wp-json\/wp\/v2\/product\/179","targetHints":{"allow":["GET"]}}],"collection":[{"href":"https:\/\/ponteseditores.com.br\/loja3\/wp-json\/wp\/v2\/product"}],"about":[{"href":"https:\/\/ponteseditores.com.br\/loja3\/wp-json\/wp\/v2\/types\/product"}],"replies":[{"embeddable":true,"href":"https:\/\/ponteseditores.com.br\/loja3\/wp-json\/wp\/v2\/comments?post=179"}],"version-history":[{"count":1,"href":"https:\/\/ponteseditores.com.br\/loja3\/wp-json\/wp\/v2\/product\/179\/revisions"}],"predecessor-version":[{"id":180,"href":"https:\/\/ponteseditores.com.br\/loja3\/wp-json\/wp\/v2\/product\/179\/revisions\/180"}],"wp:featuredmedia":[{"embeddable":true,"href":"https:\/\/ponteseditores.com.br\/loja3\/wp-json\/wp\/v2\/media\/107"}],"wp:attachment":[{"href":"https:\/\/ponteseditores.com.br\/loja3\/wp-json\/wp\/v2\/media?parent=179"}],"wp:term":[{"taxonomy":"product_brand","embeddable":true,"href":"https:\/\/ponteseditores.com.br\/loja3\/wp-json\/wp\/v2\/product_brand?post=179"},{"taxonomy":"product_cat","embeddable":true,"href":"https:\/\/ponteseditores.com.br\/loja3\/wp-json\/wp\/v2\/product_cat?post=179"},{"taxonomy":"product_tag","embeddable":true,"href":"https:\/\/ponteseditores.com.br\/loja3\/wp-json\/wp\/v2\/product_tag?post=179"}],"curies":[{"name":"wp","href":"https:\/\/api.w.org\/{rel}","templated":true}]}}