{"id":17259,"date":"2024-10-18T17:15:14","date_gmt":"2024-10-18T20:15:14","guid":{"rendered":"https:\/\/ponteseditores.com.br\/loja3\/?post_type=product&#038;p=17259"},"modified":"2024-10-18T17:15:15","modified_gmt":"2024-10-18T20:15:15","slug":"alem-do-espelho-desvendando-o-mundo-das-energias-sutis","status":"publish","type":"product","link":"https:\/\/ponteseditores.com.br\/loja3\/pontes-editores-home-2__trashed\/lancamento\/alem-do-espelho-desvendando-o-mundo-das-energias-sutis\/","title":{"rendered":"Al\u00e9m do espelho: desvendando o mundo das energias sutis"},"content":{"rendered":"<p>O livro \u201c<strong>Al\u00e9m do Espelho &#8211; Desvendando o Mundo das Energias Sutis<\/strong>\u201d foi criado por uma profissional experiente em Terapias Hol\u00edsticas, a Sonia Iglesias, que traz uma contribui\u00e7\u00e3o significativa para aqueles que buscam iniciar a compreens\u00e3o dessas terapias. Conhe\u00e7o a Sonia h\u00e1 muitos anos e acompanho seu trabalho nas diversas terapias, como a Aromaterapia, Cromoterapia, Radiestesia, Terapia Qu\u00e2ntica Atlantis, Sistemas Florais, entre outras. Com sua vasta experi\u00eancia, ela j\u00e1 ajudou milhares de pessoas a encontrarem o equil\u00edbrio e o bem-estar em seus corpos f\u00edsico, mental, emocional e espiritual. Este livro \u00e9 uma prova do seu comprometimento em divulgar e esclarecer d\u00favidas sobre a Terapia Hol\u00edstica, atualmente Pr\u00e1ticas Integrativas e Complementares, de uma forma acess\u00edvel a qualquer um. Certamente, \u00e9 uma leitura enriquecedora para quem busca se conhecer mais profundamente e encontrar a harmonia e a paz interior no plano multidimensional de nosso Criador.<\/p>\n<p>&nbsp;<\/p>\n<p>Marcos Antonio Brenelli<\/p>\n<p>Terapeuta Qu\u00e2ntico criador da Terapia Qu\u00e2ntica Atlantis<\/p>\n","protected":false},"excerpt":{"rendered":"<p>O livro \u201cAl\u00e9m do Espelho &#8211; Desvendando o Mundo das Energias Sutis\u201d foi criado por uma profissional experiente em Terapias Hol\u00edsticas, a Sonia Iglesias, que traz uma contribui\u00e7\u00e3o significativa para aqueles que buscam iniciar a compreens\u00e3o dessas terapias. Conhe\u00e7o a Sonia h\u00e1 muitos anos e acompanho seu trabalho nas diversas terapias, como a Aromaterapia, Cromoterapia, [&hellip;]<\/p>\n","protected":false},"featured_media":17260,"comment_status":"open","ping_status":"closed","template":"","meta":{"_joinchat":[]},"product_brand":[],"product_cat":[871,1199,167],"product_tag":[],"class_list":{"0":"post-17259","1":"product","2":"type-product","3":"status-publish","4":"has-post-thumbnail","6":"product_cat-auto-conhecimento","7":"product_cat-autoajuda","8":"product_cat-lancamento","10":"first","11":"instock","12":"shipping-taxable","13":"purchasable","14":"product-type-simple"},"yoast_head":"<!-- This site is optimized with the Yoast SEO plugin v27.4 - https:\/\/yoast.com\/product\/yoast-seo-wordpress\/ -->\n<title>Al\u00e9m do espelho: desvendando o mundo das energias sutis - Pontes Editores<\/title>\n<meta name=\"robots\" content=\"index, follow, max-snippet:-1, max-image-preview:large, max-video-preview:-1\" \/>\n<link rel=\"canonical\" href=\"https:\/\/ponteseditores.com.br\/loja3\/pontes-editores-home-2__trashed\/lancamento\/alem-do-espelho-desvendando-o-mundo-das-energias-sutis\/\" \/>\n<meta property=\"og:locale\" content=\"pt_BR\" \/>\n<meta property=\"og:type\" content=\"article\" \/>\n<meta property=\"og:title\" content=\"Al\u00e9m do espelho: desvendando o mundo das energias sutis - Pontes Editores\" \/>\n<meta property=\"og:description\" content=\"O livro \u201cAl\u00e9m do Espelho &#8211; Desvendando o Mundo das Energias Sutis\u201d foi criado por uma profissional experiente em Terapias Hol\u00edsticas, a Sonia Iglesias, que traz uma contribui\u00e7\u00e3o significativa para aqueles que buscam iniciar a compreens\u00e3o dessas terapias. Conhe\u00e7o a Sonia h\u00e1 muitos anos e acompanho seu trabalho nas diversas terapias, como a Aromaterapia, Cromoterapia, [&hellip;]\" \/>\n<meta property=\"og:url\" content=\"https:\/\/ponteseditores.com.br\/loja3\/pontes-editores-home-2__trashed\/lancamento\/alem-do-espelho-desvendando-o-mundo-das-energias-sutis\/\" \/>\n<meta property=\"og:site_name\" content=\"Pontes Editores\" \/>\n<meta property=\"article:modified_time\" content=\"2024-10-18T20:15:15+00:00\" \/>\n<meta property=\"og:image\" content=\"https:\/\/ponteseditores.com.br\/loja3\/wp-content\/uploads\/2024\/10\/Capa_Alem_do_Espelho.jpg\" \/>\n\t<meta property=\"og:image:width\" content=\"1728\" \/>\n\t<meta property=\"og:image:height\" content=\"2443\" \/>\n\t<meta property=\"og:image:type\" content=\"image\/jpeg\" \/>\n<meta name=\"twitter:card\" content=\"summary_large_image\" \/>\n<meta name=\"twitter:label1\" content=\"Est. tempo de leitura\" \/>\n\t<meta name=\"twitter:data1\" content=\"2 minutos\" \/>\n<script type=\"application\/ld+json\" class=\"yoast-schema-graph\">{\"@context\":\"https:\\\/\\\/schema.org\",\"@graph\":[{\"@type\":\"WebPage\",\"@id\":\"https:\\\/\\\/ponteseditores.com.br\\\/loja3\\\/pontes-editores-home-2__trashed\\\/lancamento\\\/alem-do-espelho-desvendando-o-mundo-das-energias-sutis\\\/\",\"url\":\"https:\\\/\\\/ponteseditores.com.br\\\/loja3\\\/pontes-editores-home-2__trashed\\\/lancamento\\\/alem-do-espelho-desvendando-o-mundo-das-energias-sutis\\\/\",\"name\":\"Al\u00e9m do espelho: desvendando o mundo das energias sutis - Pontes Editores\",\"isPartOf\":{\"@id\":\"https:\\\/\\\/ponteseditores.com.br\\\/loja3\\\/#website\"},\"primaryImageOfPage\":{\"@id\":\"https:\\\/\\\/ponteseditores.com.br\\\/loja3\\\/pontes-editores-home-2__trashed\\\/lancamento\\\/alem-do-espelho-desvendando-o-mundo-das-energias-sutis\\\/#primaryimage\"},\"image\":{\"@id\":\"https:\\\/\\\/ponteseditores.com.br\\\/loja3\\\/pontes-editores-home-2__trashed\\\/lancamento\\\/alem-do-espelho-desvendando-o-mundo-das-energias-sutis\\\/#primaryimage\"},\"thumbnailUrl\":\"https:\\\/\\\/ponteseditores.com.br\\\/loja3\\\/wp-content\\\/uploads\\\/2024\\\/10\\\/Capa_Alem_do_Espelho.jpg\",\"datePublished\":\"2024-10-18T20:15:14+00:00\",\"dateModified\":\"2024-10-18T20:15:15+00:00\",\"breadcrumb\":{\"@id\":\"https:\\\/\\\/ponteseditores.com.br\\\/loja3\\\/pontes-editores-home-2__trashed\\\/lancamento\\\/alem-do-espelho-desvendando-o-mundo-das-energias-sutis\\\/#breadcrumb\"},\"inLanguage\":\"pt-BR\",\"potentialAction\":[{\"@type\":\"ReadAction\",\"target\":[\"https:\\\/\\\/ponteseditores.com.br\\\/loja3\\\/pontes-editores-home-2__trashed\\\/lancamento\\\/alem-do-espelho-desvendando-o-mundo-das-energias-sutis\\\/\"]}]},{\"@type\":\"ImageObject\",\"inLanguage\":\"pt-BR\",\"@id\":\"https:\\\/\\\/ponteseditores.com.br\\\/loja3\\\/pontes-editores-home-2__trashed\\\/lancamento\\\/alem-do-espelho-desvendando-o-mundo-das-energias-sutis\\\/#primaryimage\",\"url\":\"https:\\\/\\\/ponteseditores.com.br\\\/loja3\\\/wp-content\\\/uploads\\\/2024\\\/10\\\/Capa_Alem_do_Espelho.jpg\",\"contentUrl\":\"https:\\\/\\\/ponteseditores.com.br\\\/loja3\\\/wp-content\\\/uploads\\\/2024\\\/10\\\/Capa_Alem_do_Espelho.jpg\",\"width\":1728,\"height\":2443},{\"@type\":\"BreadcrumbList\",\"@id\":\"https:\\\/\\\/ponteseditores.com.br\\\/loja3\\\/pontes-editores-home-2__trashed\\\/lancamento\\\/alem-do-espelho-desvendando-o-mundo-das-energias-sutis\\\/#breadcrumb\",\"itemListElement\":[{\"@type\":\"ListItem\",\"position\":1,\"name\":\"Home\",\"item\":\"https:\\\/\\\/ponteseditores.com.br\\\/loja3\\\/\"},{\"@type\":\"ListItem\",\"position\":2,\"name\":\"loja\",\"item\":\"https:\\\/\\\/ponteseditores.com.br\\\/loja3\\\/loja\\\/\"},{\"@type\":\"ListItem\",\"position\":3,\"name\":\"Al\u00e9m do espelho: desvendando o mundo das energias sutis\"}]},{\"@type\":\"WebSite\",\"@id\":\"https:\\\/\\\/ponteseditores.com.br\\\/loja3\\\/#website\",\"url\":\"https:\\\/\\\/ponteseditores.com.br\\\/loja3\\\/\",\"name\":\"Pontes Editores\",\"description\":\"Pontes Editores\",\"publisher\":{\"@id\":\"https:\\\/\\\/ponteseditores.com.br\\\/loja3\\\/#organization\"},\"potentialAction\":[{\"@type\":\"SearchAction\",\"target\":{\"@type\":\"EntryPoint\",\"urlTemplate\":\"https:\\\/\\\/ponteseditores.com.br\\\/loja3\\\/?s={search_term_string}\"},\"query-input\":{\"@type\":\"PropertyValueSpecification\",\"valueRequired\":true,\"valueName\":\"search_term_string\"}}],\"inLanguage\":\"pt-BR\"},{\"@type\":\"Organization\",\"@id\":\"https:\\\/\\\/ponteseditores.com.br\\\/loja3\\\/#organization\",\"name\":\"Pontes Editores\",\"url\":\"https:\\\/\\\/ponteseditores.com.br\\\/loja3\\\/\",\"logo\":{\"@type\":\"ImageObject\",\"inLanguage\":\"pt-BR\",\"@id\":\"https:\\\/\\\/ponteseditores.com.br\\\/loja3\\\/#\\\/schema\\\/logo\\\/image\\\/\",\"url\":\"https:\\\/\\\/ponteseditores.com.br\\\/loja3\\\/wp-content\\\/uploads\\\/2023\\\/12\\\/logo-pontes-editores-v2.png\",\"contentUrl\":\"https:\\\/\\\/ponteseditores.com.br\\\/loja3\\\/wp-content\\\/uploads\\\/2023\\\/12\\\/logo-pontes-editores-v2.png\",\"width\":258,\"height\":100,\"caption\":\"Pontes Editores\"},\"image\":{\"@id\":\"https:\\\/\\\/ponteseditores.com.br\\\/loja3\\\/#\\\/schema\\\/logo\\\/image\\\/\"}}]}<\/script>\n<!-- \/ Yoast SEO plugin. -->","yoast_head_json":{"title":"Al\u00e9m do espelho: desvendando o mundo das energias sutis - Pontes Editores","robots":{"index":"index","follow":"follow","max-snippet":"max-snippet:-1","max-image-preview":"max-image-preview:large","max-video-preview":"max-video-preview:-1"},"canonical":"https:\/\/ponteseditores.com.br\/loja3\/pontes-editores-home-2__trashed\/lancamento\/alem-do-espelho-desvendando-o-mundo-das-energias-sutis\/","og_locale":"pt_BR","og_type":"article","og_title":"Al\u00e9m do espelho: desvendando o mundo das energias sutis - Pontes Editores","og_description":"O livro \u201cAl\u00e9m do Espelho &#8211; Desvendando o Mundo das Energias Sutis\u201d foi criado por uma profissional experiente em Terapias Hol\u00edsticas, a Sonia Iglesias, que traz uma contribui\u00e7\u00e3o significativa para aqueles que buscam iniciar a compreens\u00e3o dessas terapias. Conhe\u00e7o a Sonia h\u00e1 muitos anos e acompanho seu trabalho nas diversas terapias, como a Aromaterapia, Cromoterapia, [&hellip;]","og_url":"https:\/\/ponteseditores.com.br\/loja3\/pontes-editores-home-2__trashed\/lancamento\/alem-do-espelho-desvendando-o-mundo-das-energias-sutis\/","og_site_name":"Pontes Editores","article_modified_time":"2024-10-18T20:15:15+00:00","og_image":[{"width":1728,"height":2443,"url":"https:\/\/ponteseditores.com.br\/loja3\/wp-content\/uploads\/2024\/10\/Capa_Alem_do_Espelho.jpg","type":"image\/jpeg"}],"twitter_card":"summary_large_image","twitter_misc":{"Est. tempo de leitura":"2 minutos"},"schema":{"@context":"https:\/\/schema.org","@graph":[{"@type":"WebPage","@id":"https:\/\/ponteseditores.com.br\/loja3\/pontes-editores-home-2__trashed\/lancamento\/alem-do-espelho-desvendando-o-mundo-das-energias-sutis\/","url":"https:\/\/ponteseditores.com.br\/loja3\/pontes-editores-home-2__trashed\/lancamento\/alem-do-espelho-desvendando-o-mundo-das-energias-sutis\/","name":"Al\u00e9m do espelho: desvendando o mundo das energias sutis - Pontes Editores","isPartOf":{"@id":"https:\/\/ponteseditores.com.br\/loja3\/#website"},"primaryImageOfPage":{"@id":"https:\/\/ponteseditores.com.br\/loja3\/pontes-editores-home-2__trashed\/lancamento\/alem-do-espelho-desvendando-o-mundo-das-energias-sutis\/#primaryimage"},"image":{"@id":"https:\/\/ponteseditores.com.br\/loja3\/pontes-editores-home-2__trashed\/lancamento\/alem-do-espelho-desvendando-o-mundo-das-energias-sutis\/#primaryimage"},"thumbnailUrl":"https:\/\/ponteseditores.com.br\/loja3\/wp-content\/uploads\/2024\/10\/Capa_Alem_do_Espelho.jpg","datePublished":"2024-10-18T20:15:14+00:00","dateModified":"2024-10-18T20:15:15+00:00","breadcrumb":{"@id":"https:\/\/ponteseditores.com.br\/loja3\/pontes-editores-home-2__trashed\/lancamento\/alem-do-espelho-desvendando-o-mundo-das-energias-sutis\/#breadcrumb"},"inLanguage":"pt-BR","potentialAction":[{"@type":"ReadAction","target":["https:\/\/ponteseditores.com.br\/loja3\/pontes-editores-home-2__trashed\/lancamento\/alem-do-espelho-desvendando-o-mundo-das-energias-sutis\/"]}]},{"@type":"ImageObject","inLanguage":"pt-BR","@id":"https:\/\/ponteseditores.com.br\/loja3\/pontes-editores-home-2__trashed\/lancamento\/alem-do-espelho-desvendando-o-mundo-das-energias-sutis\/#primaryimage","url":"https:\/\/ponteseditores.com.br\/loja3\/wp-content\/uploads\/2024\/10\/Capa_Alem_do_Espelho.jpg","contentUrl":"https:\/\/ponteseditores.com.br\/loja3\/wp-content\/uploads\/2024\/10\/Capa_Alem_do_Espelho.jpg","width":1728,"height":2443},{"@type":"BreadcrumbList","@id":"https:\/\/ponteseditores.com.br\/loja3\/pontes-editores-home-2__trashed\/lancamento\/alem-do-espelho-desvendando-o-mundo-das-energias-sutis\/#breadcrumb","itemListElement":[{"@type":"ListItem","position":1,"name":"Home","item":"https:\/\/ponteseditores.com.br\/loja3\/"},{"@type":"ListItem","position":2,"name":"loja","item":"https:\/\/ponteseditores.com.br\/loja3\/loja\/"},{"@type":"ListItem","position":3,"name":"Al\u00e9m do espelho: desvendando o mundo das energias sutis"}]},{"@type":"WebSite","@id":"https:\/\/ponteseditores.com.br\/loja3\/#website","url":"https:\/\/ponteseditores.com.br\/loja3\/","name":"Pontes Editores","description":"Pontes Editores","publisher":{"@id":"https:\/\/ponteseditores.com.br\/loja3\/#organization"},"potentialAction":[{"@type":"SearchAction","target":{"@type":"EntryPoint","urlTemplate":"https:\/\/ponteseditores.com.br\/loja3\/?s={search_term_string}"},"query-input":{"@type":"PropertyValueSpecification","valueRequired":true,"valueName":"search_term_string"}}],"inLanguage":"pt-BR"},{"@type":"Organization","@id":"https:\/\/ponteseditores.com.br\/loja3\/#organization","name":"Pontes Editores","url":"https:\/\/ponteseditores.com.br\/loja3\/","logo":{"@type":"ImageObject","inLanguage":"pt-BR","@id":"https:\/\/ponteseditores.com.br\/loja3\/#\/schema\/logo\/image\/","url":"https:\/\/ponteseditores.com.br\/loja3\/wp-content\/uploads\/2023\/12\/logo-pontes-editores-v2.png","contentUrl":"https:\/\/ponteseditores.com.br\/loja3\/wp-content\/uploads\/2023\/12\/logo-pontes-editores-v2.png","width":258,"height":100,"caption":"Pontes Editores"},"image":{"@id":"https:\/\/ponteseditores.com.br\/loja3\/#\/schema\/logo\/image\/"}}]}},"_links":{"self":[{"href":"https:\/\/ponteseditores.com.br\/loja3\/wp-json\/wp\/v2\/product\/17259","targetHints":{"allow":["GET"]}}],"collection":[{"href":"https:\/\/ponteseditores.com.br\/loja3\/wp-json\/wp\/v2\/product"}],"about":[{"href":"https:\/\/ponteseditores.com.br\/loja3\/wp-json\/wp\/v2\/types\/product"}],"replies":[{"embeddable":true,"href":"https:\/\/ponteseditores.com.br\/loja3\/wp-json\/wp\/v2\/comments?post=17259"}],"version-history":[{"count":0,"href":"https:\/\/ponteseditores.com.br\/loja3\/wp-json\/wp\/v2\/product\/17259\/revisions"}],"wp:featuredmedia":[{"embeddable":true,"href":"https:\/\/ponteseditores.com.br\/loja3\/wp-json\/wp\/v2\/media\/17260"}],"wp:attachment":[{"href":"https:\/\/ponteseditores.com.br\/loja3\/wp-json\/wp\/v2\/media?parent=17259"}],"wp:term":[{"taxonomy":"product_brand","embeddable":true,"href":"https:\/\/ponteseditores.com.br\/loja3\/wp-json\/wp\/v2\/product_brand?post=17259"},{"taxonomy":"product_cat","embeddable":true,"href":"https:\/\/ponteseditores.com.br\/loja3\/wp-json\/wp\/v2\/product_cat?post=17259"},{"taxonomy":"product_tag","embeddable":true,"href":"https:\/\/ponteseditores.com.br\/loja3\/wp-json\/wp\/v2\/product_tag?post=17259"}],"curies":[{"name":"wp","href":"https:\/\/api.w.org\/{rel}","templated":true}]}}