{"id":14221,"date":"2024-07-29T10:52:09","date_gmt":"2024-07-29T13:52:09","guid":{"rendered":"https:\/\/ponteseditores.com.br\/loja3\/?post_type=product&#038;p=14221"},"modified":"2024-10-08T11:29:04","modified_gmt":"2024-10-08T14:29:04","slug":"conhecimento-ensino-e-politica-de-linguas-na-amazonia-2","status":"publish","type":"product","link":"https:\/\/ponteseditores.com.br\/loja3\/pontes-editores-home-2__trashed\/ebook\/lancamento-e-book\/conhecimento-ensino-e-politica-de-linguas-na-amazonia-2\/","title":{"rendered":"CONHECIMENTO, ENSINO E POL\u00cdTICA DE L\u00cdNGUAS NA AMAZ\u00d4NIA"},"content":{"rendered":"<p class=\"p1\">O conjunto de textos que este livro re\u00fane, mais do que apresentar pesquisas diversas sobre a linguagem, filiadas a perspectivas te\u00f3ricas distintas, constitui gestos de leitura do arquivo do conhecimento produzido sobre e na Amaz\u00f4nia acerca da \u201cdiversidade brasileira\u201d, em manifesta\u00e7\u00f5es que envolvem l\u00ednguas denominadas de portuguesa, ind\u00edgenas, de sinais, em presen\u00e7a em produ\u00e7\u00f5es audiovisuais, em institui\u00e7\u00f5es (Escola, Universidade, Assembleia, C\u00e2mara) e suas pr\u00e1ticas (de ensino, liter\u00e1ria, pol\u00edtica, de arquivo) de produ\u00e7\u00e3o de sentidos pelas quais se define o que \u00e9 comum (unidade) e o que \u00e9 diverso (diversidade).<\/p>\n<p class=\"p1\">Nessa dire\u00e7\u00e3o, este livro n\u00e3o \u00e9 simplesmente uma colet\u00e2nea de cap\u00edtulos que traz contribui\u00e7\u00f5es sobre os estudos da linguagem na Amaz\u00f4nia, uma vez que fomenta o debate e a reflex\u00e3o das m\u00faltiplas possibilidades de se colocar em rela\u00e7\u00e3o ao conhecimento, ao ensino e \u00e0 pol\u00edtica de l\u00ednguas dentro das \u00e1reas da An\u00e1lise de Discurso, da Hist\u00f3ria das Ideias Lingu\u00edsticas, das L\u00ednguas Ind\u00edgenas e da Literatura.<\/p>\n","protected":false},"excerpt":{"rendered":"<p>O conjunto de textos que este livro re\u00fane, mais do que apresentar pesquisas diversas sobre a linguagem, filiadas a perspectivas te\u00f3ricas distintas, constitui gestos de leitura do arquivo do conhecimento produzido sobre e na Amaz\u00f4nia acerca da \u201cdiversidade brasileira\u201d, em manifesta\u00e7\u00f5es que envolvem l\u00ednguas denominadas de portuguesa, ind\u00edgenas, de sinais, em presen\u00e7a em produ\u00e7\u00f5es audiovisuais, [&hellip;]<\/p>\n","protected":false},"featured_media":6671,"comment_status":"open","ping_status":"closed","template":"","meta":{"_joinchat":[]},"product_brand":[],"product_cat":[165,386],"product_tag":[],"class_list":{"0":"post-14221","1":"product","2":"type-product","3":"status-publish","4":"has-post-thumbnail","6":"product_cat-ebook","7":"product_cat-lancamento-e-book","8":"product_shipping_class-download","10":"first","11":"instock","12":"downloadable","13":"virtual","14":"purchasable","15":"product-type-simple"},"yoast_head":"<!-- This site is optimized with the Yoast SEO plugin v27.4 - https:\/\/yoast.com\/product\/yoast-seo-wordpress\/ -->\n<title>CONHECIMENTO, ENSINO E POL\u00cdTICA DE L\u00cdNGUAS NA AMAZ\u00d4NIA - Pontes Editores<\/title>\n<meta name=\"robots\" content=\"index, follow, max-snippet:-1, max-image-preview:large, max-video-preview:-1\" \/>\n<link rel=\"canonical\" href=\"https:\/\/ponteseditores.com.br\/loja3\/pontes-editores-home-2__trashed\/ebook\/lancamento-e-book\/conhecimento-ensino-e-politica-de-linguas-na-amazonia-2\/\" \/>\n<meta property=\"og:locale\" content=\"pt_BR\" \/>\n<meta property=\"og:type\" content=\"article\" \/>\n<meta property=\"og:title\" content=\"CONHECIMENTO, ENSINO E POL\u00cdTICA DE L\u00cdNGUAS NA AMAZ\u00d4NIA - Pontes Editores\" \/>\n<meta property=\"og:description\" content=\"O conjunto de textos que este livro re\u00fane, mais do que apresentar pesquisas diversas sobre a linguagem, filiadas a perspectivas te\u00f3ricas distintas, constitui gestos de leitura do arquivo do conhecimento produzido sobre e na Amaz\u00f4nia acerca da \u201cdiversidade brasileira\u201d, em manifesta\u00e7\u00f5es que envolvem l\u00ednguas denominadas de portuguesa, ind\u00edgenas, de sinais, em presen\u00e7a em produ\u00e7\u00f5es audiovisuais, [&hellip;]\" \/>\n<meta property=\"og:url\" content=\"https:\/\/ponteseditores.com.br\/loja3\/pontes-editores-home-2__trashed\/ebook\/lancamento-e-book\/conhecimento-ensino-e-politica-de-linguas-na-amazonia-2\/\" \/>\n<meta property=\"og:site_name\" content=\"Pontes Editores\" \/>\n<meta property=\"article:modified_time\" content=\"2024-10-08T14:29:04+00:00\" \/>\n<meta property=\"og:image\" content=\"https:\/\/ponteseditores.com.br\/loja3\/wp-content\/uploads\/2023\/12\/conhecimento-ensino-e-politica-delinguas-na-amazonia-capa-1-1.jpg\" \/>\n\t<meta property=\"og:image:width\" content=\"1500\" \/>\n\t<meta property=\"og:image:height\" content=\"2121\" \/>\n\t<meta property=\"og:image:type\" content=\"image\/jpeg\" \/>\n<meta name=\"twitter:card\" content=\"summary_large_image\" \/>\n<meta name=\"twitter:label1\" content=\"Est. tempo de leitura\" \/>\n\t<meta name=\"twitter:data1\" content=\"2 minutos\" \/>\n<script type=\"application\/ld+json\" class=\"yoast-schema-graph\">{\"@context\":\"https:\\\/\\\/schema.org\",\"@graph\":[{\"@type\":\"WebPage\",\"@id\":\"https:\\\/\\\/ponteseditores.com.br\\\/loja3\\\/pontes-editores-home-2__trashed\\\/ebook\\\/lancamento-e-book\\\/conhecimento-ensino-e-politica-de-linguas-na-amazonia-2\\\/\",\"url\":\"https:\\\/\\\/ponteseditores.com.br\\\/loja3\\\/pontes-editores-home-2__trashed\\\/ebook\\\/lancamento-e-book\\\/conhecimento-ensino-e-politica-de-linguas-na-amazonia-2\\\/\",\"name\":\"CONHECIMENTO, ENSINO E POL\u00cdTICA DE L\u00cdNGUAS NA AMAZ\u00d4NIA - Pontes Editores\",\"isPartOf\":{\"@id\":\"https:\\\/\\\/ponteseditores.com.br\\\/loja3\\\/#website\"},\"primaryImageOfPage\":{\"@id\":\"https:\\\/\\\/ponteseditores.com.br\\\/loja3\\\/pontes-editores-home-2__trashed\\\/ebook\\\/lancamento-e-book\\\/conhecimento-ensino-e-politica-de-linguas-na-amazonia-2\\\/#primaryimage\"},\"image\":{\"@id\":\"https:\\\/\\\/ponteseditores.com.br\\\/loja3\\\/pontes-editores-home-2__trashed\\\/ebook\\\/lancamento-e-book\\\/conhecimento-ensino-e-politica-de-linguas-na-amazonia-2\\\/#primaryimage\"},\"thumbnailUrl\":\"https:\\\/\\\/ponteseditores.com.br\\\/loja3\\\/wp-content\\\/uploads\\\/2023\\\/12\\\/conhecimento-ensino-e-politica-delinguas-na-amazonia-capa-1-1.jpg\",\"datePublished\":\"2024-07-29T13:52:09+00:00\",\"dateModified\":\"2024-10-08T14:29:04+00:00\",\"breadcrumb\":{\"@id\":\"https:\\\/\\\/ponteseditores.com.br\\\/loja3\\\/pontes-editores-home-2__trashed\\\/ebook\\\/lancamento-e-book\\\/conhecimento-ensino-e-politica-de-linguas-na-amazonia-2\\\/#breadcrumb\"},\"inLanguage\":\"pt-BR\",\"potentialAction\":[{\"@type\":\"ReadAction\",\"target\":[\"https:\\\/\\\/ponteseditores.com.br\\\/loja3\\\/pontes-editores-home-2__trashed\\\/ebook\\\/lancamento-e-book\\\/conhecimento-ensino-e-politica-de-linguas-na-amazonia-2\\\/\"]}]},{\"@type\":\"ImageObject\",\"inLanguage\":\"pt-BR\",\"@id\":\"https:\\\/\\\/ponteseditores.com.br\\\/loja3\\\/pontes-editores-home-2__trashed\\\/ebook\\\/lancamento-e-book\\\/conhecimento-ensino-e-politica-de-linguas-na-amazonia-2\\\/#primaryimage\",\"url\":\"https:\\\/\\\/ponteseditores.com.br\\\/loja3\\\/wp-content\\\/uploads\\\/2023\\\/12\\\/conhecimento-ensino-e-politica-delinguas-na-amazonia-capa-1-1.jpg\",\"contentUrl\":\"https:\\\/\\\/ponteseditores.com.br\\\/loja3\\\/wp-content\\\/uploads\\\/2023\\\/12\\\/conhecimento-ensino-e-politica-delinguas-na-amazonia-capa-1-1.jpg\",\"width\":1500,\"height\":2121},{\"@type\":\"BreadcrumbList\",\"@id\":\"https:\\\/\\\/ponteseditores.com.br\\\/loja3\\\/pontes-editores-home-2__trashed\\\/ebook\\\/lancamento-e-book\\\/conhecimento-ensino-e-politica-de-linguas-na-amazonia-2\\\/#breadcrumb\",\"itemListElement\":[{\"@type\":\"ListItem\",\"position\":1,\"name\":\"Home\",\"item\":\"https:\\\/\\\/ponteseditores.com.br\\\/loja3\\\/\"},{\"@type\":\"ListItem\",\"position\":2,\"name\":\"loja\",\"item\":\"https:\\\/\\\/ponteseditores.com.br\\\/loja3\\\/loja\\\/\"},{\"@type\":\"ListItem\",\"position\":3,\"name\":\"CONHECIMENTO, ENSINO E POL\u00cdTICA DE L\u00cdNGUAS NA AMAZ\u00d4NIA\"}]},{\"@type\":\"WebSite\",\"@id\":\"https:\\\/\\\/ponteseditores.com.br\\\/loja3\\\/#website\",\"url\":\"https:\\\/\\\/ponteseditores.com.br\\\/loja3\\\/\",\"name\":\"Pontes Editores\",\"description\":\"Pontes Editores\",\"publisher\":{\"@id\":\"https:\\\/\\\/ponteseditores.com.br\\\/loja3\\\/#organization\"},\"potentialAction\":[{\"@type\":\"SearchAction\",\"target\":{\"@type\":\"EntryPoint\",\"urlTemplate\":\"https:\\\/\\\/ponteseditores.com.br\\\/loja3\\\/?s={search_term_string}\"},\"query-input\":{\"@type\":\"PropertyValueSpecification\",\"valueRequired\":true,\"valueName\":\"search_term_string\"}}],\"inLanguage\":\"pt-BR\"},{\"@type\":\"Organization\",\"@id\":\"https:\\\/\\\/ponteseditores.com.br\\\/loja3\\\/#organization\",\"name\":\"Pontes Editores\",\"url\":\"https:\\\/\\\/ponteseditores.com.br\\\/loja3\\\/\",\"logo\":{\"@type\":\"ImageObject\",\"inLanguage\":\"pt-BR\",\"@id\":\"https:\\\/\\\/ponteseditores.com.br\\\/loja3\\\/#\\\/schema\\\/logo\\\/image\\\/\",\"url\":\"https:\\\/\\\/ponteseditores.com.br\\\/loja3\\\/wp-content\\\/uploads\\\/2023\\\/12\\\/logo-pontes-editores-v2.png\",\"contentUrl\":\"https:\\\/\\\/ponteseditores.com.br\\\/loja3\\\/wp-content\\\/uploads\\\/2023\\\/12\\\/logo-pontes-editores-v2.png\",\"width\":258,\"height\":100,\"caption\":\"Pontes Editores\"},\"image\":{\"@id\":\"https:\\\/\\\/ponteseditores.com.br\\\/loja3\\\/#\\\/schema\\\/logo\\\/image\\\/\"}}]}<\/script>\n<!-- \/ Yoast SEO plugin. -->","yoast_head_json":{"title":"CONHECIMENTO, ENSINO E POL\u00cdTICA DE L\u00cdNGUAS NA AMAZ\u00d4NIA - Pontes Editores","robots":{"index":"index","follow":"follow","max-snippet":"max-snippet:-1","max-image-preview":"max-image-preview:large","max-video-preview":"max-video-preview:-1"},"canonical":"https:\/\/ponteseditores.com.br\/loja3\/pontes-editores-home-2__trashed\/ebook\/lancamento-e-book\/conhecimento-ensino-e-politica-de-linguas-na-amazonia-2\/","og_locale":"pt_BR","og_type":"article","og_title":"CONHECIMENTO, ENSINO E POL\u00cdTICA DE L\u00cdNGUAS NA AMAZ\u00d4NIA - Pontes Editores","og_description":"O conjunto de textos que este livro re\u00fane, mais do que apresentar pesquisas diversas sobre a linguagem, filiadas a perspectivas te\u00f3ricas distintas, constitui gestos de leitura do arquivo do conhecimento produzido sobre e na Amaz\u00f4nia acerca da \u201cdiversidade brasileira\u201d, em manifesta\u00e7\u00f5es que envolvem l\u00ednguas denominadas de portuguesa, ind\u00edgenas, de sinais, em presen\u00e7a em produ\u00e7\u00f5es audiovisuais, [&hellip;]","og_url":"https:\/\/ponteseditores.com.br\/loja3\/pontes-editores-home-2__trashed\/ebook\/lancamento-e-book\/conhecimento-ensino-e-politica-de-linguas-na-amazonia-2\/","og_site_name":"Pontes Editores","article_modified_time":"2024-10-08T14:29:04+00:00","og_image":[{"width":1500,"height":2121,"url":"https:\/\/ponteseditores.com.br\/loja3\/wp-content\/uploads\/2023\/12\/conhecimento-ensino-e-politica-delinguas-na-amazonia-capa-1-1.jpg","type":"image\/jpeg"}],"twitter_card":"summary_large_image","twitter_misc":{"Est. tempo de leitura":"2 minutos"},"schema":{"@context":"https:\/\/schema.org","@graph":[{"@type":"WebPage","@id":"https:\/\/ponteseditores.com.br\/loja3\/pontes-editores-home-2__trashed\/ebook\/lancamento-e-book\/conhecimento-ensino-e-politica-de-linguas-na-amazonia-2\/","url":"https:\/\/ponteseditores.com.br\/loja3\/pontes-editores-home-2__trashed\/ebook\/lancamento-e-book\/conhecimento-ensino-e-politica-de-linguas-na-amazonia-2\/","name":"CONHECIMENTO, ENSINO E POL\u00cdTICA DE L\u00cdNGUAS NA AMAZ\u00d4NIA - Pontes Editores","isPartOf":{"@id":"https:\/\/ponteseditores.com.br\/loja3\/#website"},"primaryImageOfPage":{"@id":"https:\/\/ponteseditores.com.br\/loja3\/pontes-editores-home-2__trashed\/ebook\/lancamento-e-book\/conhecimento-ensino-e-politica-de-linguas-na-amazonia-2\/#primaryimage"},"image":{"@id":"https:\/\/ponteseditores.com.br\/loja3\/pontes-editores-home-2__trashed\/ebook\/lancamento-e-book\/conhecimento-ensino-e-politica-de-linguas-na-amazonia-2\/#primaryimage"},"thumbnailUrl":"https:\/\/ponteseditores.com.br\/loja3\/wp-content\/uploads\/2023\/12\/conhecimento-ensino-e-politica-delinguas-na-amazonia-capa-1-1.jpg","datePublished":"2024-07-29T13:52:09+00:00","dateModified":"2024-10-08T14:29:04+00:00","breadcrumb":{"@id":"https:\/\/ponteseditores.com.br\/loja3\/pontes-editores-home-2__trashed\/ebook\/lancamento-e-book\/conhecimento-ensino-e-politica-de-linguas-na-amazonia-2\/#breadcrumb"},"inLanguage":"pt-BR","potentialAction":[{"@type":"ReadAction","target":["https:\/\/ponteseditores.com.br\/loja3\/pontes-editores-home-2__trashed\/ebook\/lancamento-e-book\/conhecimento-ensino-e-politica-de-linguas-na-amazonia-2\/"]}]},{"@type":"ImageObject","inLanguage":"pt-BR","@id":"https:\/\/ponteseditores.com.br\/loja3\/pontes-editores-home-2__trashed\/ebook\/lancamento-e-book\/conhecimento-ensino-e-politica-de-linguas-na-amazonia-2\/#primaryimage","url":"https:\/\/ponteseditores.com.br\/loja3\/wp-content\/uploads\/2023\/12\/conhecimento-ensino-e-politica-delinguas-na-amazonia-capa-1-1.jpg","contentUrl":"https:\/\/ponteseditores.com.br\/loja3\/wp-content\/uploads\/2023\/12\/conhecimento-ensino-e-politica-delinguas-na-amazonia-capa-1-1.jpg","width":1500,"height":2121},{"@type":"BreadcrumbList","@id":"https:\/\/ponteseditores.com.br\/loja3\/pontes-editores-home-2__trashed\/ebook\/lancamento-e-book\/conhecimento-ensino-e-politica-de-linguas-na-amazonia-2\/#breadcrumb","itemListElement":[{"@type":"ListItem","position":1,"name":"Home","item":"https:\/\/ponteseditores.com.br\/loja3\/"},{"@type":"ListItem","position":2,"name":"loja","item":"https:\/\/ponteseditores.com.br\/loja3\/loja\/"},{"@type":"ListItem","position":3,"name":"CONHECIMENTO, ENSINO E POL\u00cdTICA DE L\u00cdNGUAS NA AMAZ\u00d4NIA"}]},{"@type":"WebSite","@id":"https:\/\/ponteseditores.com.br\/loja3\/#website","url":"https:\/\/ponteseditores.com.br\/loja3\/","name":"Pontes Editores","description":"Pontes Editores","publisher":{"@id":"https:\/\/ponteseditores.com.br\/loja3\/#organization"},"potentialAction":[{"@type":"SearchAction","target":{"@type":"EntryPoint","urlTemplate":"https:\/\/ponteseditores.com.br\/loja3\/?s={search_term_string}"},"query-input":{"@type":"PropertyValueSpecification","valueRequired":true,"valueName":"search_term_string"}}],"inLanguage":"pt-BR"},{"@type":"Organization","@id":"https:\/\/ponteseditores.com.br\/loja3\/#organization","name":"Pontes Editores","url":"https:\/\/ponteseditores.com.br\/loja3\/","logo":{"@type":"ImageObject","inLanguage":"pt-BR","@id":"https:\/\/ponteseditores.com.br\/loja3\/#\/schema\/logo\/image\/","url":"https:\/\/ponteseditores.com.br\/loja3\/wp-content\/uploads\/2023\/12\/logo-pontes-editores-v2.png","contentUrl":"https:\/\/ponteseditores.com.br\/loja3\/wp-content\/uploads\/2023\/12\/logo-pontes-editores-v2.png","width":258,"height":100,"caption":"Pontes Editores"},"image":{"@id":"https:\/\/ponteseditores.com.br\/loja3\/#\/schema\/logo\/image\/"}}]}},"_links":{"self":[{"href":"https:\/\/ponteseditores.com.br\/loja3\/wp-json\/wp\/v2\/product\/14221","targetHints":{"allow":["GET"]}}],"collection":[{"href":"https:\/\/ponteseditores.com.br\/loja3\/wp-json\/wp\/v2\/product"}],"about":[{"href":"https:\/\/ponteseditores.com.br\/loja3\/wp-json\/wp\/v2\/types\/product"}],"replies":[{"embeddable":true,"href":"https:\/\/ponteseditores.com.br\/loja3\/wp-json\/wp\/v2\/comments?post=14221"}],"version-history":[{"count":0,"href":"https:\/\/ponteseditores.com.br\/loja3\/wp-json\/wp\/v2\/product\/14221\/revisions"}],"wp:featuredmedia":[{"embeddable":true,"href":"https:\/\/ponteseditores.com.br\/loja3\/wp-json\/wp\/v2\/media\/6671"}],"wp:attachment":[{"href":"https:\/\/ponteseditores.com.br\/loja3\/wp-json\/wp\/v2\/media?parent=14221"}],"wp:term":[{"taxonomy":"product_brand","embeddable":true,"href":"https:\/\/ponteseditores.com.br\/loja3\/wp-json\/wp\/v2\/product_brand?post=14221"},{"taxonomy":"product_cat","embeddable":true,"href":"https:\/\/ponteseditores.com.br\/loja3\/wp-json\/wp\/v2\/product_cat?post=14221"},{"taxonomy":"product_tag","embeddable":true,"href":"https:\/\/ponteseditores.com.br\/loja3\/wp-json\/wp\/v2\/product_tag?post=14221"}],"curies":[{"name":"wp","href":"https:\/\/api.w.org\/{rel}","templated":true}]}}