{"id":14219,"date":"2024-07-29T10:47:27","date_gmt":"2024-07-29T13:47:27","guid":{"rendered":"https:\/\/ponteseditores.com.br\/loja3\/?post_type=product&#038;p=14219"},"modified":"2024-10-08T11:29:04","modified_gmt":"2024-10-08T14:29:04","slug":"imagem-ruina-2","status":"publish","type":"product","link":"https:\/\/ponteseditores.com.br\/loja3\/pontes-editores-home-2__trashed\/ebook\/lancamento-e-book\/imagem-ruina-2\/","title":{"rendered":"Imagem &#038; Ru\u00edna"},"content":{"rendered":"<p>Do culto neocl\u00e1ssico aos monumentos antigos \u00e0 valoriza\u00e7\u00e3o rom\u00e2ntica da arquitetura g\u00f3tica; do horror provocado pelos escombros das Guerras Mundiais \u00e0 desilus\u00e3o em face \u00e0 decrepitude das f\u00e1bricas e usinas abandonadas, a experi\u00eancia das ru\u00ednas vem plasmando formas fundamentais de consci\u00eancia hist\u00f3rica. Por meio dela, ocorre uma complexa negocia\u00e7\u00e3o entre temporalidades: a constru\u00e7\u00e3o discursiva sobre o passado, a produ\u00e7\u00e3o de autoconsci\u00eancia sobre o presente e a elabora\u00e7\u00e3o de imagin\u00e1rios sobre o futuro.<\/p>\n<p>Dentro dessa perspectiva, uma quest\u00e3o fundamental que se imp\u00f5e hoje \u00e9 compreender como o aumento vertiginoso da produ\u00e7\u00e3o de\u00a0<em>imagens\u00a0<\/em>e suas rela\u00e7\u00f5es com diferentes concep\u00e7\u00f5es de\u00a0<em>ru\u00ednas\u00a0<\/em>plasmam formas contempor\u00e2neas de consci\u00eancia hist\u00f3rica. Este livro busca responder a essa quest\u00e3o a partir de uma vis\u00e3o expandida das acep\u00e7\u00f5es de\u00a0<em>imagem &amp; ru\u00edna\u00a0<\/em>que coloca em relevo a pot\u00eancia desse encontro enquanto categoria voltada a pensar um conjunto heter\u00f3clito de fen\u00f4menos contempor\u00e2neos. Desse modo, os artigos que integram este volume colocam em causa pr\u00e1ticas socioculturais, como a gambiarra e o colecionismo; processos de subjetiva\u00e7\u00e3o, como a experi\u00eancia diasp\u00f3rica e os afetos de melancolia; formas de segrega\u00e7\u00e3o socioespacial, como o racismo ambiental e a degrada\u00e7\u00e3o das cidades; e quest\u00f5es est\u00e9tico-pol\u00edticas, como os modos nos quais as imagens fotogr\u00e1fica e cinematogr\u00e1fica conformam imagin\u00e1rios dist\u00f3picos, assim como as imagens po\u00e9ticas, por seu turno, representam a decomposi\u00e7\u00e3o da natureza e os destro\u00e7os do mundo urbano.<\/p>\n<p>Se, como afirma o fil\u00f3sofo franc\u00eas Fran\u00e7ois Soulage, em entrevista que integra este livro, \u201ca imagem est\u00e1 sempre \u00e0 espreita da ru\u00edna\u201d,\u00a0<em>Imagem &amp; ru\u00edna\u00a0<\/em>atesta sua relev\u00e2ncia como sism\u00f3grafo de um mundo fortemente vincado, justamente, pela experi\u00eancia das imagens de ru\u00ednas na produ\u00e7\u00e3o de nossa consci\u00eancia hist\u00f3rica do presente, seja em virtude dos efeitos dram\u00e1ticos do extrativismo, da estetiza\u00e7\u00e3o dos escombros das guerras ora em curso ou das pol\u00edticas de (des)constru\u00e7\u00e3o da mem\u00f3ria.<\/p>\n","protected":false},"excerpt":{"rendered":"<p>Do culto neocl\u00e1ssico aos monumentos antigos \u00e0 valoriza\u00e7\u00e3o rom\u00e2ntica da arquitetura g\u00f3tica; do horror provocado pelos escombros das Guerras Mundiais \u00e0 desilus\u00e3o em face \u00e0 decrepitude das f\u00e1bricas e usinas abandonadas, a experi\u00eancia das ru\u00ednas vem plasmando formas fundamentais de consci\u00eancia hist\u00f3rica. Por meio dela, ocorre uma complexa negocia\u00e7\u00e3o entre temporalidades: a constru\u00e7\u00e3o discursiva sobre [&hellip;]<\/p>\n","protected":false},"featured_media":13875,"comment_status":"open","ping_status":"closed","template":"","meta":{"_joinchat":[]},"product_brand":[],"product_cat":[165,386],"product_tag":[],"class_list":{"0":"post-14219","1":"product","2":"type-product","3":"status-publish","4":"has-post-thumbnail","6":"product_cat-ebook","7":"product_cat-lancamento-e-book","8":"product_shipping_class-download","10":"first","11":"instock","12":"downloadable","13":"virtual","14":"purchasable","15":"product-type-simple"},"yoast_head":"<!-- This site is optimized with the Yoast SEO plugin v27.4 - https:\/\/yoast.com\/product\/yoast-seo-wordpress\/ -->\n<title>Imagem &amp; Ru\u00edna - Pontes Editores<\/title>\n<meta name=\"robots\" content=\"index, follow, max-snippet:-1, max-image-preview:large, max-video-preview:-1\" \/>\n<link rel=\"canonical\" href=\"https:\/\/ponteseditores.com.br\/loja3\/pontes-editores-home-2__trashed\/ebook\/lancamento-e-book\/imagem-ruina-2\/\" \/>\n<meta property=\"og:locale\" content=\"pt_BR\" \/>\n<meta property=\"og:type\" content=\"article\" \/>\n<meta property=\"og:title\" content=\"Imagem &amp; Ru\u00edna - Pontes Editores\" \/>\n<meta property=\"og:description\" content=\"Do culto neocl\u00e1ssico aos monumentos antigos \u00e0 valoriza\u00e7\u00e3o rom\u00e2ntica da arquitetura g\u00f3tica; do horror provocado pelos escombros das Guerras Mundiais \u00e0 desilus\u00e3o em face \u00e0 decrepitude das f\u00e1bricas e usinas abandonadas, a experi\u00eancia das ru\u00ednas vem plasmando formas fundamentais de consci\u00eancia hist\u00f3rica. Por meio dela, ocorre uma complexa negocia\u00e7\u00e3o entre temporalidades: a constru\u00e7\u00e3o discursiva sobre [&hellip;]\" \/>\n<meta property=\"og:url\" content=\"https:\/\/ponteseditores.com.br\/loja3\/pontes-editores-home-2__trashed\/ebook\/lancamento-e-book\/imagem-ruina-2\/\" \/>\n<meta property=\"og:site_name\" content=\"Pontes Editores\" \/>\n<meta property=\"article:modified_time\" content=\"2024-10-08T14:29:04+00:00\" \/>\n<meta property=\"og:image\" content=\"https:\/\/ponteseditores.com.br\/loja3\/wp-content\/uploads\/2024\/07\/Capa_Imagem_Ruina.jpg\" \/>\n\t<meta property=\"og:image:width\" content=\"1728\" \/>\n\t<meta property=\"og:image:height\" content=\"2443\" \/>\n\t<meta property=\"og:image:type\" content=\"image\/jpeg\" \/>\n<meta name=\"twitter:card\" content=\"summary_large_image\" \/>\n<meta name=\"twitter:label1\" content=\"Est. tempo de leitura\" \/>\n\t<meta name=\"twitter:data1\" content=\"2 minutos\" \/>\n<script type=\"application\/ld+json\" class=\"yoast-schema-graph\">{\"@context\":\"https:\\\/\\\/schema.org\",\"@graph\":[{\"@type\":\"WebPage\",\"@id\":\"https:\\\/\\\/ponteseditores.com.br\\\/loja3\\\/pontes-editores-home-2__trashed\\\/ebook\\\/lancamento-e-book\\\/imagem-ruina-2\\\/\",\"url\":\"https:\\\/\\\/ponteseditores.com.br\\\/loja3\\\/pontes-editores-home-2__trashed\\\/ebook\\\/lancamento-e-book\\\/imagem-ruina-2\\\/\",\"name\":\"Imagem & Ru\u00edna - Pontes Editores\",\"isPartOf\":{\"@id\":\"https:\\\/\\\/ponteseditores.com.br\\\/loja3\\\/#website\"},\"primaryImageOfPage\":{\"@id\":\"https:\\\/\\\/ponteseditores.com.br\\\/loja3\\\/pontes-editores-home-2__trashed\\\/ebook\\\/lancamento-e-book\\\/imagem-ruina-2\\\/#primaryimage\"},\"image\":{\"@id\":\"https:\\\/\\\/ponteseditores.com.br\\\/loja3\\\/pontes-editores-home-2__trashed\\\/ebook\\\/lancamento-e-book\\\/imagem-ruina-2\\\/#primaryimage\"},\"thumbnailUrl\":\"https:\\\/\\\/ponteseditores.com.br\\\/loja3\\\/wp-content\\\/uploads\\\/2024\\\/07\\\/Capa_Imagem_Ruina.jpg\",\"datePublished\":\"2024-07-29T13:47:27+00:00\",\"dateModified\":\"2024-10-08T14:29:04+00:00\",\"breadcrumb\":{\"@id\":\"https:\\\/\\\/ponteseditores.com.br\\\/loja3\\\/pontes-editores-home-2__trashed\\\/ebook\\\/lancamento-e-book\\\/imagem-ruina-2\\\/#breadcrumb\"},\"inLanguage\":\"pt-BR\",\"potentialAction\":[{\"@type\":\"ReadAction\",\"target\":[\"https:\\\/\\\/ponteseditores.com.br\\\/loja3\\\/pontes-editores-home-2__trashed\\\/ebook\\\/lancamento-e-book\\\/imagem-ruina-2\\\/\"]}]},{\"@type\":\"ImageObject\",\"inLanguage\":\"pt-BR\",\"@id\":\"https:\\\/\\\/ponteseditores.com.br\\\/loja3\\\/pontes-editores-home-2__trashed\\\/ebook\\\/lancamento-e-book\\\/imagem-ruina-2\\\/#primaryimage\",\"url\":\"https:\\\/\\\/ponteseditores.com.br\\\/loja3\\\/wp-content\\\/uploads\\\/2024\\\/07\\\/Capa_Imagem_Ruina.jpg\",\"contentUrl\":\"https:\\\/\\\/ponteseditores.com.br\\\/loja3\\\/wp-content\\\/uploads\\\/2024\\\/07\\\/Capa_Imagem_Ruina.jpg\",\"width\":1728,\"height\":2443},{\"@type\":\"BreadcrumbList\",\"@id\":\"https:\\\/\\\/ponteseditores.com.br\\\/loja3\\\/pontes-editores-home-2__trashed\\\/ebook\\\/lancamento-e-book\\\/imagem-ruina-2\\\/#breadcrumb\",\"itemListElement\":[{\"@type\":\"ListItem\",\"position\":1,\"name\":\"Home\",\"item\":\"https:\\\/\\\/ponteseditores.com.br\\\/loja3\\\/\"},{\"@type\":\"ListItem\",\"position\":2,\"name\":\"loja\",\"item\":\"https:\\\/\\\/ponteseditores.com.br\\\/loja3\\\/loja\\\/\"},{\"@type\":\"ListItem\",\"position\":3,\"name\":\"Imagem &#038; Ru\u00edna\"}]},{\"@type\":\"WebSite\",\"@id\":\"https:\\\/\\\/ponteseditores.com.br\\\/loja3\\\/#website\",\"url\":\"https:\\\/\\\/ponteseditores.com.br\\\/loja3\\\/\",\"name\":\"Pontes Editores\",\"description\":\"Pontes Editores\",\"publisher\":{\"@id\":\"https:\\\/\\\/ponteseditores.com.br\\\/loja3\\\/#organization\"},\"potentialAction\":[{\"@type\":\"SearchAction\",\"target\":{\"@type\":\"EntryPoint\",\"urlTemplate\":\"https:\\\/\\\/ponteseditores.com.br\\\/loja3\\\/?s={search_term_string}\"},\"query-input\":{\"@type\":\"PropertyValueSpecification\",\"valueRequired\":true,\"valueName\":\"search_term_string\"}}],\"inLanguage\":\"pt-BR\"},{\"@type\":\"Organization\",\"@id\":\"https:\\\/\\\/ponteseditores.com.br\\\/loja3\\\/#organization\",\"name\":\"Pontes Editores\",\"url\":\"https:\\\/\\\/ponteseditores.com.br\\\/loja3\\\/\",\"logo\":{\"@type\":\"ImageObject\",\"inLanguage\":\"pt-BR\",\"@id\":\"https:\\\/\\\/ponteseditores.com.br\\\/loja3\\\/#\\\/schema\\\/logo\\\/image\\\/\",\"url\":\"https:\\\/\\\/ponteseditores.com.br\\\/loja3\\\/wp-content\\\/uploads\\\/2023\\\/12\\\/logo-pontes-editores-v2.png\",\"contentUrl\":\"https:\\\/\\\/ponteseditores.com.br\\\/loja3\\\/wp-content\\\/uploads\\\/2023\\\/12\\\/logo-pontes-editores-v2.png\",\"width\":258,\"height\":100,\"caption\":\"Pontes Editores\"},\"image\":{\"@id\":\"https:\\\/\\\/ponteseditores.com.br\\\/loja3\\\/#\\\/schema\\\/logo\\\/image\\\/\"}}]}<\/script>\n<!-- \/ Yoast SEO plugin. -->","yoast_head_json":{"title":"Imagem & Ru\u00edna - Pontes Editores","robots":{"index":"index","follow":"follow","max-snippet":"max-snippet:-1","max-image-preview":"max-image-preview:large","max-video-preview":"max-video-preview:-1"},"canonical":"https:\/\/ponteseditores.com.br\/loja3\/pontes-editores-home-2__trashed\/ebook\/lancamento-e-book\/imagem-ruina-2\/","og_locale":"pt_BR","og_type":"article","og_title":"Imagem & Ru\u00edna - Pontes Editores","og_description":"Do culto neocl\u00e1ssico aos monumentos antigos \u00e0 valoriza\u00e7\u00e3o rom\u00e2ntica da arquitetura g\u00f3tica; do horror provocado pelos escombros das Guerras Mundiais \u00e0 desilus\u00e3o em face \u00e0 decrepitude das f\u00e1bricas e usinas abandonadas, a experi\u00eancia das ru\u00ednas vem plasmando formas fundamentais de consci\u00eancia hist\u00f3rica. Por meio dela, ocorre uma complexa negocia\u00e7\u00e3o entre temporalidades: a constru\u00e7\u00e3o discursiva sobre [&hellip;]","og_url":"https:\/\/ponteseditores.com.br\/loja3\/pontes-editores-home-2__trashed\/ebook\/lancamento-e-book\/imagem-ruina-2\/","og_site_name":"Pontes Editores","article_modified_time":"2024-10-08T14:29:04+00:00","og_image":[{"width":1728,"height":2443,"url":"https:\/\/ponteseditores.com.br\/loja3\/wp-content\/uploads\/2024\/07\/Capa_Imagem_Ruina.jpg","type":"image\/jpeg"}],"twitter_card":"summary_large_image","twitter_misc":{"Est. tempo de leitura":"2 minutos"},"schema":{"@context":"https:\/\/schema.org","@graph":[{"@type":"WebPage","@id":"https:\/\/ponteseditores.com.br\/loja3\/pontes-editores-home-2__trashed\/ebook\/lancamento-e-book\/imagem-ruina-2\/","url":"https:\/\/ponteseditores.com.br\/loja3\/pontes-editores-home-2__trashed\/ebook\/lancamento-e-book\/imagem-ruina-2\/","name":"Imagem & Ru\u00edna - Pontes Editores","isPartOf":{"@id":"https:\/\/ponteseditores.com.br\/loja3\/#website"},"primaryImageOfPage":{"@id":"https:\/\/ponteseditores.com.br\/loja3\/pontes-editores-home-2__trashed\/ebook\/lancamento-e-book\/imagem-ruina-2\/#primaryimage"},"image":{"@id":"https:\/\/ponteseditores.com.br\/loja3\/pontes-editores-home-2__trashed\/ebook\/lancamento-e-book\/imagem-ruina-2\/#primaryimage"},"thumbnailUrl":"https:\/\/ponteseditores.com.br\/loja3\/wp-content\/uploads\/2024\/07\/Capa_Imagem_Ruina.jpg","datePublished":"2024-07-29T13:47:27+00:00","dateModified":"2024-10-08T14:29:04+00:00","breadcrumb":{"@id":"https:\/\/ponteseditores.com.br\/loja3\/pontes-editores-home-2__trashed\/ebook\/lancamento-e-book\/imagem-ruina-2\/#breadcrumb"},"inLanguage":"pt-BR","potentialAction":[{"@type":"ReadAction","target":["https:\/\/ponteseditores.com.br\/loja3\/pontes-editores-home-2__trashed\/ebook\/lancamento-e-book\/imagem-ruina-2\/"]}]},{"@type":"ImageObject","inLanguage":"pt-BR","@id":"https:\/\/ponteseditores.com.br\/loja3\/pontes-editores-home-2__trashed\/ebook\/lancamento-e-book\/imagem-ruina-2\/#primaryimage","url":"https:\/\/ponteseditores.com.br\/loja3\/wp-content\/uploads\/2024\/07\/Capa_Imagem_Ruina.jpg","contentUrl":"https:\/\/ponteseditores.com.br\/loja3\/wp-content\/uploads\/2024\/07\/Capa_Imagem_Ruina.jpg","width":1728,"height":2443},{"@type":"BreadcrumbList","@id":"https:\/\/ponteseditores.com.br\/loja3\/pontes-editores-home-2__trashed\/ebook\/lancamento-e-book\/imagem-ruina-2\/#breadcrumb","itemListElement":[{"@type":"ListItem","position":1,"name":"Home","item":"https:\/\/ponteseditores.com.br\/loja3\/"},{"@type":"ListItem","position":2,"name":"loja","item":"https:\/\/ponteseditores.com.br\/loja3\/loja\/"},{"@type":"ListItem","position":3,"name":"Imagem &#038; Ru\u00edna"}]},{"@type":"WebSite","@id":"https:\/\/ponteseditores.com.br\/loja3\/#website","url":"https:\/\/ponteseditores.com.br\/loja3\/","name":"Pontes Editores","description":"Pontes Editores","publisher":{"@id":"https:\/\/ponteseditores.com.br\/loja3\/#organization"},"potentialAction":[{"@type":"SearchAction","target":{"@type":"EntryPoint","urlTemplate":"https:\/\/ponteseditores.com.br\/loja3\/?s={search_term_string}"},"query-input":{"@type":"PropertyValueSpecification","valueRequired":true,"valueName":"search_term_string"}}],"inLanguage":"pt-BR"},{"@type":"Organization","@id":"https:\/\/ponteseditores.com.br\/loja3\/#organization","name":"Pontes Editores","url":"https:\/\/ponteseditores.com.br\/loja3\/","logo":{"@type":"ImageObject","inLanguage":"pt-BR","@id":"https:\/\/ponteseditores.com.br\/loja3\/#\/schema\/logo\/image\/","url":"https:\/\/ponteseditores.com.br\/loja3\/wp-content\/uploads\/2023\/12\/logo-pontes-editores-v2.png","contentUrl":"https:\/\/ponteseditores.com.br\/loja3\/wp-content\/uploads\/2023\/12\/logo-pontes-editores-v2.png","width":258,"height":100,"caption":"Pontes Editores"},"image":{"@id":"https:\/\/ponteseditores.com.br\/loja3\/#\/schema\/logo\/image\/"}}]}},"_links":{"self":[{"href":"https:\/\/ponteseditores.com.br\/loja3\/wp-json\/wp\/v2\/product\/14219","targetHints":{"allow":["GET"]}}],"collection":[{"href":"https:\/\/ponteseditores.com.br\/loja3\/wp-json\/wp\/v2\/product"}],"about":[{"href":"https:\/\/ponteseditores.com.br\/loja3\/wp-json\/wp\/v2\/types\/product"}],"replies":[{"embeddable":true,"href":"https:\/\/ponteseditores.com.br\/loja3\/wp-json\/wp\/v2\/comments?post=14219"}],"version-history":[{"count":1,"href":"https:\/\/ponteseditores.com.br\/loja3\/wp-json\/wp\/v2\/product\/14219\/revisions"}],"predecessor-version":[{"id":14459,"href":"https:\/\/ponteseditores.com.br\/loja3\/wp-json\/wp\/v2\/product\/14219\/revisions\/14459"}],"wp:featuredmedia":[{"embeddable":true,"href":"https:\/\/ponteseditores.com.br\/loja3\/wp-json\/wp\/v2\/media\/13875"}],"wp:attachment":[{"href":"https:\/\/ponteseditores.com.br\/loja3\/wp-json\/wp\/v2\/media?parent=14219"}],"wp:term":[{"taxonomy":"product_brand","embeddable":true,"href":"https:\/\/ponteseditores.com.br\/loja3\/wp-json\/wp\/v2\/product_brand?post=14219"},{"taxonomy":"product_cat","embeddable":true,"href":"https:\/\/ponteseditores.com.br\/loja3\/wp-json\/wp\/v2\/product_cat?post=14219"},{"taxonomy":"product_tag","embeddable":true,"href":"https:\/\/ponteseditores.com.br\/loja3\/wp-json\/wp\/v2\/product_tag?post=14219"}],"curies":[{"name":"wp","href":"https:\/\/api.w.org\/{rel}","templated":true}]}}