{"id":14035,"date":"2024-07-22T18:29:58","date_gmt":"2024-07-22T21:29:58","guid":{"rendered":"https:\/\/ponteseditores.com.br\/loja3\/?post_type=product&#038;p=14035"},"modified":"2024-10-08T11:29:05","modified_gmt":"2024-10-08T14:29:05","slug":"anais-do-ii-congresso-de-extensao-universitaria-da-uneb-extensao-universitaria-nas-bordas-multiterritoriais","status":"publish","type":"product","link":"https:\/\/ponteseditores.com.br\/loja3\/pontes-editores-home-2__trashed\/ebook\/lancamento-e-book\/anais-do-ii-congresso-de-extensao-universitaria-da-uneb-extensao-universitaria-nas-bordas-multiterritoriais\/","title":{"rendered":"Anais do II Congresso de Extens\u00e3o Universit\u00e1ria da UNEB: extens\u00e3o universit\u00e1ria nas bordas multiterritoriais"},"content":{"rendered":"<p>O Congresso de Extens\u00e3o Universit\u00e1ria da UNEB (CEU) \u00e9 um espa\u00e7o m\u00faltiplo e plural para o debate de temas emergentes que venham colaborar com a reflex\u00e3o acerca da extens\u00e3o universit\u00e1ria, como dimens\u00e3o acad\u00eamica que se entrela\u00e7a com o ensino e a pesquisa de forma indissoci\u00e1vel, e seu papel singular na rela\u00e7\u00e3o da universidade com a sociedade, sobretudo, na UNEB, pela sua capilaridade multicampi.<\/p>\n<p>&nbsp;<\/p>\n<p>O II CEU aconteceu no campus de Seabra, selecionado por chamada p\u00fablica aberta aos Campi do interior para sediar o evento, sob a tem\u00e1tica \u201cExtens\u00e3o Universit\u00e1ria nas bordas multiterritoriais\u201d. Assim, constru\u00edmos o II CEU como um espa\u00e7o de compartilhamento de experi\u00eancias e, pelas\/nas bordas das multiterritorialidades, vamos nos pensar\/fazer as Pol\u00edticas\/A\u00e7\u00f5es da Extens\u00e3o Universit\u00e1ria juntes.<\/p>\n<p>&nbsp;<\/p>\n<p>Neste sentido, seguem os Anais com todos os trabalhos submetidos e\/ou apresentados no Congresso, como Paineis, subdivididos por \u00e1rea tem\u00e1tica da extens\u00e3o: Comunica\u00e7\u00e3o, Cultura, Direitos Humanos e Justi\u00e7a, Educa\u00e7\u00e3o, Meio Ambiente, Sa\u00fade, Tecnologia e Produ\u00e7\u00e3o e Trabalho. Cada painel cont\u00e9m o seu resumo e\/ou os artigos, ensaios ou relatos de experi\u00eancias vinculados a este.<\/p>\n<p>&nbsp;<\/p>\n<p>Tamb\u00e9m fazem parte desta publica\u00e7\u00e3o as cartas oriundas das Rodas de Extens\u00e3o e o relato do Encontro das Coordena\u00e7\u00f5es da Universidade Aberta \u00e0 Terceira Idade da UNEB, inspiradas na metodologia dos movimentos sociais \u2013 das escritas colaborativas. Assim, este documento \u00e9 um exerc\u00edcio de traduzibilidade dos a-com-teceres da extens\u00e3o universit\u00e1ria, no campus da UNEB de Seabra.<\/p>\n","protected":false},"excerpt":{"rendered":"<p>O Congresso de Extens\u00e3o Universit\u00e1ria da UNEB (CEU) \u00e9 um espa\u00e7o m\u00faltiplo e plural para o debate de temas emergentes que venham colaborar com a reflex\u00e3o acerca da extens\u00e3o universit\u00e1ria, como dimens\u00e3o acad\u00eamica que se entrela\u00e7a com o ensino e a pesquisa de forma indissoci\u00e1vel, e seu papel singular na rela\u00e7\u00e3o da universidade com a [&hellip;]<\/p>\n","protected":false},"featured_media":14037,"comment_status":"open","ping_status":"closed","template":"","meta":{"_joinchat":[]},"product_brand":[],"product_cat":[165,386,31],"product_tag":[],"class_list":{"0":"post-14035","1":"product","2":"type-product","3":"status-publish","4":"has-post-thumbnail","6":"product_cat-ebook","7":"product_cat-lancamento-e-book","8":"product_cat-linguistica","9":"product_shipping_class-download","11":"first","12":"instock","13":"downloadable","14":"virtual","15":"purchasable","16":"product-type-simple"},"yoast_head":"<!-- This site is optimized with the Yoast SEO plugin v27.4 - https:\/\/yoast.com\/product\/yoast-seo-wordpress\/ -->\n<title>Anais do II Congresso de Extens\u00e3o Universit\u00e1ria da UNEB: extens\u00e3o universit\u00e1ria nas bordas multiterritoriais - Pontes Editores<\/title>\n<meta name=\"robots\" content=\"index, follow, max-snippet:-1, max-image-preview:large, max-video-preview:-1\" \/>\n<link rel=\"canonical\" href=\"https:\/\/ponteseditores.com.br\/loja3\/pontes-editores-home-2__trashed\/ebook\/lancamento-e-book\/anais-do-ii-congresso-de-extensao-universitaria-da-uneb-extensao-universitaria-nas-bordas-multiterritoriais\/\" \/>\n<meta property=\"og:locale\" content=\"pt_BR\" \/>\n<meta property=\"og:type\" content=\"article\" \/>\n<meta property=\"og:title\" content=\"Anais do II Congresso de Extens\u00e3o Universit\u00e1ria da UNEB: extens\u00e3o universit\u00e1ria nas bordas multiterritoriais - Pontes Editores\" \/>\n<meta property=\"og:description\" content=\"O Congresso de Extens\u00e3o Universit\u00e1ria da UNEB (CEU) \u00e9 um espa\u00e7o m\u00faltiplo e plural para o debate de temas emergentes que venham colaborar com a reflex\u00e3o acerca da extens\u00e3o universit\u00e1ria, como dimens\u00e3o acad\u00eamica que se entrela\u00e7a com o ensino e a pesquisa de forma indissoci\u00e1vel, e seu papel singular na rela\u00e7\u00e3o da universidade com a [&hellip;]\" \/>\n<meta property=\"og:url\" content=\"https:\/\/ponteseditores.com.br\/loja3\/pontes-editores-home-2__trashed\/ebook\/lancamento-e-book\/anais-do-ii-congresso-de-extensao-universitaria-da-uneb-extensao-universitaria-nas-bordas-multiterritoriais\/\" \/>\n<meta property=\"og:site_name\" content=\"Pontes Editores\" \/>\n<meta property=\"article:modified_time\" content=\"2024-10-08T14:29:05+00:00\" \/>\n<meta property=\"og:image\" content=\"https:\/\/ponteseditores.com.br\/loja3\/wp-content\/uploads\/2024\/07\/Capa_CEU-UNEB.jpg\" \/>\n\t<meta property=\"og:image:width\" content=\"945\" \/>\n\t<meta property=\"og:image:height\" content=\"1358\" \/>\n\t<meta property=\"og:image:type\" content=\"image\/jpeg\" \/>\n<meta name=\"twitter:card\" content=\"summary_large_image\" \/>\n<meta name=\"twitter:label1\" content=\"Est. tempo de leitura\" \/>\n\t<meta name=\"twitter:data1\" content=\"2 minutos\" \/>\n<script type=\"application\/ld+json\" class=\"yoast-schema-graph\">{\"@context\":\"https:\\\/\\\/schema.org\",\"@graph\":[{\"@type\":\"WebPage\",\"@id\":\"https:\\\/\\\/ponteseditores.com.br\\\/loja3\\\/pontes-editores-home-2__trashed\\\/ebook\\\/lancamento-e-book\\\/anais-do-ii-congresso-de-extensao-universitaria-da-uneb-extensao-universitaria-nas-bordas-multiterritoriais\\\/\",\"url\":\"https:\\\/\\\/ponteseditores.com.br\\\/loja3\\\/pontes-editores-home-2__trashed\\\/ebook\\\/lancamento-e-book\\\/anais-do-ii-congresso-de-extensao-universitaria-da-uneb-extensao-universitaria-nas-bordas-multiterritoriais\\\/\",\"name\":\"Anais do II Congresso de Extens\u00e3o Universit\u00e1ria da UNEB: extens\u00e3o universit\u00e1ria nas bordas multiterritoriais - Pontes Editores\",\"isPartOf\":{\"@id\":\"https:\\\/\\\/ponteseditores.com.br\\\/loja3\\\/#website\"},\"primaryImageOfPage\":{\"@id\":\"https:\\\/\\\/ponteseditores.com.br\\\/loja3\\\/pontes-editores-home-2__trashed\\\/ebook\\\/lancamento-e-book\\\/anais-do-ii-congresso-de-extensao-universitaria-da-uneb-extensao-universitaria-nas-bordas-multiterritoriais\\\/#primaryimage\"},\"image\":{\"@id\":\"https:\\\/\\\/ponteseditores.com.br\\\/loja3\\\/pontes-editores-home-2__trashed\\\/ebook\\\/lancamento-e-book\\\/anais-do-ii-congresso-de-extensao-universitaria-da-uneb-extensao-universitaria-nas-bordas-multiterritoriais\\\/#primaryimage\"},\"thumbnailUrl\":\"https:\\\/\\\/ponteseditores.com.br\\\/loja3\\\/wp-content\\\/uploads\\\/2024\\\/07\\\/Capa_CEU-UNEB.jpg\",\"datePublished\":\"2024-07-22T21:29:58+00:00\",\"dateModified\":\"2024-10-08T14:29:05+00:00\",\"breadcrumb\":{\"@id\":\"https:\\\/\\\/ponteseditores.com.br\\\/loja3\\\/pontes-editores-home-2__trashed\\\/ebook\\\/lancamento-e-book\\\/anais-do-ii-congresso-de-extensao-universitaria-da-uneb-extensao-universitaria-nas-bordas-multiterritoriais\\\/#breadcrumb\"},\"inLanguage\":\"pt-BR\",\"potentialAction\":[{\"@type\":\"ReadAction\",\"target\":[\"https:\\\/\\\/ponteseditores.com.br\\\/loja3\\\/pontes-editores-home-2__trashed\\\/ebook\\\/lancamento-e-book\\\/anais-do-ii-congresso-de-extensao-universitaria-da-uneb-extensao-universitaria-nas-bordas-multiterritoriais\\\/\"]}]},{\"@type\":\"ImageObject\",\"inLanguage\":\"pt-BR\",\"@id\":\"https:\\\/\\\/ponteseditores.com.br\\\/loja3\\\/pontes-editores-home-2__trashed\\\/ebook\\\/lancamento-e-book\\\/anais-do-ii-congresso-de-extensao-universitaria-da-uneb-extensao-universitaria-nas-bordas-multiterritoriais\\\/#primaryimage\",\"url\":\"https:\\\/\\\/ponteseditores.com.br\\\/loja3\\\/wp-content\\\/uploads\\\/2024\\\/07\\\/Capa_CEU-UNEB.jpg\",\"contentUrl\":\"https:\\\/\\\/ponteseditores.com.br\\\/loja3\\\/wp-content\\\/uploads\\\/2024\\\/07\\\/Capa_CEU-UNEB.jpg\",\"width\":945,\"height\":1358},{\"@type\":\"BreadcrumbList\",\"@id\":\"https:\\\/\\\/ponteseditores.com.br\\\/loja3\\\/pontes-editores-home-2__trashed\\\/ebook\\\/lancamento-e-book\\\/anais-do-ii-congresso-de-extensao-universitaria-da-uneb-extensao-universitaria-nas-bordas-multiterritoriais\\\/#breadcrumb\",\"itemListElement\":[{\"@type\":\"ListItem\",\"position\":1,\"name\":\"Home\",\"item\":\"https:\\\/\\\/ponteseditores.com.br\\\/loja3\\\/\"},{\"@type\":\"ListItem\",\"position\":2,\"name\":\"loja\",\"item\":\"https:\\\/\\\/ponteseditores.com.br\\\/loja3\\\/loja\\\/\"},{\"@type\":\"ListItem\",\"position\":3,\"name\":\"Anais do II Congresso de Extens\u00e3o Universit\u00e1ria da UNEB: extens\u00e3o universit\u00e1ria nas bordas multiterritoriais\"}]},{\"@type\":\"WebSite\",\"@id\":\"https:\\\/\\\/ponteseditores.com.br\\\/loja3\\\/#website\",\"url\":\"https:\\\/\\\/ponteseditores.com.br\\\/loja3\\\/\",\"name\":\"Pontes Editores\",\"description\":\"Pontes Editores\",\"publisher\":{\"@id\":\"https:\\\/\\\/ponteseditores.com.br\\\/loja3\\\/#organization\"},\"potentialAction\":[{\"@type\":\"SearchAction\",\"target\":{\"@type\":\"EntryPoint\",\"urlTemplate\":\"https:\\\/\\\/ponteseditores.com.br\\\/loja3\\\/?s={search_term_string}\"},\"query-input\":{\"@type\":\"PropertyValueSpecification\",\"valueRequired\":true,\"valueName\":\"search_term_string\"}}],\"inLanguage\":\"pt-BR\"},{\"@type\":\"Organization\",\"@id\":\"https:\\\/\\\/ponteseditores.com.br\\\/loja3\\\/#organization\",\"name\":\"Pontes Editores\",\"url\":\"https:\\\/\\\/ponteseditores.com.br\\\/loja3\\\/\",\"logo\":{\"@type\":\"ImageObject\",\"inLanguage\":\"pt-BR\",\"@id\":\"https:\\\/\\\/ponteseditores.com.br\\\/loja3\\\/#\\\/schema\\\/logo\\\/image\\\/\",\"url\":\"https:\\\/\\\/ponteseditores.com.br\\\/loja3\\\/wp-content\\\/uploads\\\/2023\\\/12\\\/logo-pontes-editores-v2.png\",\"contentUrl\":\"https:\\\/\\\/ponteseditores.com.br\\\/loja3\\\/wp-content\\\/uploads\\\/2023\\\/12\\\/logo-pontes-editores-v2.png\",\"width\":258,\"height\":100,\"caption\":\"Pontes Editores\"},\"image\":{\"@id\":\"https:\\\/\\\/ponteseditores.com.br\\\/loja3\\\/#\\\/schema\\\/logo\\\/image\\\/\"}}]}<\/script>\n<!-- \/ Yoast SEO plugin. -->","yoast_head_json":{"title":"Anais do II Congresso de Extens\u00e3o Universit\u00e1ria da UNEB: extens\u00e3o universit\u00e1ria nas bordas multiterritoriais - Pontes Editores","robots":{"index":"index","follow":"follow","max-snippet":"max-snippet:-1","max-image-preview":"max-image-preview:large","max-video-preview":"max-video-preview:-1"},"canonical":"https:\/\/ponteseditores.com.br\/loja3\/pontes-editores-home-2__trashed\/ebook\/lancamento-e-book\/anais-do-ii-congresso-de-extensao-universitaria-da-uneb-extensao-universitaria-nas-bordas-multiterritoriais\/","og_locale":"pt_BR","og_type":"article","og_title":"Anais do II Congresso de Extens\u00e3o Universit\u00e1ria da UNEB: extens\u00e3o universit\u00e1ria nas bordas multiterritoriais - Pontes Editores","og_description":"O Congresso de Extens\u00e3o Universit\u00e1ria da UNEB (CEU) \u00e9 um espa\u00e7o m\u00faltiplo e plural para o debate de temas emergentes que venham colaborar com a reflex\u00e3o acerca da extens\u00e3o universit\u00e1ria, como dimens\u00e3o acad\u00eamica que se entrela\u00e7a com o ensino e a pesquisa de forma indissoci\u00e1vel, e seu papel singular na rela\u00e7\u00e3o da universidade com a [&hellip;]","og_url":"https:\/\/ponteseditores.com.br\/loja3\/pontes-editores-home-2__trashed\/ebook\/lancamento-e-book\/anais-do-ii-congresso-de-extensao-universitaria-da-uneb-extensao-universitaria-nas-bordas-multiterritoriais\/","og_site_name":"Pontes Editores","article_modified_time":"2024-10-08T14:29:05+00:00","og_image":[{"width":945,"height":1358,"url":"https:\/\/ponteseditores.com.br\/loja3\/wp-content\/uploads\/2024\/07\/Capa_CEU-UNEB.jpg","type":"image\/jpeg"}],"twitter_card":"summary_large_image","twitter_misc":{"Est. tempo de leitura":"2 minutos"},"schema":{"@context":"https:\/\/schema.org","@graph":[{"@type":"WebPage","@id":"https:\/\/ponteseditores.com.br\/loja3\/pontes-editores-home-2__trashed\/ebook\/lancamento-e-book\/anais-do-ii-congresso-de-extensao-universitaria-da-uneb-extensao-universitaria-nas-bordas-multiterritoriais\/","url":"https:\/\/ponteseditores.com.br\/loja3\/pontes-editores-home-2__trashed\/ebook\/lancamento-e-book\/anais-do-ii-congresso-de-extensao-universitaria-da-uneb-extensao-universitaria-nas-bordas-multiterritoriais\/","name":"Anais do II Congresso de Extens\u00e3o Universit\u00e1ria da UNEB: extens\u00e3o universit\u00e1ria nas bordas multiterritoriais - Pontes Editores","isPartOf":{"@id":"https:\/\/ponteseditores.com.br\/loja3\/#website"},"primaryImageOfPage":{"@id":"https:\/\/ponteseditores.com.br\/loja3\/pontes-editores-home-2__trashed\/ebook\/lancamento-e-book\/anais-do-ii-congresso-de-extensao-universitaria-da-uneb-extensao-universitaria-nas-bordas-multiterritoriais\/#primaryimage"},"image":{"@id":"https:\/\/ponteseditores.com.br\/loja3\/pontes-editores-home-2__trashed\/ebook\/lancamento-e-book\/anais-do-ii-congresso-de-extensao-universitaria-da-uneb-extensao-universitaria-nas-bordas-multiterritoriais\/#primaryimage"},"thumbnailUrl":"https:\/\/ponteseditores.com.br\/loja3\/wp-content\/uploads\/2024\/07\/Capa_CEU-UNEB.jpg","datePublished":"2024-07-22T21:29:58+00:00","dateModified":"2024-10-08T14:29:05+00:00","breadcrumb":{"@id":"https:\/\/ponteseditores.com.br\/loja3\/pontes-editores-home-2__trashed\/ebook\/lancamento-e-book\/anais-do-ii-congresso-de-extensao-universitaria-da-uneb-extensao-universitaria-nas-bordas-multiterritoriais\/#breadcrumb"},"inLanguage":"pt-BR","potentialAction":[{"@type":"ReadAction","target":["https:\/\/ponteseditores.com.br\/loja3\/pontes-editores-home-2__trashed\/ebook\/lancamento-e-book\/anais-do-ii-congresso-de-extensao-universitaria-da-uneb-extensao-universitaria-nas-bordas-multiterritoriais\/"]}]},{"@type":"ImageObject","inLanguage":"pt-BR","@id":"https:\/\/ponteseditores.com.br\/loja3\/pontes-editores-home-2__trashed\/ebook\/lancamento-e-book\/anais-do-ii-congresso-de-extensao-universitaria-da-uneb-extensao-universitaria-nas-bordas-multiterritoriais\/#primaryimage","url":"https:\/\/ponteseditores.com.br\/loja3\/wp-content\/uploads\/2024\/07\/Capa_CEU-UNEB.jpg","contentUrl":"https:\/\/ponteseditores.com.br\/loja3\/wp-content\/uploads\/2024\/07\/Capa_CEU-UNEB.jpg","width":945,"height":1358},{"@type":"BreadcrumbList","@id":"https:\/\/ponteseditores.com.br\/loja3\/pontes-editores-home-2__trashed\/ebook\/lancamento-e-book\/anais-do-ii-congresso-de-extensao-universitaria-da-uneb-extensao-universitaria-nas-bordas-multiterritoriais\/#breadcrumb","itemListElement":[{"@type":"ListItem","position":1,"name":"Home","item":"https:\/\/ponteseditores.com.br\/loja3\/"},{"@type":"ListItem","position":2,"name":"loja","item":"https:\/\/ponteseditores.com.br\/loja3\/loja\/"},{"@type":"ListItem","position":3,"name":"Anais do II Congresso de Extens\u00e3o Universit\u00e1ria da UNEB: extens\u00e3o universit\u00e1ria nas bordas multiterritoriais"}]},{"@type":"WebSite","@id":"https:\/\/ponteseditores.com.br\/loja3\/#website","url":"https:\/\/ponteseditores.com.br\/loja3\/","name":"Pontes Editores","description":"Pontes Editores","publisher":{"@id":"https:\/\/ponteseditores.com.br\/loja3\/#organization"},"potentialAction":[{"@type":"SearchAction","target":{"@type":"EntryPoint","urlTemplate":"https:\/\/ponteseditores.com.br\/loja3\/?s={search_term_string}"},"query-input":{"@type":"PropertyValueSpecification","valueRequired":true,"valueName":"search_term_string"}}],"inLanguage":"pt-BR"},{"@type":"Organization","@id":"https:\/\/ponteseditores.com.br\/loja3\/#organization","name":"Pontes Editores","url":"https:\/\/ponteseditores.com.br\/loja3\/","logo":{"@type":"ImageObject","inLanguage":"pt-BR","@id":"https:\/\/ponteseditores.com.br\/loja3\/#\/schema\/logo\/image\/","url":"https:\/\/ponteseditores.com.br\/loja3\/wp-content\/uploads\/2023\/12\/logo-pontes-editores-v2.png","contentUrl":"https:\/\/ponteseditores.com.br\/loja3\/wp-content\/uploads\/2023\/12\/logo-pontes-editores-v2.png","width":258,"height":100,"caption":"Pontes Editores"},"image":{"@id":"https:\/\/ponteseditores.com.br\/loja3\/#\/schema\/logo\/image\/"}}]}},"_links":{"self":[{"href":"https:\/\/ponteseditores.com.br\/loja3\/wp-json\/wp\/v2\/product\/14035","targetHints":{"allow":["GET"]}}],"collection":[{"href":"https:\/\/ponteseditores.com.br\/loja3\/wp-json\/wp\/v2\/product"}],"about":[{"href":"https:\/\/ponteseditores.com.br\/loja3\/wp-json\/wp\/v2\/types\/product"}],"replies":[{"embeddable":true,"href":"https:\/\/ponteseditores.com.br\/loja3\/wp-json\/wp\/v2\/comments?post=14035"}],"version-history":[{"count":0,"href":"https:\/\/ponteseditores.com.br\/loja3\/wp-json\/wp\/v2\/product\/14035\/revisions"}],"wp:featuredmedia":[{"embeddable":true,"href":"https:\/\/ponteseditores.com.br\/loja3\/wp-json\/wp\/v2\/media\/14037"}],"wp:attachment":[{"href":"https:\/\/ponteseditores.com.br\/loja3\/wp-json\/wp\/v2\/media?parent=14035"}],"wp:term":[{"taxonomy":"product_brand","embeddable":true,"href":"https:\/\/ponteseditores.com.br\/loja3\/wp-json\/wp\/v2\/product_brand?post=14035"},{"taxonomy":"product_cat","embeddable":true,"href":"https:\/\/ponteseditores.com.br\/loja3\/wp-json\/wp\/v2\/product_cat?post=14035"},{"taxonomy":"product_tag","embeddable":true,"href":"https:\/\/ponteseditores.com.br\/loja3\/wp-json\/wp\/v2\/product_tag?post=14035"}],"curies":[{"name":"wp","href":"https:\/\/api.w.org\/{rel}","templated":true}]}}