{"id":12573,"date":"2024-05-22T18:34:16","date_gmt":"2024-05-22T21:34:16","guid":{"rendered":"https:\/\/ponteseditores.com.br\/loja3\/?post_type=product&#038;p=12573"},"modified":"2024-10-08T11:29:06","modified_gmt":"2024-10-08T14:29:06","slug":"bilinguismo-e-leitura-contribuicoes-da-psicolinguistica-2","status":"publish","type":"product","link":"https:\/\/ponteseditores.com.br\/loja3\/pontes-editores-home-2__trashed\/ebook\/lancamento-e-book\/bilinguismo-e-leitura-contribuicoes-da-psicolinguistica-2\/","title":{"rendered":"Bilinguismo e Leitura: contribui\u00e7\u00f5es da psicolingu\u00edstica"},"content":{"rendered":"<p>O impacto da leitura em diferentes perfis de falantes bil\u00edngues, com diferentes graus de domin\u00e2ncia lingu\u00edstica e provenientes de diversos contextos de aquisi\u00e7\u00e3o, ainda \u00e9 uma \u00e1rea pouco explorada. Apesar disso, observamos avan\u00e7os significativos nos \u00faltimos anos, tanto na did\u00e1tica das l\u00ednguas quanto na psicolingu\u00edstica (\u2026). Da mesma forma, a pesquisa sobre as compet\u00eancias de leitura em adultos bil\u00edngues tem proporcionado importantes contributos. (\u2026) A interse\u00e7\u00e3o entre bilinguismo e compet\u00eancias de leitura, por meio da investiga\u00e7\u00e3o emp\u00edrica, oferece uma oportunidade \u00fanica para desmistificar ideias persistentes sobre a aquisi\u00e7\u00e3o de linguagem e a educa\u00e7\u00e3o em contextos bil\u00edngues, especialmente aqueles associados a fen\u00f4menos de migra\u00e7\u00e3o, de ref\u00fagio e a grupos \u00e9tnicos em risco de exclus\u00e3o. Compreender as implica\u00e7\u00f5es psicolingu\u00edsticas dos processos de leitura em v\u00e1rias l\u00ednguas de um falante bil\u00edngue representa, pois, um passo fundamental nesse empreendimento.<\/p>\n<p>Nesse contexto, o presente volume \u00e9 como um convite para explorar temas t\u00e3o diversificados e complexos como o papel da consist\u00eancia ortogr\u00e1fica, a consci\u00eancia metalingu\u00edstica, estrat\u00e9gias adaptativas e cognitivas, quest\u00f5es de acessibilidade textual, pr\u00e1ticas pluril\u00edngues em programas de intercompreens\u00e3o, a leitura compartilhada, a coativa\u00e7\u00e3o lingu\u00edstica, as novas fronteiras abertas pela leitura bil\u00edngue com o uso da tecnologia e a interpreta\u00e7\u00e3o cognitiva de textos para tradu\u00e7\u00e3o.<\/p>\n<p>A explora\u00e7\u00e3o desses t\u00f3picos revela a riqueza e a complexidade do universo da leitura em contextos bil\u00edngues, proporcionando aos educadores, investigadores e agentes pol\u00edticos a oportunidade de colaborar na explora\u00e7\u00e3o de todas as potencialidades do bilinguismo.<\/p>\n<p>Cristina Flores<\/p>\n","protected":false},"excerpt":{"rendered":"<p>O impacto da leitura em diferentes perfis de falantes bil\u00edngues, com diferentes graus de domin\u00e2ncia lingu\u00edstica e provenientes de diversos contextos de aquisi\u00e7\u00e3o, ainda \u00e9 uma \u00e1rea pouco explorada. Apesar disso, observamos avan\u00e7os significativos nos \u00faltimos anos, tanto na did\u00e1tica das l\u00ednguas quanto na psicolingu\u00edstica (\u2026). Da mesma forma, a pesquisa sobre as compet\u00eancias de [&hellip;]<\/p>\n","protected":false},"featured_media":12071,"comment_status":"open","ping_status":"closed","template":"","meta":{"_joinchat":[]},"product_brand":[],"product_cat":[165,97,386],"product_tag":[],"class_list":{"0":"post-12573","1":"product","2":"type-product","3":"status-publish","4":"has-post-thumbnail","6":"product_cat-ebook","7":"product_cat-educacao","8":"product_cat-lancamento-e-book","9":"product_shipping_class-download","11":"first","12":"instock","13":"downloadable","14":"virtual","15":"purchasable","16":"product-type-simple"},"yoast_head":"<!-- This site is optimized with the Yoast SEO plugin v27.3 - https:\/\/yoast.com\/product\/yoast-seo-wordpress\/ -->\n<title>Bilinguismo e Leitura: contribui\u00e7\u00f5es da psicolingu\u00edstica - Pontes Editores<\/title>\n<meta name=\"robots\" content=\"index, follow, max-snippet:-1, max-image-preview:large, max-video-preview:-1\" \/>\n<link rel=\"canonical\" href=\"https:\/\/ponteseditores.com.br\/loja3\/pontes-editores-home-2__trashed\/ebook\/lancamento-e-book\/bilinguismo-e-leitura-contribuicoes-da-psicolinguistica-2\/\" \/>\n<meta property=\"og:locale\" content=\"pt_BR\" \/>\n<meta property=\"og:type\" content=\"article\" \/>\n<meta property=\"og:title\" content=\"Bilinguismo e Leitura: contribui\u00e7\u00f5es da psicolingu\u00edstica - Pontes Editores\" \/>\n<meta property=\"og:description\" content=\"O impacto da leitura em diferentes perfis de falantes bil\u00edngues, com diferentes graus de domin\u00e2ncia lingu\u00edstica e provenientes de diversos contextos de aquisi\u00e7\u00e3o, ainda \u00e9 uma \u00e1rea pouco explorada. Apesar disso, observamos avan\u00e7os significativos nos \u00faltimos anos, tanto na did\u00e1tica das l\u00ednguas quanto na psicolingu\u00edstica (\u2026). Da mesma forma, a pesquisa sobre as compet\u00eancias de [&hellip;]\" \/>\n<meta property=\"og:url\" content=\"https:\/\/ponteseditores.com.br\/loja3\/pontes-editores-home-2__trashed\/ebook\/lancamento-e-book\/bilinguismo-e-leitura-contribuicoes-da-psicolinguistica-2\/\" \/>\n<meta property=\"og:site_name\" content=\"Pontes Editores\" \/>\n<meta property=\"article:modified_time\" content=\"2024-10-08T14:29:06+00:00\" \/>\n<meta property=\"og:image\" content=\"https:\/\/ponteseditores.com.br\/loja3\/wp-content\/uploads\/2024\/04\/Capa_Bilinguismo_Leitura.jpg\" \/>\n\t<meta property=\"og:image:width\" content=\"1728\" \/>\n\t<meta property=\"og:image:height\" content=\"2443\" \/>\n\t<meta property=\"og:image:type\" content=\"image\/jpeg\" \/>\n<meta name=\"twitter:card\" content=\"summary_large_image\" \/>\n<meta name=\"twitter:label1\" content=\"Est. tempo de leitura\" \/>\n\t<meta name=\"twitter:data1\" content=\"2 minutos\" \/>\n<script type=\"application\/ld+json\" class=\"yoast-schema-graph\">{\"@context\":\"https:\\\/\\\/schema.org\",\"@graph\":[{\"@type\":\"WebPage\",\"@id\":\"https:\\\/\\\/ponteseditores.com.br\\\/loja3\\\/pontes-editores-home-2__trashed\\\/ebook\\\/lancamento-e-book\\\/bilinguismo-e-leitura-contribuicoes-da-psicolinguistica-2\\\/\",\"url\":\"https:\\\/\\\/ponteseditores.com.br\\\/loja3\\\/pontes-editores-home-2__trashed\\\/ebook\\\/lancamento-e-book\\\/bilinguismo-e-leitura-contribuicoes-da-psicolinguistica-2\\\/\",\"name\":\"Bilinguismo e Leitura: contribui\u00e7\u00f5es da psicolingu\u00edstica - Pontes Editores\",\"isPartOf\":{\"@id\":\"https:\\\/\\\/ponteseditores.com.br\\\/loja3\\\/#website\"},\"primaryImageOfPage\":{\"@id\":\"https:\\\/\\\/ponteseditores.com.br\\\/loja3\\\/pontes-editores-home-2__trashed\\\/ebook\\\/lancamento-e-book\\\/bilinguismo-e-leitura-contribuicoes-da-psicolinguistica-2\\\/#primaryimage\"},\"image\":{\"@id\":\"https:\\\/\\\/ponteseditores.com.br\\\/loja3\\\/pontes-editores-home-2__trashed\\\/ebook\\\/lancamento-e-book\\\/bilinguismo-e-leitura-contribuicoes-da-psicolinguistica-2\\\/#primaryimage\"},\"thumbnailUrl\":\"https:\\\/\\\/ponteseditores.com.br\\\/loja3\\\/wp-content\\\/uploads\\\/2024\\\/04\\\/Capa_Bilinguismo_Leitura.jpg\",\"datePublished\":\"2024-05-22T21:34:16+00:00\",\"dateModified\":\"2024-10-08T14:29:06+00:00\",\"breadcrumb\":{\"@id\":\"https:\\\/\\\/ponteseditores.com.br\\\/loja3\\\/pontes-editores-home-2__trashed\\\/ebook\\\/lancamento-e-book\\\/bilinguismo-e-leitura-contribuicoes-da-psicolinguistica-2\\\/#breadcrumb\"},\"inLanguage\":\"pt-BR\",\"potentialAction\":[{\"@type\":\"ReadAction\",\"target\":[\"https:\\\/\\\/ponteseditores.com.br\\\/loja3\\\/pontes-editores-home-2__trashed\\\/ebook\\\/lancamento-e-book\\\/bilinguismo-e-leitura-contribuicoes-da-psicolinguistica-2\\\/\"]}]},{\"@type\":\"ImageObject\",\"inLanguage\":\"pt-BR\",\"@id\":\"https:\\\/\\\/ponteseditores.com.br\\\/loja3\\\/pontes-editores-home-2__trashed\\\/ebook\\\/lancamento-e-book\\\/bilinguismo-e-leitura-contribuicoes-da-psicolinguistica-2\\\/#primaryimage\",\"url\":\"https:\\\/\\\/ponteseditores.com.br\\\/loja3\\\/wp-content\\\/uploads\\\/2024\\\/04\\\/Capa_Bilinguismo_Leitura.jpg\",\"contentUrl\":\"https:\\\/\\\/ponteseditores.com.br\\\/loja3\\\/wp-content\\\/uploads\\\/2024\\\/04\\\/Capa_Bilinguismo_Leitura.jpg\",\"width\":1728,\"height\":2443},{\"@type\":\"BreadcrumbList\",\"@id\":\"https:\\\/\\\/ponteseditores.com.br\\\/loja3\\\/pontes-editores-home-2__trashed\\\/ebook\\\/lancamento-e-book\\\/bilinguismo-e-leitura-contribuicoes-da-psicolinguistica-2\\\/#breadcrumb\",\"itemListElement\":[{\"@type\":\"ListItem\",\"position\":1,\"name\":\"Home\",\"item\":\"https:\\\/\\\/ponteseditores.com.br\\\/loja3\\\/\"},{\"@type\":\"ListItem\",\"position\":2,\"name\":\"loja\",\"item\":\"https:\\\/\\\/ponteseditores.com.br\\\/loja3\\\/loja\\\/\"},{\"@type\":\"ListItem\",\"position\":3,\"name\":\"Bilinguismo e Leitura: contribui\u00e7\u00f5es da psicolingu\u00edstica\"}]},{\"@type\":\"WebSite\",\"@id\":\"https:\\\/\\\/ponteseditores.com.br\\\/loja3\\\/#website\",\"url\":\"https:\\\/\\\/ponteseditores.com.br\\\/loja3\\\/\",\"name\":\"Pontes Editores\",\"description\":\"Pontes Editores\",\"publisher\":{\"@id\":\"https:\\\/\\\/ponteseditores.com.br\\\/loja3\\\/#organization\"},\"potentialAction\":[{\"@type\":\"SearchAction\",\"target\":{\"@type\":\"EntryPoint\",\"urlTemplate\":\"https:\\\/\\\/ponteseditores.com.br\\\/loja3\\\/?s={search_term_string}\"},\"query-input\":{\"@type\":\"PropertyValueSpecification\",\"valueRequired\":true,\"valueName\":\"search_term_string\"}}],\"inLanguage\":\"pt-BR\"},{\"@type\":\"Organization\",\"@id\":\"https:\\\/\\\/ponteseditores.com.br\\\/loja3\\\/#organization\",\"name\":\"Pontes Editores\",\"url\":\"https:\\\/\\\/ponteseditores.com.br\\\/loja3\\\/\",\"logo\":{\"@type\":\"ImageObject\",\"inLanguage\":\"pt-BR\",\"@id\":\"https:\\\/\\\/ponteseditores.com.br\\\/loja3\\\/#\\\/schema\\\/logo\\\/image\\\/\",\"url\":\"https:\\\/\\\/ponteseditores.com.br\\\/loja3\\\/wp-content\\\/uploads\\\/2023\\\/12\\\/logo-pontes-editores-v2.png\",\"contentUrl\":\"https:\\\/\\\/ponteseditores.com.br\\\/loja3\\\/wp-content\\\/uploads\\\/2023\\\/12\\\/logo-pontes-editores-v2.png\",\"width\":258,\"height\":100,\"caption\":\"Pontes Editores\"},\"image\":{\"@id\":\"https:\\\/\\\/ponteseditores.com.br\\\/loja3\\\/#\\\/schema\\\/logo\\\/image\\\/\"}}]}<\/script>\n<!-- \/ Yoast SEO plugin. -->","yoast_head_json":{"title":"Bilinguismo e Leitura: contribui\u00e7\u00f5es da psicolingu\u00edstica - Pontes Editores","robots":{"index":"index","follow":"follow","max-snippet":"max-snippet:-1","max-image-preview":"max-image-preview:large","max-video-preview":"max-video-preview:-1"},"canonical":"https:\/\/ponteseditores.com.br\/loja3\/pontes-editores-home-2__trashed\/ebook\/lancamento-e-book\/bilinguismo-e-leitura-contribuicoes-da-psicolinguistica-2\/","og_locale":"pt_BR","og_type":"article","og_title":"Bilinguismo e Leitura: contribui\u00e7\u00f5es da psicolingu\u00edstica - Pontes Editores","og_description":"O impacto da leitura em diferentes perfis de falantes bil\u00edngues, com diferentes graus de domin\u00e2ncia lingu\u00edstica e provenientes de diversos contextos de aquisi\u00e7\u00e3o, ainda \u00e9 uma \u00e1rea pouco explorada. Apesar disso, observamos avan\u00e7os significativos nos \u00faltimos anos, tanto na did\u00e1tica das l\u00ednguas quanto na psicolingu\u00edstica (\u2026). Da mesma forma, a pesquisa sobre as compet\u00eancias de [&hellip;]","og_url":"https:\/\/ponteseditores.com.br\/loja3\/pontes-editores-home-2__trashed\/ebook\/lancamento-e-book\/bilinguismo-e-leitura-contribuicoes-da-psicolinguistica-2\/","og_site_name":"Pontes Editores","article_modified_time":"2024-10-08T14:29:06+00:00","og_image":[{"width":1728,"height":2443,"url":"https:\/\/ponteseditores.com.br\/loja3\/wp-content\/uploads\/2024\/04\/Capa_Bilinguismo_Leitura.jpg","type":"image\/jpeg"}],"twitter_card":"summary_large_image","twitter_misc":{"Est. tempo de leitura":"2 minutos"},"schema":{"@context":"https:\/\/schema.org","@graph":[{"@type":"WebPage","@id":"https:\/\/ponteseditores.com.br\/loja3\/pontes-editores-home-2__trashed\/ebook\/lancamento-e-book\/bilinguismo-e-leitura-contribuicoes-da-psicolinguistica-2\/","url":"https:\/\/ponteseditores.com.br\/loja3\/pontes-editores-home-2__trashed\/ebook\/lancamento-e-book\/bilinguismo-e-leitura-contribuicoes-da-psicolinguistica-2\/","name":"Bilinguismo e Leitura: contribui\u00e7\u00f5es da psicolingu\u00edstica - Pontes Editores","isPartOf":{"@id":"https:\/\/ponteseditores.com.br\/loja3\/#website"},"primaryImageOfPage":{"@id":"https:\/\/ponteseditores.com.br\/loja3\/pontes-editores-home-2__trashed\/ebook\/lancamento-e-book\/bilinguismo-e-leitura-contribuicoes-da-psicolinguistica-2\/#primaryimage"},"image":{"@id":"https:\/\/ponteseditores.com.br\/loja3\/pontes-editores-home-2__trashed\/ebook\/lancamento-e-book\/bilinguismo-e-leitura-contribuicoes-da-psicolinguistica-2\/#primaryimage"},"thumbnailUrl":"https:\/\/ponteseditores.com.br\/loja3\/wp-content\/uploads\/2024\/04\/Capa_Bilinguismo_Leitura.jpg","datePublished":"2024-05-22T21:34:16+00:00","dateModified":"2024-10-08T14:29:06+00:00","breadcrumb":{"@id":"https:\/\/ponteseditores.com.br\/loja3\/pontes-editores-home-2__trashed\/ebook\/lancamento-e-book\/bilinguismo-e-leitura-contribuicoes-da-psicolinguistica-2\/#breadcrumb"},"inLanguage":"pt-BR","potentialAction":[{"@type":"ReadAction","target":["https:\/\/ponteseditores.com.br\/loja3\/pontes-editores-home-2__trashed\/ebook\/lancamento-e-book\/bilinguismo-e-leitura-contribuicoes-da-psicolinguistica-2\/"]}]},{"@type":"ImageObject","inLanguage":"pt-BR","@id":"https:\/\/ponteseditores.com.br\/loja3\/pontes-editores-home-2__trashed\/ebook\/lancamento-e-book\/bilinguismo-e-leitura-contribuicoes-da-psicolinguistica-2\/#primaryimage","url":"https:\/\/ponteseditores.com.br\/loja3\/wp-content\/uploads\/2024\/04\/Capa_Bilinguismo_Leitura.jpg","contentUrl":"https:\/\/ponteseditores.com.br\/loja3\/wp-content\/uploads\/2024\/04\/Capa_Bilinguismo_Leitura.jpg","width":1728,"height":2443},{"@type":"BreadcrumbList","@id":"https:\/\/ponteseditores.com.br\/loja3\/pontes-editores-home-2__trashed\/ebook\/lancamento-e-book\/bilinguismo-e-leitura-contribuicoes-da-psicolinguistica-2\/#breadcrumb","itemListElement":[{"@type":"ListItem","position":1,"name":"Home","item":"https:\/\/ponteseditores.com.br\/loja3\/"},{"@type":"ListItem","position":2,"name":"loja","item":"https:\/\/ponteseditores.com.br\/loja3\/loja\/"},{"@type":"ListItem","position":3,"name":"Bilinguismo e Leitura: contribui\u00e7\u00f5es da psicolingu\u00edstica"}]},{"@type":"WebSite","@id":"https:\/\/ponteseditores.com.br\/loja3\/#website","url":"https:\/\/ponteseditores.com.br\/loja3\/","name":"Pontes Editores","description":"Pontes Editores","publisher":{"@id":"https:\/\/ponteseditores.com.br\/loja3\/#organization"},"potentialAction":[{"@type":"SearchAction","target":{"@type":"EntryPoint","urlTemplate":"https:\/\/ponteseditores.com.br\/loja3\/?s={search_term_string}"},"query-input":{"@type":"PropertyValueSpecification","valueRequired":true,"valueName":"search_term_string"}}],"inLanguage":"pt-BR"},{"@type":"Organization","@id":"https:\/\/ponteseditores.com.br\/loja3\/#organization","name":"Pontes Editores","url":"https:\/\/ponteseditores.com.br\/loja3\/","logo":{"@type":"ImageObject","inLanguage":"pt-BR","@id":"https:\/\/ponteseditores.com.br\/loja3\/#\/schema\/logo\/image\/","url":"https:\/\/ponteseditores.com.br\/loja3\/wp-content\/uploads\/2023\/12\/logo-pontes-editores-v2.png","contentUrl":"https:\/\/ponteseditores.com.br\/loja3\/wp-content\/uploads\/2023\/12\/logo-pontes-editores-v2.png","width":258,"height":100,"caption":"Pontes Editores"},"image":{"@id":"https:\/\/ponteseditores.com.br\/loja3\/#\/schema\/logo\/image\/"}}]}},"_links":{"self":[{"href":"https:\/\/ponteseditores.com.br\/loja3\/wp-json\/wp\/v2\/product\/12573","targetHints":{"allow":["GET"]}}],"collection":[{"href":"https:\/\/ponteseditores.com.br\/loja3\/wp-json\/wp\/v2\/product"}],"about":[{"href":"https:\/\/ponteseditores.com.br\/loja3\/wp-json\/wp\/v2\/types\/product"}],"replies":[{"embeddable":true,"href":"https:\/\/ponteseditores.com.br\/loja3\/wp-json\/wp\/v2\/comments?post=12573"}],"version-history":[{"count":0,"href":"https:\/\/ponteseditores.com.br\/loja3\/wp-json\/wp\/v2\/product\/12573\/revisions"}],"wp:featuredmedia":[{"embeddable":true,"href":"https:\/\/ponteseditores.com.br\/loja3\/wp-json\/wp\/v2\/media\/12071"}],"wp:attachment":[{"href":"https:\/\/ponteseditores.com.br\/loja3\/wp-json\/wp\/v2\/media?parent=12573"}],"wp:term":[{"taxonomy":"product_brand","embeddable":true,"href":"https:\/\/ponteseditores.com.br\/loja3\/wp-json\/wp\/v2\/product_brand?post=12573"},{"taxonomy":"product_cat","embeddable":true,"href":"https:\/\/ponteseditores.com.br\/loja3\/wp-json\/wp\/v2\/product_cat?post=12573"},{"taxonomy":"product_tag","embeddable":true,"href":"https:\/\/ponteseditores.com.br\/loja3\/wp-json\/wp\/v2\/product_tag?post=12573"}],"curies":[{"name":"wp","href":"https:\/\/api.w.org\/{rel}","templated":true}]}}