{"id":12067,"date":"2024-04-24T16:00:40","date_gmt":"2024-04-24T19:00:40","guid":{"rendered":"https:\/\/ponteseditores.com.br\/loja3\/?post_type=product&#038;p=12067"},"modified":"2024-04-24T16:00:40","modified_gmt":"2024-04-24T19:00:40","slug":"a-materialidade-do-discurso-literario-poetico","status":"publish","type":"product","link":"https:\/\/ponteseditores.com.br\/loja3\/pontes-editores-home-2__trashed\/analise-do-discurso\/a-materialidade-do-discurso-literario-poetico\/","title":{"rendered":"A materialidade do discurso liter\u00e1rio (po\u00e9tico)"},"content":{"rendered":"<p>Teorizar sobre a literatura \u00e9, para n\u00f3s, j\u00e1 tomar posi\u00e7\u00e3o. \u00c9, pois, uma quest\u00e3o pol\u00edtica, ideol\u00f3gica. Para al\u00e9m de uma atividade inerentemente subjetiva, criadora. Uma leitura do texto\/discurso Iracema que levasse em conta a no\u00e7\u00e3o de arquivo, como foi proposta por P\u00eacheux (1994), tornou-se necess\u00e1ria para este trabalho, e seu diferencial te\u00f3rico. Em Iracema, a literatura \u00e9 naturalizada como obra de fic\u00e7\u00e3o que apaga o brasileiro e os ind\u00edgenas com suas l\u00ednguas oralizadas. Essa naturaliza\u00e7\u00e3o do liter\u00e1rio ligado ao ficcional resulta da forma\u00e7\u00e3o discursiva rom\u00e2ntica (dominante) que define o que (n\u00e3o) pode ser dito. Desse modo, torna-se evidente o sentido de uma literatura em si mesma, imanente, que n\u00e3o se teoriza. Seu objeto constitui-se em um referente inst\u00e1vel, subjetivo, n\u00e3o teoriz\u00e1vel, regido pela \u201cliberdade de cria\u00e7\u00e3o\u201d. Separando-se do objeto cient\u00edfico de talhe est\u00e1vel. O que essa separa\u00e7\u00e3o, suspeita em si mesma por sua evid\u00eancia, recobre?<\/p>\n<p>Refletir sobre a l\u00edngua, na segunda metade do s\u00e9culo XIX, no Brasil, articuladamente \u00e0 literatura, nos levou \u00e0 elabora\u00e7\u00e3o de pressupostos te\u00f3ricos acerca da divis\u00e3o social do trabalho de leitura na dire\u00e7\u00e3o do que P\u00eacheux (1994) nos fala acerca de ler o arquivo hoje (a leitura de arquivos). Essa forma \u201caut\u00f4noma\u201d que a literatura reivindica \u00e9 dominante nessa \u00e9poca e essa mem\u00f3ria \u00e9 atualizada nos s\u00e9culos seguintes. Entretanto, outros dispositivos reivindicaram o objeto liter\u00e1rio (po\u00e9tico) para estudo. No dom\u00ednio da lingu\u00edstica, o estruturalismo prop\u00f5e uma leitura para a obra liter\u00e1ria e outras teorias lingu\u00edsticas tamb\u00e9m o fizeram. Nesse trabalho, filiando-nos ao dispositivo te\u00f3rico-anal\u00edtico da An\u00e1lise de Discurso materialista, propusemos uma leitura do objeto liter\u00e1rio no discurso textualizado em Iracema que n\u00e3o ficasse no gesto de interpreta\u00e7\u00e3o dado por Alencar (o gesto ideologicamente marcado).<\/p>\n<p>Por outro lado, nossas an\u00e1lises apontaram para um gesto teoricamente elaborado pelo dispositivo.<\/p>\n","protected":false},"excerpt":{"rendered":"<p>Teorizar sobre a literatura \u00e9, para n\u00f3s, j\u00e1 tomar posi\u00e7\u00e3o. \u00c9, pois, uma quest\u00e3o pol\u00edtica, ideol\u00f3gica. Para al\u00e9m de uma atividade inerentemente subjetiva, criadora. Uma leitura do texto\/discurso Iracema que levasse em conta a no\u00e7\u00e3o de arquivo, como foi proposta por P\u00eacheux (1994), tornou-se necess\u00e1ria para este trabalho, e seu diferencial te\u00f3rico. Em Iracema, a [&hellip;]<\/p>\n","protected":false},"featured_media":12068,"comment_status":"open","ping_status":"closed","template":"","meta":{"_joinchat":[]},"product_brand":[],"product_cat":[301,36,167],"product_tag":[],"class_list":{"0":"post-12067","1":"product","2":"type-product","3":"status-publish","4":"has-post-thumbnail","6":"product_cat-analise-de-discurso","7":"product_cat-analise-do-discurso","8":"product_cat-lancamento","10":"first","11":"instock","12":"shipping-taxable","13":"purchasable","14":"product-type-simple"},"yoast_head":"<!-- This site is optimized with the Yoast SEO plugin v27.4 - https:\/\/yoast.com\/product\/yoast-seo-wordpress\/ -->\n<title>A materialidade do discurso liter\u00e1rio (po\u00e9tico) - Pontes Editores<\/title>\n<meta name=\"robots\" content=\"index, follow, max-snippet:-1, max-image-preview:large, max-video-preview:-1\" \/>\n<link rel=\"canonical\" href=\"https:\/\/ponteseditores.com.br\/loja3\/pontes-editores-home-2__trashed\/analise-do-discurso\/a-materialidade-do-discurso-literario-poetico\/\" \/>\n<meta property=\"og:locale\" content=\"pt_BR\" \/>\n<meta property=\"og:type\" content=\"article\" \/>\n<meta property=\"og:title\" content=\"A materialidade do discurso liter\u00e1rio (po\u00e9tico) - Pontes Editores\" \/>\n<meta property=\"og:description\" content=\"Teorizar sobre a literatura \u00e9, para n\u00f3s, j\u00e1 tomar posi\u00e7\u00e3o. \u00c9, pois, uma quest\u00e3o pol\u00edtica, ideol\u00f3gica. Para al\u00e9m de uma atividade inerentemente subjetiva, criadora. Uma leitura do texto\/discurso Iracema que levasse em conta a no\u00e7\u00e3o de arquivo, como foi proposta por P\u00eacheux (1994), tornou-se necess\u00e1ria para este trabalho, e seu diferencial te\u00f3rico. Em Iracema, a [&hellip;]\" \/>\n<meta property=\"og:url\" content=\"https:\/\/ponteseditores.com.br\/loja3\/pontes-editores-home-2__trashed\/analise-do-discurso\/a-materialidade-do-discurso-literario-poetico\/\" \/>\n<meta property=\"og:site_name\" content=\"Pontes Editores\" \/>\n<meta property=\"og:image\" content=\"https:\/\/ponteseditores.com.br\/loja3\/wp-content\/uploads\/2024\/04\/Capa_Materialidade_Discurso.jpg\" \/>\n\t<meta property=\"og:image:width\" content=\"1728\" \/>\n\t<meta property=\"og:image:height\" content=\"2443\" \/>\n\t<meta property=\"og:image:type\" content=\"image\/jpeg\" \/>\n<meta name=\"twitter:card\" content=\"summary_large_image\" \/>\n<meta name=\"twitter:label1\" content=\"Est. tempo de leitura\" \/>\n\t<meta name=\"twitter:data1\" content=\"2 minutos\" \/>\n<script type=\"application\/ld+json\" class=\"yoast-schema-graph\">{\"@context\":\"https:\\\/\\\/schema.org\",\"@graph\":[{\"@type\":\"WebPage\",\"@id\":\"https:\\\/\\\/ponteseditores.com.br\\\/loja3\\\/pontes-editores-home-2__trashed\\\/analise-do-discurso\\\/a-materialidade-do-discurso-literario-poetico\\\/\",\"url\":\"https:\\\/\\\/ponteseditores.com.br\\\/loja3\\\/pontes-editores-home-2__trashed\\\/analise-do-discurso\\\/a-materialidade-do-discurso-literario-poetico\\\/\",\"name\":\"A materialidade do discurso liter\u00e1rio (po\u00e9tico) - Pontes Editores\",\"isPartOf\":{\"@id\":\"https:\\\/\\\/ponteseditores.com.br\\\/loja3\\\/#website\"},\"primaryImageOfPage\":{\"@id\":\"https:\\\/\\\/ponteseditores.com.br\\\/loja3\\\/pontes-editores-home-2__trashed\\\/analise-do-discurso\\\/a-materialidade-do-discurso-literario-poetico\\\/#primaryimage\"},\"image\":{\"@id\":\"https:\\\/\\\/ponteseditores.com.br\\\/loja3\\\/pontes-editores-home-2__trashed\\\/analise-do-discurso\\\/a-materialidade-do-discurso-literario-poetico\\\/#primaryimage\"},\"thumbnailUrl\":\"https:\\\/\\\/ponteseditores.com.br\\\/loja3\\\/wp-content\\\/uploads\\\/2024\\\/04\\\/Capa_Materialidade_Discurso.jpg\",\"datePublished\":\"2024-04-24T19:00:40+00:00\",\"breadcrumb\":{\"@id\":\"https:\\\/\\\/ponteseditores.com.br\\\/loja3\\\/pontes-editores-home-2__trashed\\\/analise-do-discurso\\\/a-materialidade-do-discurso-literario-poetico\\\/#breadcrumb\"},\"inLanguage\":\"pt-BR\",\"potentialAction\":[{\"@type\":\"ReadAction\",\"target\":[\"https:\\\/\\\/ponteseditores.com.br\\\/loja3\\\/pontes-editores-home-2__trashed\\\/analise-do-discurso\\\/a-materialidade-do-discurso-literario-poetico\\\/\"]}]},{\"@type\":\"ImageObject\",\"inLanguage\":\"pt-BR\",\"@id\":\"https:\\\/\\\/ponteseditores.com.br\\\/loja3\\\/pontes-editores-home-2__trashed\\\/analise-do-discurso\\\/a-materialidade-do-discurso-literario-poetico\\\/#primaryimage\",\"url\":\"https:\\\/\\\/ponteseditores.com.br\\\/loja3\\\/wp-content\\\/uploads\\\/2024\\\/04\\\/Capa_Materialidade_Discurso.jpg\",\"contentUrl\":\"https:\\\/\\\/ponteseditores.com.br\\\/loja3\\\/wp-content\\\/uploads\\\/2024\\\/04\\\/Capa_Materialidade_Discurso.jpg\",\"width\":1728,\"height\":2443},{\"@type\":\"BreadcrumbList\",\"@id\":\"https:\\\/\\\/ponteseditores.com.br\\\/loja3\\\/pontes-editores-home-2__trashed\\\/analise-do-discurso\\\/a-materialidade-do-discurso-literario-poetico\\\/#breadcrumb\",\"itemListElement\":[{\"@type\":\"ListItem\",\"position\":1,\"name\":\"Home\",\"item\":\"https:\\\/\\\/ponteseditores.com.br\\\/loja3\\\/\"},{\"@type\":\"ListItem\",\"position\":2,\"name\":\"loja\",\"item\":\"https:\\\/\\\/ponteseditores.com.br\\\/loja3\\\/loja\\\/\"},{\"@type\":\"ListItem\",\"position\":3,\"name\":\"A materialidade do discurso liter\u00e1rio (po\u00e9tico)\"}]},{\"@type\":\"WebSite\",\"@id\":\"https:\\\/\\\/ponteseditores.com.br\\\/loja3\\\/#website\",\"url\":\"https:\\\/\\\/ponteseditores.com.br\\\/loja3\\\/\",\"name\":\"Pontes Editores\",\"description\":\"Pontes Editores\",\"publisher\":{\"@id\":\"https:\\\/\\\/ponteseditores.com.br\\\/loja3\\\/#organization\"},\"potentialAction\":[{\"@type\":\"SearchAction\",\"target\":{\"@type\":\"EntryPoint\",\"urlTemplate\":\"https:\\\/\\\/ponteseditores.com.br\\\/loja3\\\/?s={search_term_string}\"},\"query-input\":{\"@type\":\"PropertyValueSpecification\",\"valueRequired\":true,\"valueName\":\"search_term_string\"}}],\"inLanguage\":\"pt-BR\"},{\"@type\":\"Organization\",\"@id\":\"https:\\\/\\\/ponteseditores.com.br\\\/loja3\\\/#organization\",\"name\":\"Pontes Editores\",\"url\":\"https:\\\/\\\/ponteseditores.com.br\\\/loja3\\\/\",\"logo\":{\"@type\":\"ImageObject\",\"inLanguage\":\"pt-BR\",\"@id\":\"https:\\\/\\\/ponteseditores.com.br\\\/loja3\\\/#\\\/schema\\\/logo\\\/image\\\/\",\"url\":\"https:\\\/\\\/ponteseditores.com.br\\\/loja3\\\/wp-content\\\/uploads\\\/2023\\\/12\\\/logo-pontes-editores-v2.png\",\"contentUrl\":\"https:\\\/\\\/ponteseditores.com.br\\\/loja3\\\/wp-content\\\/uploads\\\/2023\\\/12\\\/logo-pontes-editores-v2.png\",\"width\":258,\"height\":100,\"caption\":\"Pontes Editores\"},\"image\":{\"@id\":\"https:\\\/\\\/ponteseditores.com.br\\\/loja3\\\/#\\\/schema\\\/logo\\\/image\\\/\"}}]}<\/script>\n<!-- \/ Yoast SEO plugin. -->","yoast_head_json":{"title":"A materialidade do discurso liter\u00e1rio (po\u00e9tico) - Pontes Editores","robots":{"index":"index","follow":"follow","max-snippet":"max-snippet:-1","max-image-preview":"max-image-preview:large","max-video-preview":"max-video-preview:-1"},"canonical":"https:\/\/ponteseditores.com.br\/loja3\/pontes-editores-home-2__trashed\/analise-do-discurso\/a-materialidade-do-discurso-literario-poetico\/","og_locale":"pt_BR","og_type":"article","og_title":"A materialidade do discurso liter\u00e1rio (po\u00e9tico) - Pontes Editores","og_description":"Teorizar sobre a literatura \u00e9, para n\u00f3s, j\u00e1 tomar posi\u00e7\u00e3o. \u00c9, pois, uma quest\u00e3o pol\u00edtica, ideol\u00f3gica. Para al\u00e9m de uma atividade inerentemente subjetiva, criadora. Uma leitura do texto\/discurso Iracema que levasse em conta a no\u00e7\u00e3o de arquivo, como foi proposta por P\u00eacheux (1994), tornou-se necess\u00e1ria para este trabalho, e seu diferencial te\u00f3rico. Em Iracema, a [&hellip;]","og_url":"https:\/\/ponteseditores.com.br\/loja3\/pontes-editores-home-2__trashed\/analise-do-discurso\/a-materialidade-do-discurso-literario-poetico\/","og_site_name":"Pontes Editores","og_image":[{"width":1728,"height":2443,"url":"https:\/\/ponteseditores.com.br\/loja3\/wp-content\/uploads\/2024\/04\/Capa_Materialidade_Discurso.jpg","type":"image\/jpeg"}],"twitter_card":"summary_large_image","twitter_misc":{"Est. tempo de leitura":"2 minutos"},"schema":{"@context":"https:\/\/schema.org","@graph":[{"@type":"WebPage","@id":"https:\/\/ponteseditores.com.br\/loja3\/pontes-editores-home-2__trashed\/analise-do-discurso\/a-materialidade-do-discurso-literario-poetico\/","url":"https:\/\/ponteseditores.com.br\/loja3\/pontes-editores-home-2__trashed\/analise-do-discurso\/a-materialidade-do-discurso-literario-poetico\/","name":"A materialidade do discurso liter\u00e1rio (po\u00e9tico) - Pontes Editores","isPartOf":{"@id":"https:\/\/ponteseditores.com.br\/loja3\/#website"},"primaryImageOfPage":{"@id":"https:\/\/ponteseditores.com.br\/loja3\/pontes-editores-home-2__trashed\/analise-do-discurso\/a-materialidade-do-discurso-literario-poetico\/#primaryimage"},"image":{"@id":"https:\/\/ponteseditores.com.br\/loja3\/pontes-editores-home-2__trashed\/analise-do-discurso\/a-materialidade-do-discurso-literario-poetico\/#primaryimage"},"thumbnailUrl":"https:\/\/ponteseditores.com.br\/loja3\/wp-content\/uploads\/2024\/04\/Capa_Materialidade_Discurso.jpg","datePublished":"2024-04-24T19:00:40+00:00","breadcrumb":{"@id":"https:\/\/ponteseditores.com.br\/loja3\/pontes-editores-home-2__trashed\/analise-do-discurso\/a-materialidade-do-discurso-literario-poetico\/#breadcrumb"},"inLanguage":"pt-BR","potentialAction":[{"@type":"ReadAction","target":["https:\/\/ponteseditores.com.br\/loja3\/pontes-editores-home-2__trashed\/analise-do-discurso\/a-materialidade-do-discurso-literario-poetico\/"]}]},{"@type":"ImageObject","inLanguage":"pt-BR","@id":"https:\/\/ponteseditores.com.br\/loja3\/pontes-editores-home-2__trashed\/analise-do-discurso\/a-materialidade-do-discurso-literario-poetico\/#primaryimage","url":"https:\/\/ponteseditores.com.br\/loja3\/wp-content\/uploads\/2024\/04\/Capa_Materialidade_Discurso.jpg","contentUrl":"https:\/\/ponteseditores.com.br\/loja3\/wp-content\/uploads\/2024\/04\/Capa_Materialidade_Discurso.jpg","width":1728,"height":2443},{"@type":"BreadcrumbList","@id":"https:\/\/ponteseditores.com.br\/loja3\/pontes-editores-home-2__trashed\/analise-do-discurso\/a-materialidade-do-discurso-literario-poetico\/#breadcrumb","itemListElement":[{"@type":"ListItem","position":1,"name":"Home","item":"https:\/\/ponteseditores.com.br\/loja3\/"},{"@type":"ListItem","position":2,"name":"loja","item":"https:\/\/ponteseditores.com.br\/loja3\/loja\/"},{"@type":"ListItem","position":3,"name":"A materialidade do discurso liter\u00e1rio (po\u00e9tico)"}]},{"@type":"WebSite","@id":"https:\/\/ponteseditores.com.br\/loja3\/#website","url":"https:\/\/ponteseditores.com.br\/loja3\/","name":"Pontes Editores","description":"Pontes Editores","publisher":{"@id":"https:\/\/ponteseditores.com.br\/loja3\/#organization"},"potentialAction":[{"@type":"SearchAction","target":{"@type":"EntryPoint","urlTemplate":"https:\/\/ponteseditores.com.br\/loja3\/?s={search_term_string}"},"query-input":{"@type":"PropertyValueSpecification","valueRequired":true,"valueName":"search_term_string"}}],"inLanguage":"pt-BR"},{"@type":"Organization","@id":"https:\/\/ponteseditores.com.br\/loja3\/#organization","name":"Pontes Editores","url":"https:\/\/ponteseditores.com.br\/loja3\/","logo":{"@type":"ImageObject","inLanguage":"pt-BR","@id":"https:\/\/ponteseditores.com.br\/loja3\/#\/schema\/logo\/image\/","url":"https:\/\/ponteseditores.com.br\/loja3\/wp-content\/uploads\/2023\/12\/logo-pontes-editores-v2.png","contentUrl":"https:\/\/ponteseditores.com.br\/loja3\/wp-content\/uploads\/2023\/12\/logo-pontes-editores-v2.png","width":258,"height":100,"caption":"Pontes Editores"},"image":{"@id":"https:\/\/ponteseditores.com.br\/loja3\/#\/schema\/logo\/image\/"}}]}},"_links":{"self":[{"href":"https:\/\/ponteseditores.com.br\/loja3\/wp-json\/wp\/v2\/product\/12067","targetHints":{"allow":["GET"]}}],"collection":[{"href":"https:\/\/ponteseditores.com.br\/loja3\/wp-json\/wp\/v2\/product"}],"about":[{"href":"https:\/\/ponteseditores.com.br\/loja3\/wp-json\/wp\/v2\/types\/product"}],"replies":[{"embeddable":true,"href":"https:\/\/ponteseditores.com.br\/loja3\/wp-json\/wp\/v2\/comments?post=12067"}],"version-history":[{"count":1,"href":"https:\/\/ponteseditores.com.br\/loja3\/wp-json\/wp\/v2\/product\/12067\/revisions"}],"predecessor-version":[{"id":12069,"href":"https:\/\/ponteseditores.com.br\/loja3\/wp-json\/wp\/v2\/product\/12067\/revisions\/12069"}],"wp:featuredmedia":[{"embeddable":true,"href":"https:\/\/ponteseditores.com.br\/loja3\/wp-json\/wp\/v2\/media\/12068"}],"wp:attachment":[{"href":"https:\/\/ponteseditores.com.br\/loja3\/wp-json\/wp\/v2\/media?parent=12067"}],"wp:term":[{"taxonomy":"product_brand","embeddable":true,"href":"https:\/\/ponteseditores.com.br\/loja3\/wp-json\/wp\/v2\/product_brand?post=12067"},{"taxonomy":"product_cat","embeddable":true,"href":"https:\/\/ponteseditores.com.br\/loja3\/wp-json\/wp\/v2\/product_cat?post=12067"},{"taxonomy":"product_tag","embeddable":true,"href":"https:\/\/ponteseditores.com.br\/loja3\/wp-json\/wp\/v2\/product_tag?post=12067"}],"curies":[{"name":"wp","href":"https:\/\/api.w.org\/{rel}","templated":true}]}}