{"id":12064,"date":"2024-04-24T15:55:11","date_gmt":"2024-04-24T18:55:11","guid":{"rendered":"https:\/\/ponteseditores.com.br\/loja3\/?post_type=product&#038;p=12064"},"modified":"2024-10-08T11:29:07","modified_gmt":"2024-10-08T14:29:07","slug":"portugues-como-lingua-adicional-em-uma-perspectiva-indisciplinar-pesquisas-sobre-questoes-emergentes-2","status":"publish","type":"product","link":"https:\/\/ponteseditores.com.br\/loja3\/pontes-editores-home-2__trashed\/linguistica\/portugues-como-lingua-adicional-em-uma-perspectiva-indisciplinar-pesquisas-sobre-questoes-emergentes-2\/","title":{"rendered":"Portugu\u00eas Como L\u00edngua Adicional Em Uma Perspectiva Indisciplinar: Pesquisas Sobre Quest\u00f5es Emergentes"},"content":{"rendered":"<p>Esta colet\u00e2nea re\u00fane produ\u00e7\u00f5es do grupo de pesquisa IndisciPLAr: Portugu\u00eas como L\u00edngua Adicional em uma perspectiva indisciplinar, certificado pelo CNPq. Afiliado \u00e0 Lingu\u00edstica Aplicada INdisciplinar, Cr\u00edtica ou Transgressiva (MOITA LOPES, 2006; PENNYCOOK, 2006), esse grupo busca contribuir para a constru\u00e7\u00e3o de uma \u00e1rea de Portugu\u00eas como L\u00edngua Adicional engajada politicamente e responsiva \u00e0s demandas sociais contempor\u00e2neas (BIZON; DINIZ, 2018). Implicado com uma globaliza\u00e7\u00e3o alternativa (B. SANTOS, 1995; M. SANTOS, 2000\/2008) por meio de pol\u00edticas lingu\u00edsticas voltadas para as multiplicidades e assentadas em bases multil\u00edngues, o grupo chama ao di\u00e1logo outras vozes para al\u00e9m do eixo norte-ocidental. As a\u00e7\u00f5es do IndisciPLAr focalizam distintas facetas do planejamento, implementa\u00e7\u00e3o e avalia\u00e7\u00e3o de pol\u00edticas p\u00fablicas e lingu\u00edsticas, em suas rela\u00e7\u00f5es com identit\u00e1rias, incluindo forma\u00e7\u00e3o de professores, curr\u00edculos, materiais did\u00e1ticos, avalia\u00e7\u00f5es e pr\u00e1ticas de letramento (STREET, 2014).<\/p>\n<p>Os 19 trabalhos reunidos neste livro abordam quest\u00f5es emergentes vinculadas \u00e0s seguintes tem\u00e1ticas: 1. Portugu\u00eas como L\u00edngua Adicional e Pol\u00edticas Lingu\u00edsticas Institucionais; 2. Portugu\u00eas como L\u00edngua Adicional e Migra\u00e7\u00e3o de Crise; 3. Portugu\u00eas como L\u00edngua Adicional, Ensino e Avalia\u00e7\u00e3o no Ensino Superior.<\/p>\n","protected":false},"excerpt":{"rendered":"<p>Esta colet\u00e2nea re\u00fane produ\u00e7\u00f5es do grupo de pesquisa IndisciPLAr: Portugu\u00eas como L\u00edngua Adicional em uma perspectiva indisciplinar, certificado pelo CNPq. Afiliado \u00e0 Lingu\u00edstica Aplicada INdisciplinar, Cr\u00edtica ou Transgressiva (MOITA LOPES, 2006; PENNYCOOK, 2006), esse grupo busca contribuir para a constru\u00e7\u00e3o de uma \u00e1rea de Portugu\u00eas como L\u00edngua Adicional engajada politicamente e responsiva \u00e0s demandas sociais [&hellip;]<\/p>\n","protected":false},"featured_media":12066,"comment_status":"open","ping_status":"closed","template":"","meta":{"_joinchat":[]},"product_brand":[],"product_cat":[165,31],"product_tag":[],"class_list":{"0":"post-12064","1":"product","2":"type-product","3":"status-publish","4":"has-post-thumbnail","6":"product_cat-ebook","7":"product_cat-linguistica","8":"product_shipping_class-download","10":"first","11":"instock","12":"downloadable","13":"virtual","14":"purchasable","15":"product-type-simple"},"yoast_head":"<!-- This site is optimized with the Yoast SEO plugin v27.4 - https:\/\/yoast.com\/product\/yoast-seo-wordpress\/ -->\n<title>Portugu\u00eas Como L\u00edngua Adicional Em Uma Perspectiva Indisciplinar: Pesquisas Sobre Quest\u00f5es Emergentes - Pontes Editores<\/title>\n<meta name=\"robots\" content=\"index, follow, max-snippet:-1, max-image-preview:large, max-video-preview:-1\" \/>\n<link rel=\"canonical\" href=\"https:\/\/ponteseditores.com.br\/loja3\/pontes-editores-home-2__trashed\/linguistica\/portugues-como-lingua-adicional-em-uma-perspectiva-indisciplinar-pesquisas-sobre-questoes-emergentes-2\/\" \/>\n<meta property=\"og:locale\" content=\"pt_BR\" \/>\n<meta property=\"og:type\" content=\"article\" \/>\n<meta property=\"og:title\" content=\"Portugu\u00eas Como L\u00edngua Adicional Em Uma Perspectiva Indisciplinar: Pesquisas Sobre Quest\u00f5es Emergentes - Pontes Editores\" \/>\n<meta property=\"og:description\" content=\"Esta colet\u00e2nea re\u00fane produ\u00e7\u00f5es do grupo de pesquisa IndisciPLAr: Portugu\u00eas como L\u00edngua Adicional em uma perspectiva indisciplinar, certificado pelo CNPq. Afiliado \u00e0 Lingu\u00edstica Aplicada INdisciplinar, Cr\u00edtica ou Transgressiva (MOITA LOPES, 2006; PENNYCOOK, 2006), esse grupo busca contribuir para a constru\u00e7\u00e3o de uma \u00e1rea de Portugu\u00eas como L\u00edngua Adicional engajada politicamente e responsiva \u00e0s demandas sociais [&hellip;]\" \/>\n<meta property=\"og:url\" content=\"https:\/\/ponteseditores.com.br\/loja3\/pontes-editores-home-2__trashed\/linguistica\/portugues-como-lingua-adicional-em-uma-perspectiva-indisciplinar-pesquisas-sobre-questoes-emergentes-2\/\" \/>\n<meta property=\"og:site_name\" content=\"Pontes Editores\" \/>\n<meta property=\"article:modified_time\" content=\"2024-10-08T14:29:07+00:00\" \/>\n<meta property=\"og:image\" content=\"https:\/\/ponteseditores.com.br\/loja3\/wp-content\/uploads\/2024\/04\/port-ling-ad.jpg\" \/>\n\t<meta property=\"og:image:width\" content=\"800\" \/>\n\t<meta property=\"og:image:height\" content=\"1169\" \/>\n\t<meta property=\"og:image:type\" content=\"image\/jpeg\" \/>\n<meta name=\"twitter:card\" content=\"summary_large_image\" \/>\n<meta name=\"twitter:label1\" content=\"Est. tempo de leitura\" \/>\n\t<meta name=\"twitter:data1\" content=\"2 minutos\" \/>\n<script type=\"application\/ld+json\" class=\"yoast-schema-graph\">{\"@context\":\"https:\\\/\\\/schema.org\",\"@graph\":[{\"@type\":\"WebPage\",\"@id\":\"https:\\\/\\\/ponteseditores.com.br\\\/loja3\\\/pontes-editores-home-2__trashed\\\/linguistica\\\/portugues-como-lingua-adicional-em-uma-perspectiva-indisciplinar-pesquisas-sobre-questoes-emergentes-2\\\/\",\"url\":\"https:\\\/\\\/ponteseditores.com.br\\\/loja3\\\/pontes-editores-home-2__trashed\\\/linguistica\\\/portugues-como-lingua-adicional-em-uma-perspectiva-indisciplinar-pesquisas-sobre-questoes-emergentes-2\\\/\",\"name\":\"Portugu\u00eas Como L\u00edngua Adicional Em Uma Perspectiva Indisciplinar: Pesquisas Sobre Quest\u00f5es Emergentes - Pontes Editores\",\"isPartOf\":{\"@id\":\"https:\\\/\\\/ponteseditores.com.br\\\/loja3\\\/#website\"},\"primaryImageOfPage\":{\"@id\":\"https:\\\/\\\/ponteseditores.com.br\\\/loja3\\\/pontes-editores-home-2__trashed\\\/linguistica\\\/portugues-como-lingua-adicional-em-uma-perspectiva-indisciplinar-pesquisas-sobre-questoes-emergentes-2\\\/#primaryimage\"},\"image\":{\"@id\":\"https:\\\/\\\/ponteseditores.com.br\\\/loja3\\\/pontes-editores-home-2__trashed\\\/linguistica\\\/portugues-como-lingua-adicional-em-uma-perspectiva-indisciplinar-pesquisas-sobre-questoes-emergentes-2\\\/#primaryimage\"},\"thumbnailUrl\":\"https:\\\/\\\/ponteseditores.com.br\\\/loja3\\\/wp-content\\\/uploads\\\/2024\\\/04\\\/port-ling-ad.jpg\",\"datePublished\":\"2024-04-24T18:55:11+00:00\",\"dateModified\":\"2024-10-08T14:29:07+00:00\",\"breadcrumb\":{\"@id\":\"https:\\\/\\\/ponteseditores.com.br\\\/loja3\\\/pontes-editores-home-2__trashed\\\/linguistica\\\/portugues-como-lingua-adicional-em-uma-perspectiva-indisciplinar-pesquisas-sobre-questoes-emergentes-2\\\/#breadcrumb\"},\"inLanguage\":\"pt-BR\",\"potentialAction\":[{\"@type\":\"ReadAction\",\"target\":[\"https:\\\/\\\/ponteseditores.com.br\\\/loja3\\\/pontes-editores-home-2__trashed\\\/linguistica\\\/portugues-como-lingua-adicional-em-uma-perspectiva-indisciplinar-pesquisas-sobre-questoes-emergentes-2\\\/\"]}]},{\"@type\":\"ImageObject\",\"inLanguage\":\"pt-BR\",\"@id\":\"https:\\\/\\\/ponteseditores.com.br\\\/loja3\\\/pontes-editores-home-2__trashed\\\/linguistica\\\/portugues-como-lingua-adicional-em-uma-perspectiva-indisciplinar-pesquisas-sobre-questoes-emergentes-2\\\/#primaryimage\",\"url\":\"https:\\\/\\\/ponteseditores.com.br\\\/loja3\\\/wp-content\\\/uploads\\\/2024\\\/04\\\/port-ling-ad.jpg\",\"contentUrl\":\"https:\\\/\\\/ponteseditores.com.br\\\/loja3\\\/wp-content\\\/uploads\\\/2024\\\/04\\\/port-ling-ad.jpg\",\"width\":800,\"height\":1169},{\"@type\":\"BreadcrumbList\",\"@id\":\"https:\\\/\\\/ponteseditores.com.br\\\/loja3\\\/pontes-editores-home-2__trashed\\\/linguistica\\\/portugues-como-lingua-adicional-em-uma-perspectiva-indisciplinar-pesquisas-sobre-questoes-emergentes-2\\\/#breadcrumb\",\"itemListElement\":[{\"@type\":\"ListItem\",\"position\":1,\"name\":\"Home\",\"item\":\"https:\\\/\\\/ponteseditores.com.br\\\/loja3\\\/\"},{\"@type\":\"ListItem\",\"position\":2,\"name\":\"loja\",\"item\":\"https:\\\/\\\/ponteseditores.com.br\\\/loja3\\\/loja\\\/\"},{\"@type\":\"ListItem\",\"position\":3,\"name\":\"Portugu\u00eas Como L\u00edngua Adicional Em Uma Perspectiva Indisciplinar: Pesquisas Sobre Quest\u00f5es Emergentes\"}]},{\"@type\":\"WebSite\",\"@id\":\"https:\\\/\\\/ponteseditores.com.br\\\/loja3\\\/#website\",\"url\":\"https:\\\/\\\/ponteseditores.com.br\\\/loja3\\\/\",\"name\":\"Pontes Editores\",\"description\":\"Pontes Editores\",\"publisher\":{\"@id\":\"https:\\\/\\\/ponteseditores.com.br\\\/loja3\\\/#organization\"},\"potentialAction\":[{\"@type\":\"SearchAction\",\"target\":{\"@type\":\"EntryPoint\",\"urlTemplate\":\"https:\\\/\\\/ponteseditores.com.br\\\/loja3\\\/?s={search_term_string}\"},\"query-input\":{\"@type\":\"PropertyValueSpecification\",\"valueRequired\":true,\"valueName\":\"search_term_string\"}}],\"inLanguage\":\"pt-BR\"},{\"@type\":\"Organization\",\"@id\":\"https:\\\/\\\/ponteseditores.com.br\\\/loja3\\\/#organization\",\"name\":\"Pontes Editores\",\"url\":\"https:\\\/\\\/ponteseditores.com.br\\\/loja3\\\/\",\"logo\":{\"@type\":\"ImageObject\",\"inLanguage\":\"pt-BR\",\"@id\":\"https:\\\/\\\/ponteseditores.com.br\\\/loja3\\\/#\\\/schema\\\/logo\\\/image\\\/\",\"url\":\"https:\\\/\\\/ponteseditores.com.br\\\/loja3\\\/wp-content\\\/uploads\\\/2023\\\/12\\\/logo-pontes-editores-v2.png\",\"contentUrl\":\"https:\\\/\\\/ponteseditores.com.br\\\/loja3\\\/wp-content\\\/uploads\\\/2023\\\/12\\\/logo-pontes-editores-v2.png\",\"width\":258,\"height\":100,\"caption\":\"Pontes Editores\"},\"image\":{\"@id\":\"https:\\\/\\\/ponteseditores.com.br\\\/loja3\\\/#\\\/schema\\\/logo\\\/image\\\/\"}}]}<\/script>\n<!-- \/ Yoast SEO plugin. -->","yoast_head_json":{"title":"Portugu\u00eas Como L\u00edngua Adicional Em Uma Perspectiva Indisciplinar: Pesquisas Sobre Quest\u00f5es Emergentes - Pontes Editores","robots":{"index":"index","follow":"follow","max-snippet":"max-snippet:-1","max-image-preview":"max-image-preview:large","max-video-preview":"max-video-preview:-1"},"canonical":"https:\/\/ponteseditores.com.br\/loja3\/pontes-editores-home-2__trashed\/linguistica\/portugues-como-lingua-adicional-em-uma-perspectiva-indisciplinar-pesquisas-sobre-questoes-emergentes-2\/","og_locale":"pt_BR","og_type":"article","og_title":"Portugu\u00eas Como L\u00edngua Adicional Em Uma Perspectiva Indisciplinar: Pesquisas Sobre Quest\u00f5es Emergentes - Pontes Editores","og_description":"Esta colet\u00e2nea re\u00fane produ\u00e7\u00f5es do grupo de pesquisa IndisciPLAr: Portugu\u00eas como L\u00edngua Adicional em uma perspectiva indisciplinar, certificado pelo CNPq. Afiliado \u00e0 Lingu\u00edstica Aplicada INdisciplinar, Cr\u00edtica ou Transgressiva (MOITA LOPES, 2006; PENNYCOOK, 2006), esse grupo busca contribuir para a constru\u00e7\u00e3o de uma \u00e1rea de Portugu\u00eas como L\u00edngua Adicional engajada politicamente e responsiva \u00e0s demandas sociais [&hellip;]","og_url":"https:\/\/ponteseditores.com.br\/loja3\/pontes-editores-home-2__trashed\/linguistica\/portugues-como-lingua-adicional-em-uma-perspectiva-indisciplinar-pesquisas-sobre-questoes-emergentes-2\/","og_site_name":"Pontes Editores","article_modified_time":"2024-10-08T14:29:07+00:00","og_image":[{"width":800,"height":1169,"url":"https:\/\/ponteseditores.com.br\/loja3\/wp-content\/uploads\/2024\/04\/port-ling-ad.jpg","type":"image\/jpeg"}],"twitter_card":"summary_large_image","twitter_misc":{"Est. tempo de leitura":"2 minutos"},"schema":{"@context":"https:\/\/schema.org","@graph":[{"@type":"WebPage","@id":"https:\/\/ponteseditores.com.br\/loja3\/pontes-editores-home-2__trashed\/linguistica\/portugues-como-lingua-adicional-em-uma-perspectiva-indisciplinar-pesquisas-sobre-questoes-emergentes-2\/","url":"https:\/\/ponteseditores.com.br\/loja3\/pontes-editores-home-2__trashed\/linguistica\/portugues-como-lingua-adicional-em-uma-perspectiva-indisciplinar-pesquisas-sobre-questoes-emergentes-2\/","name":"Portugu\u00eas Como L\u00edngua Adicional Em Uma Perspectiva Indisciplinar: Pesquisas Sobre Quest\u00f5es Emergentes - Pontes Editores","isPartOf":{"@id":"https:\/\/ponteseditores.com.br\/loja3\/#website"},"primaryImageOfPage":{"@id":"https:\/\/ponteseditores.com.br\/loja3\/pontes-editores-home-2__trashed\/linguistica\/portugues-como-lingua-adicional-em-uma-perspectiva-indisciplinar-pesquisas-sobre-questoes-emergentes-2\/#primaryimage"},"image":{"@id":"https:\/\/ponteseditores.com.br\/loja3\/pontes-editores-home-2__trashed\/linguistica\/portugues-como-lingua-adicional-em-uma-perspectiva-indisciplinar-pesquisas-sobre-questoes-emergentes-2\/#primaryimage"},"thumbnailUrl":"https:\/\/ponteseditores.com.br\/loja3\/wp-content\/uploads\/2024\/04\/port-ling-ad.jpg","datePublished":"2024-04-24T18:55:11+00:00","dateModified":"2024-10-08T14:29:07+00:00","breadcrumb":{"@id":"https:\/\/ponteseditores.com.br\/loja3\/pontes-editores-home-2__trashed\/linguistica\/portugues-como-lingua-adicional-em-uma-perspectiva-indisciplinar-pesquisas-sobre-questoes-emergentes-2\/#breadcrumb"},"inLanguage":"pt-BR","potentialAction":[{"@type":"ReadAction","target":["https:\/\/ponteseditores.com.br\/loja3\/pontes-editores-home-2__trashed\/linguistica\/portugues-como-lingua-adicional-em-uma-perspectiva-indisciplinar-pesquisas-sobre-questoes-emergentes-2\/"]}]},{"@type":"ImageObject","inLanguage":"pt-BR","@id":"https:\/\/ponteseditores.com.br\/loja3\/pontes-editores-home-2__trashed\/linguistica\/portugues-como-lingua-adicional-em-uma-perspectiva-indisciplinar-pesquisas-sobre-questoes-emergentes-2\/#primaryimage","url":"https:\/\/ponteseditores.com.br\/loja3\/wp-content\/uploads\/2024\/04\/port-ling-ad.jpg","contentUrl":"https:\/\/ponteseditores.com.br\/loja3\/wp-content\/uploads\/2024\/04\/port-ling-ad.jpg","width":800,"height":1169},{"@type":"BreadcrumbList","@id":"https:\/\/ponteseditores.com.br\/loja3\/pontes-editores-home-2__trashed\/linguistica\/portugues-como-lingua-adicional-em-uma-perspectiva-indisciplinar-pesquisas-sobre-questoes-emergentes-2\/#breadcrumb","itemListElement":[{"@type":"ListItem","position":1,"name":"Home","item":"https:\/\/ponteseditores.com.br\/loja3\/"},{"@type":"ListItem","position":2,"name":"loja","item":"https:\/\/ponteseditores.com.br\/loja3\/loja\/"},{"@type":"ListItem","position":3,"name":"Portugu\u00eas Como L\u00edngua Adicional Em Uma Perspectiva Indisciplinar: Pesquisas Sobre Quest\u00f5es Emergentes"}]},{"@type":"WebSite","@id":"https:\/\/ponteseditores.com.br\/loja3\/#website","url":"https:\/\/ponteseditores.com.br\/loja3\/","name":"Pontes Editores","description":"Pontes Editores","publisher":{"@id":"https:\/\/ponteseditores.com.br\/loja3\/#organization"},"potentialAction":[{"@type":"SearchAction","target":{"@type":"EntryPoint","urlTemplate":"https:\/\/ponteseditores.com.br\/loja3\/?s={search_term_string}"},"query-input":{"@type":"PropertyValueSpecification","valueRequired":true,"valueName":"search_term_string"}}],"inLanguage":"pt-BR"},{"@type":"Organization","@id":"https:\/\/ponteseditores.com.br\/loja3\/#organization","name":"Pontes Editores","url":"https:\/\/ponteseditores.com.br\/loja3\/","logo":{"@type":"ImageObject","inLanguage":"pt-BR","@id":"https:\/\/ponteseditores.com.br\/loja3\/#\/schema\/logo\/image\/","url":"https:\/\/ponteseditores.com.br\/loja3\/wp-content\/uploads\/2023\/12\/logo-pontes-editores-v2.png","contentUrl":"https:\/\/ponteseditores.com.br\/loja3\/wp-content\/uploads\/2023\/12\/logo-pontes-editores-v2.png","width":258,"height":100,"caption":"Pontes Editores"},"image":{"@id":"https:\/\/ponteseditores.com.br\/loja3\/#\/schema\/logo\/image\/"}}]}},"_links":{"self":[{"href":"https:\/\/ponteseditores.com.br\/loja3\/wp-json\/wp\/v2\/product\/12064","targetHints":{"allow":["GET"]}}],"collection":[{"href":"https:\/\/ponteseditores.com.br\/loja3\/wp-json\/wp\/v2\/product"}],"about":[{"href":"https:\/\/ponteseditores.com.br\/loja3\/wp-json\/wp\/v2\/types\/product"}],"replies":[{"embeddable":true,"href":"https:\/\/ponteseditores.com.br\/loja3\/wp-json\/wp\/v2\/comments?post=12064"}],"version-history":[{"count":0,"href":"https:\/\/ponteseditores.com.br\/loja3\/wp-json\/wp\/v2\/product\/12064\/revisions"}],"wp:featuredmedia":[{"embeddable":true,"href":"https:\/\/ponteseditores.com.br\/loja3\/wp-json\/wp\/v2\/media\/12066"}],"wp:attachment":[{"href":"https:\/\/ponteseditores.com.br\/loja3\/wp-json\/wp\/v2\/media?parent=12064"}],"wp:term":[{"taxonomy":"product_brand","embeddable":true,"href":"https:\/\/ponteseditores.com.br\/loja3\/wp-json\/wp\/v2\/product_brand?post=12064"},{"taxonomy":"product_cat","embeddable":true,"href":"https:\/\/ponteseditores.com.br\/loja3\/wp-json\/wp\/v2\/product_cat?post=12064"},{"taxonomy":"product_tag","embeddable":true,"href":"https:\/\/ponteseditores.com.br\/loja3\/wp-json\/wp\/v2\/product_tag?post=12064"}],"curies":[{"name":"wp","href":"https:\/\/api.w.org\/{rel}","templated":true}]}}