{"id":11710,"date":"2024-04-09T17:01:57","date_gmt":"2024-04-09T20:01:57","guid":{"rendered":"https:\/\/ponteseditores.com.br\/loja3\/?post_type=product&#038;p=11710"},"modified":"2024-04-09T17:01:58","modified_gmt":"2024-04-09T20:01:58","slug":"artigos-analises-e-tutoriais-de-telecomunicacoes-2","status":"publish","type":"product","link":"https:\/\/ponteseditores.com.br\/loja3\/pontes-editores-home-2__trashed\/lancamento\/artigos-analises-e-tutoriais-de-telecomunicacoes-2\/","title":{"rendered":"Artigos, An\u00e1lises e Tutoriais de Telecomunica\u00e7\u00f5es 2"},"content":{"rendered":"<p class=\"xmsonormal\" style=\"margin: 0cm; text-align: justify; background: white;\"><span style=\"font-size: 11.0pt; font-family: 'Calibri',sans-serif; color: #242424;\">\u201c<b>Artigos, An\u00e1lise Tutoriais de Telecomunica\u00e7\u00f5es 2<\/b>\u201d re\u00fane textos produzidos de junho de 2015 a janeiro de 2024, divulgados em jornais, revistas, livros e sites, sendo as publica\u00e7\u00f5es numeradas de 57 a 117. Consiste no registro para a posteridade sobre o mercado, regula\u00e7\u00e3o e tecnologia na forma de uma colet\u00e2nea, uma fonte hist\u00f3rica, e n\u00e3o somente a transcri\u00e7\u00e3o de textos produzidos e divulgados em diferentes ve\u00edculos.<\/span><\/p>\n<p class=\"xmsonormal\" style=\"margin: 0cm; text-align: justify; background: white;\"><span style=\"font-size: 11.0pt; font-family: 'Calibri',sans-serif; color: #242424;\">\u00a0<\/span><\/p>\n<p class=\"xmsonormal\" style=\"margin: 0cm; text-align: justify; background: white;\"><span style=\"font-size: 11.0pt; font-family: 'Calibri',sans-serif; color: #242424;\">De acordo com Juarez Quadros, alguns artigos foram demandados de acordo com acontecimentos pol\u00edticos, tecnol\u00f3gicos e regulat\u00f3rios, uma vez que o engenheiro, pela sua grande experi\u00eancia no setor, sempre foi uma importante fonte de informa\u00e7\u00f5es setoriais, seja para an\u00e1lises solicitadas pelos ve\u00edculos de comunica\u00e7\u00e3o de circula\u00e7\u00e3o nacional, seja para a elabora\u00e7\u00e3o de conte\u00fados t\u00e9cnicos sob encomendas de clientes, de operadoras, das ind\u00fastrias e at\u00e9 de escrit\u00f3rios de advocacia.<\/span><\/p>\n","protected":false},"excerpt":{"rendered":"<p>\u201cArtigos, An\u00e1lise Tutoriais de Telecomunica\u00e7\u00f5es 2\u201d re\u00fane textos produzidos de junho de 2015 a janeiro de 2024, divulgados em jornais, revistas, livros e sites, sendo as publica\u00e7\u00f5es numeradas de 57 a 117. Consiste no registro para a posteridade sobre o mercado, regula\u00e7\u00e3o e tecnologia na forma de uma colet\u00e2nea, uma fonte hist\u00f3rica, e n\u00e3o somente [&hellip;]<\/p>\n","protected":false},"featured_media":11712,"comment_status":"open","ping_status":"closed","template":"","meta":{"_joinchat":[]},"product_brand":[],"product_cat":[167,276],"product_tag":[],"class_list":{"0":"post-11710","1":"product","2":"type-product","3":"status-publish","4":"has-post-thumbnail","6":"product_cat-lancamento","7":"product_cat-politica","9":"first","10":"instock","11":"shipping-taxable","12":"purchasable","13":"product-type-simple"},"yoast_head":"<!-- This site is optimized with the Yoast SEO plugin v27.4 - https:\/\/yoast.com\/product\/yoast-seo-wordpress\/ -->\n<title>Artigos, An\u00e1lises e Tutoriais de Telecomunica\u00e7\u00f5es 2 - Pontes Editores<\/title>\n<meta name=\"robots\" content=\"index, follow, max-snippet:-1, max-image-preview:large, max-video-preview:-1\" \/>\n<link rel=\"canonical\" href=\"https:\/\/ponteseditores.com.br\/loja3\/pontes-editores-home-2__trashed\/lancamento\/artigos-analises-e-tutoriais-de-telecomunicacoes-2\/\" \/>\n<meta property=\"og:locale\" content=\"pt_BR\" \/>\n<meta property=\"og:type\" content=\"article\" \/>\n<meta property=\"og:title\" content=\"Artigos, An\u00e1lises e Tutoriais de Telecomunica\u00e7\u00f5es 2 - Pontes Editores\" \/>\n<meta property=\"og:description\" content=\"\u201cArtigos, An\u00e1lise Tutoriais de Telecomunica\u00e7\u00f5es 2\u201d re\u00fane textos produzidos de junho de 2015 a janeiro de 2024, divulgados em jornais, revistas, livros e sites, sendo as publica\u00e7\u00f5es numeradas de 57 a 117. Consiste no registro para a posteridade sobre o mercado, regula\u00e7\u00e3o e tecnologia na forma de uma colet\u00e2nea, uma fonte hist\u00f3rica, e n\u00e3o somente [&hellip;]\" \/>\n<meta property=\"og:url\" content=\"https:\/\/ponteseditores.com.br\/loja3\/pontes-editores-home-2__trashed\/lancamento\/artigos-analises-e-tutoriais-de-telecomunicacoes-2\/\" \/>\n<meta property=\"og:site_name\" content=\"Pontes Editores\" \/>\n<meta property=\"article:modified_time\" content=\"2024-04-09T20:01:58+00:00\" \/>\n<meta property=\"og:image\" content=\"https:\/\/ponteseditores.com.br\/loja3\/wp-content\/uploads\/2024\/04\/Capa_Artigos_Analises_Tutoriais.jpg\" \/>\n\t<meta property=\"og:image:width\" content=\"1728\" \/>\n\t<meta property=\"og:image:height\" content=\"2443\" \/>\n\t<meta property=\"og:image:type\" content=\"image\/jpeg\" \/>\n<meta name=\"twitter:card\" content=\"summary_large_image\" \/>\n<meta name=\"twitter:label1\" content=\"Est. tempo de leitura\" \/>\n\t<meta name=\"twitter:data1\" content=\"1 minuto\" \/>\n<script type=\"application\/ld+json\" class=\"yoast-schema-graph\">{\"@context\":\"https:\\\/\\\/schema.org\",\"@graph\":[{\"@type\":\"WebPage\",\"@id\":\"https:\\\/\\\/ponteseditores.com.br\\\/loja3\\\/pontes-editores-home-2__trashed\\\/lancamento\\\/artigos-analises-e-tutoriais-de-telecomunicacoes-2\\\/\",\"url\":\"https:\\\/\\\/ponteseditores.com.br\\\/loja3\\\/pontes-editores-home-2__trashed\\\/lancamento\\\/artigos-analises-e-tutoriais-de-telecomunicacoes-2\\\/\",\"name\":\"Artigos, An\u00e1lises e Tutoriais de Telecomunica\u00e7\u00f5es 2 - Pontes Editores\",\"isPartOf\":{\"@id\":\"https:\\\/\\\/ponteseditores.com.br\\\/loja3\\\/#website\"},\"primaryImageOfPage\":{\"@id\":\"https:\\\/\\\/ponteseditores.com.br\\\/loja3\\\/pontes-editores-home-2__trashed\\\/lancamento\\\/artigos-analises-e-tutoriais-de-telecomunicacoes-2\\\/#primaryimage\"},\"image\":{\"@id\":\"https:\\\/\\\/ponteseditores.com.br\\\/loja3\\\/pontes-editores-home-2__trashed\\\/lancamento\\\/artigos-analises-e-tutoriais-de-telecomunicacoes-2\\\/#primaryimage\"},\"thumbnailUrl\":\"https:\\\/\\\/ponteseditores.com.br\\\/loja3\\\/wp-content\\\/uploads\\\/2024\\\/04\\\/Capa_Artigos_Analises_Tutoriais.jpg\",\"datePublished\":\"2024-04-09T20:01:57+00:00\",\"dateModified\":\"2024-04-09T20:01:58+00:00\",\"breadcrumb\":{\"@id\":\"https:\\\/\\\/ponteseditores.com.br\\\/loja3\\\/pontes-editores-home-2__trashed\\\/lancamento\\\/artigos-analises-e-tutoriais-de-telecomunicacoes-2\\\/#breadcrumb\"},\"inLanguage\":\"pt-BR\",\"potentialAction\":[{\"@type\":\"ReadAction\",\"target\":[\"https:\\\/\\\/ponteseditores.com.br\\\/loja3\\\/pontes-editores-home-2__trashed\\\/lancamento\\\/artigos-analises-e-tutoriais-de-telecomunicacoes-2\\\/\"]}]},{\"@type\":\"ImageObject\",\"inLanguage\":\"pt-BR\",\"@id\":\"https:\\\/\\\/ponteseditores.com.br\\\/loja3\\\/pontes-editores-home-2__trashed\\\/lancamento\\\/artigos-analises-e-tutoriais-de-telecomunicacoes-2\\\/#primaryimage\",\"url\":\"https:\\\/\\\/ponteseditores.com.br\\\/loja3\\\/wp-content\\\/uploads\\\/2024\\\/04\\\/Capa_Artigos_Analises_Tutoriais.jpg\",\"contentUrl\":\"https:\\\/\\\/ponteseditores.com.br\\\/loja3\\\/wp-content\\\/uploads\\\/2024\\\/04\\\/Capa_Artigos_Analises_Tutoriais.jpg\",\"width\":1728,\"height\":2443},{\"@type\":\"BreadcrumbList\",\"@id\":\"https:\\\/\\\/ponteseditores.com.br\\\/loja3\\\/pontes-editores-home-2__trashed\\\/lancamento\\\/artigos-analises-e-tutoriais-de-telecomunicacoes-2\\\/#breadcrumb\",\"itemListElement\":[{\"@type\":\"ListItem\",\"position\":1,\"name\":\"Home\",\"item\":\"https:\\\/\\\/ponteseditores.com.br\\\/loja3\\\/\"},{\"@type\":\"ListItem\",\"position\":2,\"name\":\"loja\",\"item\":\"https:\\\/\\\/ponteseditores.com.br\\\/loja3\\\/loja\\\/\"},{\"@type\":\"ListItem\",\"position\":3,\"name\":\"Artigos, An\u00e1lises e Tutoriais de Telecomunica\u00e7\u00f5es 2\"}]},{\"@type\":\"WebSite\",\"@id\":\"https:\\\/\\\/ponteseditores.com.br\\\/loja3\\\/#website\",\"url\":\"https:\\\/\\\/ponteseditores.com.br\\\/loja3\\\/\",\"name\":\"Pontes Editores\",\"description\":\"Pontes Editores\",\"publisher\":{\"@id\":\"https:\\\/\\\/ponteseditores.com.br\\\/loja3\\\/#organization\"},\"potentialAction\":[{\"@type\":\"SearchAction\",\"target\":{\"@type\":\"EntryPoint\",\"urlTemplate\":\"https:\\\/\\\/ponteseditores.com.br\\\/loja3\\\/?s={search_term_string}\"},\"query-input\":{\"@type\":\"PropertyValueSpecification\",\"valueRequired\":true,\"valueName\":\"search_term_string\"}}],\"inLanguage\":\"pt-BR\"},{\"@type\":\"Organization\",\"@id\":\"https:\\\/\\\/ponteseditores.com.br\\\/loja3\\\/#organization\",\"name\":\"Pontes Editores\",\"url\":\"https:\\\/\\\/ponteseditores.com.br\\\/loja3\\\/\",\"logo\":{\"@type\":\"ImageObject\",\"inLanguage\":\"pt-BR\",\"@id\":\"https:\\\/\\\/ponteseditores.com.br\\\/loja3\\\/#\\\/schema\\\/logo\\\/image\\\/\",\"url\":\"https:\\\/\\\/ponteseditores.com.br\\\/loja3\\\/wp-content\\\/uploads\\\/2023\\\/12\\\/logo-pontes-editores-v2.png\",\"contentUrl\":\"https:\\\/\\\/ponteseditores.com.br\\\/loja3\\\/wp-content\\\/uploads\\\/2023\\\/12\\\/logo-pontes-editores-v2.png\",\"width\":258,\"height\":100,\"caption\":\"Pontes Editores\"},\"image\":{\"@id\":\"https:\\\/\\\/ponteseditores.com.br\\\/loja3\\\/#\\\/schema\\\/logo\\\/image\\\/\"}}]}<\/script>\n<!-- \/ Yoast SEO plugin. -->","yoast_head_json":{"title":"Artigos, An\u00e1lises e Tutoriais de Telecomunica\u00e7\u00f5es 2 - Pontes Editores","robots":{"index":"index","follow":"follow","max-snippet":"max-snippet:-1","max-image-preview":"max-image-preview:large","max-video-preview":"max-video-preview:-1"},"canonical":"https:\/\/ponteseditores.com.br\/loja3\/pontes-editores-home-2__trashed\/lancamento\/artigos-analises-e-tutoriais-de-telecomunicacoes-2\/","og_locale":"pt_BR","og_type":"article","og_title":"Artigos, An\u00e1lises e Tutoriais de Telecomunica\u00e7\u00f5es 2 - Pontes Editores","og_description":"\u201cArtigos, An\u00e1lise Tutoriais de Telecomunica\u00e7\u00f5es 2\u201d re\u00fane textos produzidos de junho de 2015 a janeiro de 2024, divulgados em jornais, revistas, livros e sites, sendo as publica\u00e7\u00f5es numeradas de 57 a 117. Consiste no registro para a posteridade sobre o mercado, regula\u00e7\u00e3o e tecnologia na forma de uma colet\u00e2nea, uma fonte hist\u00f3rica, e n\u00e3o somente [&hellip;]","og_url":"https:\/\/ponteseditores.com.br\/loja3\/pontes-editores-home-2__trashed\/lancamento\/artigos-analises-e-tutoriais-de-telecomunicacoes-2\/","og_site_name":"Pontes Editores","article_modified_time":"2024-04-09T20:01:58+00:00","og_image":[{"width":1728,"height":2443,"url":"https:\/\/ponteseditores.com.br\/loja3\/wp-content\/uploads\/2024\/04\/Capa_Artigos_Analises_Tutoriais.jpg","type":"image\/jpeg"}],"twitter_card":"summary_large_image","twitter_misc":{"Est. tempo de leitura":"1 minuto"},"schema":{"@context":"https:\/\/schema.org","@graph":[{"@type":"WebPage","@id":"https:\/\/ponteseditores.com.br\/loja3\/pontes-editores-home-2__trashed\/lancamento\/artigos-analises-e-tutoriais-de-telecomunicacoes-2\/","url":"https:\/\/ponteseditores.com.br\/loja3\/pontes-editores-home-2__trashed\/lancamento\/artigos-analises-e-tutoriais-de-telecomunicacoes-2\/","name":"Artigos, An\u00e1lises e Tutoriais de Telecomunica\u00e7\u00f5es 2 - Pontes Editores","isPartOf":{"@id":"https:\/\/ponteseditores.com.br\/loja3\/#website"},"primaryImageOfPage":{"@id":"https:\/\/ponteseditores.com.br\/loja3\/pontes-editores-home-2__trashed\/lancamento\/artigos-analises-e-tutoriais-de-telecomunicacoes-2\/#primaryimage"},"image":{"@id":"https:\/\/ponteseditores.com.br\/loja3\/pontes-editores-home-2__trashed\/lancamento\/artigos-analises-e-tutoriais-de-telecomunicacoes-2\/#primaryimage"},"thumbnailUrl":"https:\/\/ponteseditores.com.br\/loja3\/wp-content\/uploads\/2024\/04\/Capa_Artigos_Analises_Tutoriais.jpg","datePublished":"2024-04-09T20:01:57+00:00","dateModified":"2024-04-09T20:01:58+00:00","breadcrumb":{"@id":"https:\/\/ponteseditores.com.br\/loja3\/pontes-editores-home-2__trashed\/lancamento\/artigos-analises-e-tutoriais-de-telecomunicacoes-2\/#breadcrumb"},"inLanguage":"pt-BR","potentialAction":[{"@type":"ReadAction","target":["https:\/\/ponteseditores.com.br\/loja3\/pontes-editores-home-2__trashed\/lancamento\/artigos-analises-e-tutoriais-de-telecomunicacoes-2\/"]}]},{"@type":"ImageObject","inLanguage":"pt-BR","@id":"https:\/\/ponteseditores.com.br\/loja3\/pontes-editores-home-2__trashed\/lancamento\/artigos-analises-e-tutoriais-de-telecomunicacoes-2\/#primaryimage","url":"https:\/\/ponteseditores.com.br\/loja3\/wp-content\/uploads\/2024\/04\/Capa_Artigos_Analises_Tutoriais.jpg","contentUrl":"https:\/\/ponteseditores.com.br\/loja3\/wp-content\/uploads\/2024\/04\/Capa_Artigos_Analises_Tutoriais.jpg","width":1728,"height":2443},{"@type":"BreadcrumbList","@id":"https:\/\/ponteseditores.com.br\/loja3\/pontes-editores-home-2__trashed\/lancamento\/artigos-analises-e-tutoriais-de-telecomunicacoes-2\/#breadcrumb","itemListElement":[{"@type":"ListItem","position":1,"name":"Home","item":"https:\/\/ponteseditores.com.br\/loja3\/"},{"@type":"ListItem","position":2,"name":"loja","item":"https:\/\/ponteseditores.com.br\/loja3\/loja\/"},{"@type":"ListItem","position":3,"name":"Artigos, An\u00e1lises e Tutoriais de Telecomunica\u00e7\u00f5es 2"}]},{"@type":"WebSite","@id":"https:\/\/ponteseditores.com.br\/loja3\/#website","url":"https:\/\/ponteseditores.com.br\/loja3\/","name":"Pontes Editores","description":"Pontes Editores","publisher":{"@id":"https:\/\/ponteseditores.com.br\/loja3\/#organization"},"potentialAction":[{"@type":"SearchAction","target":{"@type":"EntryPoint","urlTemplate":"https:\/\/ponteseditores.com.br\/loja3\/?s={search_term_string}"},"query-input":{"@type":"PropertyValueSpecification","valueRequired":true,"valueName":"search_term_string"}}],"inLanguage":"pt-BR"},{"@type":"Organization","@id":"https:\/\/ponteseditores.com.br\/loja3\/#organization","name":"Pontes Editores","url":"https:\/\/ponteseditores.com.br\/loja3\/","logo":{"@type":"ImageObject","inLanguage":"pt-BR","@id":"https:\/\/ponteseditores.com.br\/loja3\/#\/schema\/logo\/image\/","url":"https:\/\/ponteseditores.com.br\/loja3\/wp-content\/uploads\/2023\/12\/logo-pontes-editores-v2.png","contentUrl":"https:\/\/ponteseditores.com.br\/loja3\/wp-content\/uploads\/2023\/12\/logo-pontes-editores-v2.png","width":258,"height":100,"caption":"Pontes Editores"},"image":{"@id":"https:\/\/ponteseditores.com.br\/loja3\/#\/schema\/logo\/image\/"}}]}},"_links":{"self":[{"href":"https:\/\/ponteseditores.com.br\/loja3\/wp-json\/wp\/v2\/product\/11710","targetHints":{"allow":["GET"]}}],"collection":[{"href":"https:\/\/ponteseditores.com.br\/loja3\/wp-json\/wp\/v2\/product"}],"about":[{"href":"https:\/\/ponteseditores.com.br\/loja3\/wp-json\/wp\/v2\/types\/product"}],"replies":[{"embeddable":true,"href":"https:\/\/ponteseditores.com.br\/loja3\/wp-json\/wp\/v2\/comments?post=11710"}],"version-history":[{"count":0,"href":"https:\/\/ponteseditores.com.br\/loja3\/wp-json\/wp\/v2\/product\/11710\/revisions"}],"wp:featuredmedia":[{"embeddable":true,"href":"https:\/\/ponteseditores.com.br\/loja3\/wp-json\/wp\/v2\/media\/11712"}],"wp:attachment":[{"href":"https:\/\/ponteseditores.com.br\/loja3\/wp-json\/wp\/v2\/media?parent=11710"}],"wp:term":[{"taxonomy":"product_brand","embeddable":true,"href":"https:\/\/ponteseditores.com.br\/loja3\/wp-json\/wp\/v2\/product_brand?post=11710"},{"taxonomy":"product_cat","embeddable":true,"href":"https:\/\/ponteseditores.com.br\/loja3\/wp-json\/wp\/v2\/product_cat?post=11710"},{"taxonomy":"product_tag","embeddable":true,"href":"https:\/\/ponteseditores.com.br\/loja3\/wp-json\/wp\/v2\/product_tag?post=11710"}],"curies":[{"name":"wp","href":"https:\/\/api.w.org\/{rel}","templated":true}]}}