{"id":11426,"date":"2024-04-01T15:04:58","date_gmt":"2024-04-01T18:04:58","guid":{"rendered":"https:\/\/ponteseditores.com.br\/loja3\/?post_type=product&#038;p=11426"},"modified":"2024-04-01T15:04:59","modified_gmt":"2024-04-01T18:04:59","slug":"historia-e-historiografia-da-traducao-desafios-para-o-seculo-xxi-2","status":"publish","type":"product","link":"https:\/\/ponteseditores.com.br\/loja3\/pontes-editores-home-2__trashed\/traducao\/historia-e-historiografia-da-traducao-desafios-para-o-seculo-xxi-2\/","title":{"rendered":"Hist\u00f3ria e Historiografia da Tradu\u00e7\u00e3o Desafios para o s\u00e9culo XXI"},"content":{"rendered":"<table style=\"height: 356px;\" width=\"1159\">\n<tbody>\n<tr>\n<td width=\"594\">Hist\u00f3ria e historiografia da tradu\u00e7\u00e3o: desafios para o s\u00e9culo XXI, terceiro volume da cole\u00e7\u00e3o Estudos da Tradu\u00e7\u00e3o, criada pela Editora Pontes em 2014, \u00e9 resultado das pesquisas apresentadas nos III e IV Semin\u00e1rios de Hist\u00f3ria da Tradu\u00e7\u00e3o e Tradu\u00e7\u00e3o Liter\u00e1ria, ocorridos em Bras\u00edlia em outubro de 2014 e outubro de 2015, dando continuidade ao projeto iniciado em 2012, no \u00e2mbito do N\u00facleo de Pesquisa em Hist\u00f3ria da Tradu\u00e7\u00e3o e Tradu\u00e7\u00e3o Liter\u00e1ria (NEHTLIT), coordenado pela professora da Universidade de Bras\u00edlia, Germana Henriques Pereira, tamb\u00e9m organizadora deste volume e da cole\u00e7\u00e3o.<\/p>\n<p>Como afirmou o pesquisador e tradutor \u00c1lvaro Faleiros, na apresenta\u00e7\u00e3o de Hist\u00f3ria da Tradu\u00e7\u00e3o: ensaios de teoria, cr\u00edtica e tradu\u00e7\u00e3o liter\u00e1ria (2015), a \u201c&#8217;virada hist\u00f3rica&#8217; que conhece os Estudos da Tradu\u00e7\u00e3o neste primeiro quarto de s\u00e9culo XXI se reafirma novamente no esfor\u00e7o de pesquisadores de universidades estrangeiras e brasileiras aqui apresentados, no sentido de definir rumos para a pesquisa historiogr\u00e1fica no Brasil.\u201d<\/td>\n<\/tr>\n<\/tbody>\n<\/table>\n","protected":false},"excerpt":{"rendered":"<p>Hist\u00f3ria e historiografia da tradu\u00e7\u00e3o: desafios para o s\u00e9culo XXI, terceiro volume da cole\u00e7\u00e3o Estudos da Tradu\u00e7\u00e3o, criada pela Editora Pontes em 2014, \u00e9 resultado das pesquisas apresentadas nos III e IV Semin\u00e1rios de Hist\u00f3ria da Tradu\u00e7\u00e3o e Tradu\u00e7\u00e3o Liter\u00e1ria, ocorridos em Bras\u00edlia em outubro de 2014 e outubro de 2015, dando continuidade ao projeto [&hellip;]<\/p>\n","protected":false},"featured_media":11427,"comment_status":"open","ping_status":"closed","template":"","meta":{"_joinchat":[]},"product_brand":[],"product_cat":[305],"product_tag":[],"class_list":{"0":"post-11426","1":"product","2":"type-product","3":"status-publish","4":"has-post-thumbnail","6":"product_cat-traducao","8":"first","9":"instock","10":"shipping-taxable","11":"purchasable","12":"product-type-simple"},"yoast_head":"<!-- This site is optimized with the Yoast SEO plugin v27.4 - https:\/\/yoast.com\/product\/yoast-seo-wordpress\/ -->\n<title>Hist\u00f3ria e Historiografia da Tradu\u00e7\u00e3o Desafios para o s\u00e9culo XXI - Pontes Editores<\/title>\n<meta name=\"robots\" content=\"index, follow, max-snippet:-1, max-image-preview:large, max-video-preview:-1\" \/>\n<link rel=\"canonical\" href=\"https:\/\/ponteseditores.com.br\/loja3\/pontes-editores-home-2__trashed\/traducao\/historia-e-historiografia-da-traducao-desafios-para-o-seculo-xxi-2\/\" \/>\n<meta property=\"og:locale\" content=\"pt_BR\" \/>\n<meta property=\"og:type\" content=\"article\" \/>\n<meta property=\"og:title\" content=\"Hist\u00f3ria e Historiografia da Tradu\u00e7\u00e3o Desafios para o s\u00e9culo XXI - Pontes Editores\" \/>\n<meta property=\"og:description\" content=\"Hist\u00f3ria e historiografia da tradu\u00e7\u00e3o: desafios para o s\u00e9culo XXI, terceiro volume da cole\u00e7\u00e3o Estudos da Tradu\u00e7\u00e3o, criada pela Editora Pontes em 2014, \u00e9 resultado das pesquisas apresentadas nos III e IV Semin\u00e1rios de Hist\u00f3ria da Tradu\u00e7\u00e3o e Tradu\u00e7\u00e3o Liter\u00e1ria, ocorridos em Bras\u00edlia em outubro de 2014 e outubro de 2015, dando continuidade ao projeto [&hellip;]\" \/>\n<meta property=\"og:url\" content=\"https:\/\/ponteseditores.com.br\/loja3\/pontes-editores-home-2__trashed\/traducao\/historia-e-historiografia-da-traducao-desafios-para-o-seculo-xxi-2\/\" \/>\n<meta property=\"og:site_name\" content=\"Pontes Editores\" \/>\n<meta property=\"article:modified_time\" content=\"2024-04-01T18:04:59+00:00\" \/>\n<meta property=\"og:image\" content=\"https:\/\/ponteseditores.com.br\/loja3\/wp-content\/uploads\/2024\/04\/Historia-e-historiografia-da-traducao-3-capa.jpg\" \/>\n\t<meta property=\"og:image:width\" content=\"488\" \/>\n\t<meta property=\"og:image:height\" content=\"768\" \/>\n\t<meta property=\"og:image:type\" content=\"image\/jpeg\" \/>\n<meta name=\"twitter:card\" content=\"summary_large_image\" \/>\n<meta name=\"twitter:label1\" content=\"Est. tempo de leitura\" \/>\n\t<meta name=\"twitter:data1\" content=\"2 minutos\" \/>\n<script type=\"application\/ld+json\" class=\"yoast-schema-graph\">{\"@context\":\"https:\\\/\\\/schema.org\",\"@graph\":[{\"@type\":\"WebPage\",\"@id\":\"https:\\\/\\\/ponteseditores.com.br\\\/loja3\\\/pontes-editores-home-2__trashed\\\/traducao\\\/historia-e-historiografia-da-traducao-desafios-para-o-seculo-xxi-2\\\/\",\"url\":\"https:\\\/\\\/ponteseditores.com.br\\\/loja3\\\/pontes-editores-home-2__trashed\\\/traducao\\\/historia-e-historiografia-da-traducao-desafios-para-o-seculo-xxi-2\\\/\",\"name\":\"Hist\u00f3ria e Historiografia da Tradu\u00e7\u00e3o Desafios para o s\u00e9culo XXI - Pontes Editores\",\"isPartOf\":{\"@id\":\"https:\\\/\\\/ponteseditores.com.br\\\/loja3\\\/#website\"},\"primaryImageOfPage\":{\"@id\":\"https:\\\/\\\/ponteseditores.com.br\\\/loja3\\\/pontes-editores-home-2__trashed\\\/traducao\\\/historia-e-historiografia-da-traducao-desafios-para-o-seculo-xxi-2\\\/#primaryimage\"},\"image\":{\"@id\":\"https:\\\/\\\/ponteseditores.com.br\\\/loja3\\\/pontes-editores-home-2__trashed\\\/traducao\\\/historia-e-historiografia-da-traducao-desafios-para-o-seculo-xxi-2\\\/#primaryimage\"},\"thumbnailUrl\":\"https:\\\/\\\/ponteseditores.com.br\\\/loja3\\\/wp-content\\\/uploads\\\/2024\\\/04\\\/Historia-e-historiografia-da-traducao-3-capa.jpg\",\"datePublished\":\"2024-04-01T18:04:58+00:00\",\"dateModified\":\"2024-04-01T18:04:59+00:00\",\"breadcrumb\":{\"@id\":\"https:\\\/\\\/ponteseditores.com.br\\\/loja3\\\/pontes-editores-home-2__trashed\\\/traducao\\\/historia-e-historiografia-da-traducao-desafios-para-o-seculo-xxi-2\\\/#breadcrumb\"},\"inLanguage\":\"pt-BR\",\"potentialAction\":[{\"@type\":\"ReadAction\",\"target\":[\"https:\\\/\\\/ponteseditores.com.br\\\/loja3\\\/pontes-editores-home-2__trashed\\\/traducao\\\/historia-e-historiografia-da-traducao-desafios-para-o-seculo-xxi-2\\\/\"]}]},{\"@type\":\"ImageObject\",\"inLanguage\":\"pt-BR\",\"@id\":\"https:\\\/\\\/ponteseditores.com.br\\\/loja3\\\/pontes-editores-home-2__trashed\\\/traducao\\\/historia-e-historiografia-da-traducao-desafios-para-o-seculo-xxi-2\\\/#primaryimage\",\"url\":\"https:\\\/\\\/ponteseditores.com.br\\\/loja3\\\/wp-content\\\/uploads\\\/2024\\\/04\\\/Historia-e-historiografia-da-traducao-3-capa.jpg\",\"contentUrl\":\"https:\\\/\\\/ponteseditores.com.br\\\/loja3\\\/wp-content\\\/uploads\\\/2024\\\/04\\\/Historia-e-historiografia-da-traducao-3-capa.jpg\",\"width\":488,\"height\":768},{\"@type\":\"BreadcrumbList\",\"@id\":\"https:\\\/\\\/ponteseditores.com.br\\\/loja3\\\/pontes-editores-home-2__trashed\\\/traducao\\\/historia-e-historiografia-da-traducao-desafios-para-o-seculo-xxi-2\\\/#breadcrumb\",\"itemListElement\":[{\"@type\":\"ListItem\",\"position\":1,\"name\":\"Home\",\"item\":\"https:\\\/\\\/ponteseditores.com.br\\\/loja3\\\/\"},{\"@type\":\"ListItem\",\"position\":2,\"name\":\"loja\",\"item\":\"https:\\\/\\\/ponteseditores.com.br\\\/loja3\\\/loja\\\/\"},{\"@type\":\"ListItem\",\"position\":3,\"name\":\"Hist\u00f3ria e Historiografia da Tradu\u00e7\u00e3o Desafios para o s\u00e9culo XXI\"}]},{\"@type\":\"WebSite\",\"@id\":\"https:\\\/\\\/ponteseditores.com.br\\\/loja3\\\/#website\",\"url\":\"https:\\\/\\\/ponteseditores.com.br\\\/loja3\\\/\",\"name\":\"Pontes Editores\",\"description\":\"Pontes Editores\",\"publisher\":{\"@id\":\"https:\\\/\\\/ponteseditores.com.br\\\/loja3\\\/#organization\"},\"potentialAction\":[{\"@type\":\"SearchAction\",\"target\":{\"@type\":\"EntryPoint\",\"urlTemplate\":\"https:\\\/\\\/ponteseditores.com.br\\\/loja3\\\/?s={search_term_string}\"},\"query-input\":{\"@type\":\"PropertyValueSpecification\",\"valueRequired\":true,\"valueName\":\"search_term_string\"}}],\"inLanguage\":\"pt-BR\"},{\"@type\":\"Organization\",\"@id\":\"https:\\\/\\\/ponteseditores.com.br\\\/loja3\\\/#organization\",\"name\":\"Pontes Editores\",\"url\":\"https:\\\/\\\/ponteseditores.com.br\\\/loja3\\\/\",\"logo\":{\"@type\":\"ImageObject\",\"inLanguage\":\"pt-BR\",\"@id\":\"https:\\\/\\\/ponteseditores.com.br\\\/loja3\\\/#\\\/schema\\\/logo\\\/image\\\/\",\"url\":\"https:\\\/\\\/ponteseditores.com.br\\\/loja3\\\/wp-content\\\/uploads\\\/2023\\\/12\\\/logo-pontes-editores-v2.png\",\"contentUrl\":\"https:\\\/\\\/ponteseditores.com.br\\\/loja3\\\/wp-content\\\/uploads\\\/2023\\\/12\\\/logo-pontes-editores-v2.png\",\"width\":258,\"height\":100,\"caption\":\"Pontes Editores\"},\"image\":{\"@id\":\"https:\\\/\\\/ponteseditores.com.br\\\/loja3\\\/#\\\/schema\\\/logo\\\/image\\\/\"}}]}<\/script>\n<!-- \/ Yoast SEO plugin. -->","yoast_head_json":{"title":"Hist\u00f3ria e Historiografia da Tradu\u00e7\u00e3o Desafios para o s\u00e9culo XXI - Pontes Editores","robots":{"index":"index","follow":"follow","max-snippet":"max-snippet:-1","max-image-preview":"max-image-preview:large","max-video-preview":"max-video-preview:-1"},"canonical":"https:\/\/ponteseditores.com.br\/loja3\/pontes-editores-home-2__trashed\/traducao\/historia-e-historiografia-da-traducao-desafios-para-o-seculo-xxi-2\/","og_locale":"pt_BR","og_type":"article","og_title":"Hist\u00f3ria e Historiografia da Tradu\u00e7\u00e3o Desafios para o s\u00e9culo XXI - Pontes Editores","og_description":"Hist\u00f3ria e historiografia da tradu\u00e7\u00e3o: desafios para o s\u00e9culo XXI, terceiro volume da cole\u00e7\u00e3o Estudos da Tradu\u00e7\u00e3o, criada pela Editora Pontes em 2014, \u00e9 resultado das pesquisas apresentadas nos III e IV Semin\u00e1rios de Hist\u00f3ria da Tradu\u00e7\u00e3o e Tradu\u00e7\u00e3o Liter\u00e1ria, ocorridos em Bras\u00edlia em outubro de 2014 e outubro de 2015, dando continuidade ao projeto [&hellip;]","og_url":"https:\/\/ponteseditores.com.br\/loja3\/pontes-editores-home-2__trashed\/traducao\/historia-e-historiografia-da-traducao-desafios-para-o-seculo-xxi-2\/","og_site_name":"Pontes Editores","article_modified_time":"2024-04-01T18:04:59+00:00","og_image":[{"width":488,"height":768,"url":"https:\/\/ponteseditores.com.br\/loja3\/wp-content\/uploads\/2024\/04\/Historia-e-historiografia-da-traducao-3-capa.jpg","type":"image\/jpeg"}],"twitter_card":"summary_large_image","twitter_misc":{"Est. tempo de leitura":"2 minutos"},"schema":{"@context":"https:\/\/schema.org","@graph":[{"@type":"WebPage","@id":"https:\/\/ponteseditores.com.br\/loja3\/pontes-editores-home-2__trashed\/traducao\/historia-e-historiografia-da-traducao-desafios-para-o-seculo-xxi-2\/","url":"https:\/\/ponteseditores.com.br\/loja3\/pontes-editores-home-2__trashed\/traducao\/historia-e-historiografia-da-traducao-desafios-para-o-seculo-xxi-2\/","name":"Hist\u00f3ria e Historiografia da Tradu\u00e7\u00e3o Desafios para o s\u00e9culo XXI - Pontes Editores","isPartOf":{"@id":"https:\/\/ponteseditores.com.br\/loja3\/#website"},"primaryImageOfPage":{"@id":"https:\/\/ponteseditores.com.br\/loja3\/pontes-editores-home-2__trashed\/traducao\/historia-e-historiografia-da-traducao-desafios-para-o-seculo-xxi-2\/#primaryimage"},"image":{"@id":"https:\/\/ponteseditores.com.br\/loja3\/pontes-editores-home-2__trashed\/traducao\/historia-e-historiografia-da-traducao-desafios-para-o-seculo-xxi-2\/#primaryimage"},"thumbnailUrl":"https:\/\/ponteseditores.com.br\/loja3\/wp-content\/uploads\/2024\/04\/Historia-e-historiografia-da-traducao-3-capa.jpg","datePublished":"2024-04-01T18:04:58+00:00","dateModified":"2024-04-01T18:04:59+00:00","breadcrumb":{"@id":"https:\/\/ponteseditores.com.br\/loja3\/pontes-editores-home-2__trashed\/traducao\/historia-e-historiografia-da-traducao-desafios-para-o-seculo-xxi-2\/#breadcrumb"},"inLanguage":"pt-BR","potentialAction":[{"@type":"ReadAction","target":["https:\/\/ponteseditores.com.br\/loja3\/pontes-editores-home-2__trashed\/traducao\/historia-e-historiografia-da-traducao-desafios-para-o-seculo-xxi-2\/"]}]},{"@type":"ImageObject","inLanguage":"pt-BR","@id":"https:\/\/ponteseditores.com.br\/loja3\/pontes-editores-home-2__trashed\/traducao\/historia-e-historiografia-da-traducao-desafios-para-o-seculo-xxi-2\/#primaryimage","url":"https:\/\/ponteseditores.com.br\/loja3\/wp-content\/uploads\/2024\/04\/Historia-e-historiografia-da-traducao-3-capa.jpg","contentUrl":"https:\/\/ponteseditores.com.br\/loja3\/wp-content\/uploads\/2024\/04\/Historia-e-historiografia-da-traducao-3-capa.jpg","width":488,"height":768},{"@type":"BreadcrumbList","@id":"https:\/\/ponteseditores.com.br\/loja3\/pontes-editores-home-2__trashed\/traducao\/historia-e-historiografia-da-traducao-desafios-para-o-seculo-xxi-2\/#breadcrumb","itemListElement":[{"@type":"ListItem","position":1,"name":"Home","item":"https:\/\/ponteseditores.com.br\/loja3\/"},{"@type":"ListItem","position":2,"name":"loja","item":"https:\/\/ponteseditores.com.br\/loja3\/loja\/"},{"@type":"ListItem","position":3,"name":"Hist\u00f3ria e Historiografia da Tradu\u00e7\u00e3o Desafios para o s\u00e9culo XXI"}]},{"@type":"WebSite","@id":"https:\/\/ponteseditores.com.br\/loja3\/#website","url":"https:\/\/ponteseditores.com.br\/loja3\/","name":"Pontes Editores","description":"Pontes Editores","publisher":{"@id":"https:\/\/ponteseditores.com.br\/loja3\/#organization"},"potentialAction":[{"@type":"SearchAction","target":{"@type":"EntryPoint","urlTemplate":"https:\/\/ponteseditores.com.br\/loja3\/?s={search_term_string}"},"query-input":{"@type":"PropertyValueSpecification","valueRequired":true,"valueName":"search_term_string"}}],"inLanguage":"pt-BR"},{"@type":"Organization","@id":"https:\/\/ponteseditores.com.br\/loja3\/#organization","name":"Pontes Editores","url":"https:\/\/ponteseditores.com.br\/loja3\/","logo":{"@type":"ImageObject","inLanguage":"pt-BR","@id":"https:\/\/ponteseditores.com.br\/loja3\/#\/schema\/logo\/image\/","url":"https:\/\/ponteseditores.com.br\/loja3\/wp-content\/uploads\/2023\/12\/logo-pontes-editores-v2.png","contentUrl":"https:\/\/ponteseditores.com.br\/loja3\/wp-content\/uploads\/2023\/12\/logo-pontes-editores-v2.png","width":258,"height":100,"caption":"Pontes Editores"},"image":{"@id":"https:\/\/ponteseditores.com.br\/loja3\/#\/schema\/logo\/image\/"}}]}},"_links":{"self":[{"href":"https:\/\/ponteseditores.com.br\/loja3\/wp-json\/wp\/v2\/product\/11426","targetHints":{"allow":["GET"]}}],"collection":[{"href":"https:\/\/ponteseditores.com.br\/loja3\/wp-json\/wp\/v2\/product"}],"about":[{"href":"https:\/\/ponteseditores.com.br\/loja3\/wp-json\/wp\/v2\/types\/product"}],"replies":[{"embeddable":true,"href":"https:\/\/ponteseditores.com.br\/loja3\/wp-json\/wp\/v2\/comments?post=11426"}],"version-history":[{"count":0,"href":"https:\/\/ponteseditores.com.br\/loja3\/wp-json\/wp\/v2\/product\/11426\/revisions"}],"wp:featuredmedia":[{"embeddable":true,"href":"https:\/\/ponteseditores.com.br\/loja3\/wp-json\/wp\/v2\/media\/11427"}],"wp:attachment":[{"href":"https:\/\/ponteseditores.com.br\/loja3\/wp-json\/wp\/v2\/media?parent=11426"}],"wp:term":[{"taxonomy":"product_brand","embeddable":true,"href":"https:\/\/ponteseditores.com.br\/loja3\/wp-json\/wp\/v2\/product_brand?post=11426"},{"taxonomy":"product_cat","embeddable":true,"href":"https:\/\/ponteseditores.com.br\/loja3\/wp-json\/wp\/v2\/product_cat?post=11426"},{"taxonomy":"product_tag","embeddable":true,"href":"https:\/\/ponteseditores.com.br\/loja3\/wp-json\/wp\/v2\/product_tag?post=11426"}],"curies":[{"name":"wp","href":"https:\/\/api.w.org\/{rel}","templated":true}]}}