{"id":10025,"date":"2024-02-02T11:24:22","date_gmt":"2024-02-02T14:24:22","guid":{"rendered":"https:\/\/ponteseditores.com.br\/loja3\/?post_type=product&#038;p=10025"},"modified":"2024-02-02T11:24:22","modified_gmt":"2024-02-02T14:24:22","slug":"educacao-genero-e-diversidades-no-semiarido","status":"publish","type":"product","link":"https:\/\/ponteseditores.com.br\/loja3\/pontes-editores-home-2__trashed\/linguistica\/educacao-genero-e-diversidades-no-semiarido\/","title":{"rendered":"Educa\u00e7\u00e3o, G\u00eanero e Diversidades no Semi\u00e1rido"},"content":{"rendered":"<p>Os textos da obra <em>Educa\u00e7\u00e3o, G\u00eanero e Diversidade no Semi\u00e1rido<\/em>, centrou-se sobre o exerc\u00edcio da professoralidade na perspectiva da equidade e das diversidades, constru\u00eddas a partir das narrativas (auto)biogr\u00e1ficas, de abordagem qualitativa, com o objetivo de entender que a constru\u00e7\u00e3o da narrativa, bem como sua leitura, reflex\u00e3o e an\u00e1lise, abarcam potencialidades inerentes ao desenvolvimento pessoal e profissional. As escritas, alinhando-se ao processo de investiga\u00e7\u00e3o da constru\u00e7\u00e3o da identidade, das diversidades e do fazer de mulheres que vivem no Semi\u00e1rido Baiano, apontam para a doc\u00eancia-pesquisa e para os desafios do tempo presente, atrav\u00e9s da experi\u00eancia em gestos, para nos desafazermos do que somos e nos tornarmos outros\/as.<\/p>\n<p>&nbsp;<\/p>\n<p>Professora Doutora Carm\u00e9lia Aparecida Silva Miranda<\/p>\n<p>&nbsp;<\/p>\n<p>Produzir conhecimento a partir dos pressupostos te\u00f3ricos metodol\u00f3gicos das ci\u00eancias humanas no Semi\u00e1rido Brasileiro, especialmente nos territ\u00f3rios mais afastados dos grandes centros urbanos, distantes das exposi\u00e7\u00f5es art\u00edsticas culturais, museus, universidades conceituadas, tem se constitu\u00eddo um desafio permanente aos\/\u00e0s intelectuais que por op\u00e7\u00e3o nestes territ\u00f3rios permanecem. Tal fato pode ser atribu\u00eddo ao processo de coloniza\u00e7\u00e3o por representantes da coroa portuguesa, que relegou ao semi\u00e1rido, al\u00e9m dos problemas de ordem ambiental, a car\u00eancia de a\u00e7\u00f5es p\u00fablicas efetivas que visem a uma melhor conviv\u00eancia da popula\u00e7\u00e3o com essa regi\u00e3o. Salientamos, portanto, que nossas escritas se constituem enquanto produ\u00e7\u00e3o de ci\u00eancia que tem por base as nossas viv\u00eancias emp\u00edricas e epist\u00eamicas, por meio das quais desvelamos e sistematizamos novas maneiras de conviv\u00eancia com o Semi\u00e1rido, tanto no que se refere ao campo das objetividades, inerentes \u00e0s quest\u00f5es clim\u00e1ticas e ambientais, como no campo das subjetiva\u00e7\u00f5es humanas vinculadas \u00e0s teorias identit\u00e1rias, como g\u00eanero, ra\u00e7a, etnia, sexualidade, produ\u00e7\u00e3o cultural, dentre outras. Ao publicizar nossas pesquisas, de alguma maneira estamos evidenciando as singularidades inerentes ao exerc\u00edcio de nossas professoralidades. Contudo, sinalizamos que entendemos tal exerc\u00edcio n\u00e3o tem sua finalidade \u00faltimo em sala aula, ao contr\u00e1rio faz da pr\u00f3pria sala um espa\u00e7o complexo, fazendo emergir novas pesquisas.<\/p>\n<p>&nbsp;<\/p>\n<p>Professor Doutor Pedro Paulo Souza Rios<\/p>\n","protected":false},"excerpt":{"rendered":"<p>Os textos da obra Educa\u00e7\u00e3o, G\u00eanero e Diversidade no Semi\u00e1rido, centrou-se sobre o exerc\u00edcio da professoralidade na perspectiva da equidade e das diversidades, constru\u00eddas a partir das narrativas (auto)biogr\u00e1ficas, de abordagem qualitativa, com o objetivo de entender que a constru\u00e7\u00e3o da narrativa, bem como sua leitura, reflex\u00e3o e an\u00e1lise, abarcam potencialidades inerentes ao desenvolvimento pessoal [&hellip;]<\/p>\n","protected":false},"featured_media":10026,"comment_status":"open","ping_status":"closed","template":"","meta":{"_joinchat":[]},"product_brand":[],"product_cat":[97,167,31],"product_tag":[],"class_list":{"0":"post-10025","1":"product","2":"type-product","3":"status-publish","4":"has-post-thumbnail","6":"product_cat-educacao","7":"product_cat-lancamento","8":"product_cat-linguistica","10":"first","11":"instock","12":"shipping-taxable","13":"purchasable","14":"product-type-simple"},"yoast_head":"<!-- This site is optimized with the Yoast SEO plugin v27.4 - https:\/\/yoast.com\/product\/yoast-seo-wordpress\/ -->\n<title>Educa\u00e7\u00e3o, G\u00eanero e Diversidades no Semi\u00e1rido - Pontes Editores<\/title>\n<meta name=\"robots\" content=\"index, follow, max-snippet:-1, max-image-preview:large, max-video-preview:-1\" \/>\n<link rel=\"canonical\" href=\"https:\/\/ponteseditores.com.br\/loja3\/pontes-editores-home-2__trashed\/linguistica\/educacao-genero-e-diversidades-no-semiarido\/\" \/>\n<meta property=\"og:locale\" content=\"pt_BR\" \/>\n<meta property=\"og:type\" content=\"article\" \/>\n<meta property=\"og:title\" content=\"Educa\u00e7\u00e3o, G\u00eanero e Diversidades no Semi\u00e1rido - Pontes Editores\" \/>\n<meta property=\"og:description\" content=\"Os textos da obra Educa\u00e7\u00e3o, G\u00eanero e Diversidade no Semi\u00e1rido, centrou-se sobre o exerc\u00edcio da professoralidade na perspectiva da equidade e das diversidades, constru\u00eddas a partir das narrativas (auto)biogr\u00e1ficas, de abordagem qualitativa, com o objetivo de entender que a constru\u00e7\u00e3o da narrativa, bem como sua leitura, reflex\u00e3o e an\u00e1lise, abarcam potencialidades inerentes ao desenvolvimento pessoal [&hellip;]\" \/>\n<meta property=\"og:url\" content=\"https:\/\/ponteseditores.com.br\/loja3\/pontes-editores-home-2__trashed\/linguistica\/educacao-genero-e-diversidades-no-semiarido\/\" \/>\n<meta property=\"og:site_name\" content=\"Pontes Editores\" \/>\n<meta property=\"og:image\" content=\"https:\/\/ponteseditores.com.br\/loja3\/wp-content\/uploads\/2024\/02\/Capa_Educacao_Genero.jpg\" \/>\n\t<meta property=\"og:image:width\" content=\"1728\" \/>\n\t<meta property=\"og:image:height\" content=\"2443\" \/>\n\t<meta property=\"og:image:type\" content=\"image\/jpeg\" \/>\n<meta name=\"twitter:card\" content=\"summary_large_image\" \/>\n<meta name=\"twitter:label1\" content=\"Est. tempo de leitura\" \/>\n\t<meta name=\"twitter:data1\" content=\"2 minutos\" \/>\n<script type=\"application\/ld+json\" class=\"yoast-schema-graph\">{\"@context\":\"https:\\\/\\\/schema.org\",\"@graph\":[{\"@type\":\"WebPage\",\"@id\":\"https:\\\/\\\/ponteseditores.com.br\\\/loja3\\\/pontes-editores-home-2__trashed\\\/linguistica\\\/educacao-genero-e-diversidades-no-semiarido\\\/\",\"url\":\"https:\\\/\\\/ponteseditores.com.br\\\/loja3\\\/pontes-editores-home-2__trashed\\\/linguistica\\\/educacao-genero-e-diversidades-no-semiarido\\\/\",\"name\":\"Educa\u00e7\u00e3o, G\u00eanero e Diversidades no Semi\u00e1rido - Pontes Editores\",\"isPartOf\":{\"@id\":\"https:\\\/\\\/ponteseditores.com.br\\\/loja3\\\/#website\"},\"primaryImageOfPage\":{\"@id\":\"https:\\\/\\\/ponteseditores.com.br\\\/loja3\\\/pontes-editores-home-2__trashed\\\/linguistica\\\/educacao-genero-e-diversidades-no-semiarido\\\/#primaryimage\"},\"image\":{\"@id\":\"https:\\\/\\\/ponteseditores.com.br\\\/loja3\\\/pontes-editores-home-2__trashed\\\/linguistica\\\/educacao-genero-e-diversidades-no-semiarido\\\/#primaryimage\"},\"thumbnailUrl\":\"https:\\\/\\\/ponteseditores.com.br\\\/loja3\\\/wp-content\\\/uploads\\\/2024\\\/02\\\/Capa_Educacao_Genero.jpg\",\"datePublished\":\"2024-02-02T14:24:22+00:00\",\"breadcrumb\":{\"@id\":\"https:\\\/\\\/ponteseditores.com.br\\\/loja3\\\/pontes-editores-home-2__trashed\\\/linguistica\\\/educacao-genero-e-diversidades-no-semiarido\\\/#breadcrumb\"},\"inLanguage\":\"pt-BR\",\"potentialAction\":[{\"@type\":\"ReadAction\",\"target\":[\"https:\\\/\\\/ponteseditores.com.br\\\/loja3\\\/pontes-editores-home-2__trashed\\\/linguistica\\\/educacao-genero-e-diversidades-no-semiarido\\\/\"]}]},{\"@type\":\"ImageObject\",\"inLanguage\":\"pt-BR\",\"@id\":\"https:\\\/\\\/ponteseditores.com.br\\\/loja3\\\/pontes-editores-home-2__trashed\\\/linguistica\\\/educacao-genero-e-diversidades-no-semiarido\\\/#primaryimage\",\"url\":\"https:\\\/\\\/ponteseditores.com.br\\\/loja3\\\/wp-content\\\/uploads\\\/2024\\\/02\\\/Capa_Educacao_Genero.jpg\",\"contentUrl\":\"https:\\\/\\\/ponteseditores.com.br\\\/loja3\\\/wp-content\\\/uploads\\\/2024\\\/02\\\/Capa_Educacao_Genero.jpg\",\"width\":1728,\"height\":2443},{\"@type\":\"BreadcrumbList\",\"@id\":\"https:\\\/\\\/ponteseditores.com.br\\\/loja3\\\/pontes-editores-home-2__trashed\\\/linguistica\\\/educacao-genero-e-diversidades-no-semiarido\\\/#breadcrumb\",\"itemListElement\":[{\"@type\":\"ListItem\",\"position\":1,\"name\":\"Home\",\"item\":\"https:\\\/\\\/ponteseditores.com.br\\\/loja3\\\/\"},{\"@type\":\"ListItem\",\"position\":2,\"name\":\"loja\",\"item\":\"https:\\\/\\\/ponteseditores.com.br\\\/loja3\\\/loja\\\/\"},{\"@type\":\"ListItem\",\"position\":3,\"name\":\"Educa\u00e7\u00e3o, G\u00eanero e Diversidades no Semi\u00e1rido\"}]},{\"@type\":\"WebSite\",\"@id\":\"https:\\\/\\\/ponteseditores.com.br\\\/loja3\\\/#website\",\"url\":\"https:\\\/\\\/ponteseditores.com.br\\\/loja3\\\/\",\"name\":\"Pontes Editores\",\"description\":\"Pontes Editores\",\"publisher\":{\"@id\":\"https:\\\/\\\/ponteseditores.com.br\\\/loja3\\\/#organization\"},\"potentialAction\":[{\"@type\":\"SearchAction\",\"target\":{\"@type\":\"EntryPoint\",\"urlTemplate\":\"https:\\\/\\\/ponteseditores.com.br\\\/loja3\\\/?s={search_term_string}\"},\"query-input\":{\"@type\":\"PropertyValueSpecification\",\"valueRequired\":true,\"valueName\":\"search_term_string\"}}],\"inLanguage\":\"pt-BR\"},{\"@type\":\"Organization\",\"@id\":\"https:\\\/\\\/ponteseditores.com.br\\\/loja3\\\/#organization\",\"name\":\"Pontes Editores\",\"url\":\"https:\\\/\\\/ponteseditores.com.br\\\/loja3\\\/\",\"logo\":{\"@type\":\"ImageObject\",\"inLanguage\":\"pt-BR\",\"@id\":\"https:\\\/\\\/ponteseditores.com.br\\\/loja3\\\/#\\\/schema\\\/logo\\\/image\\\/\",\"url\":\"https:\\\/\\\/ponteseditores.com.br\\\/loja3\\\/wp-content\\\/uploads\\\/2023\\\/12\\\/logo-pontes-editores-v2.png\",\"contentUrl\":\"https:\\\/\\\/ponteseditores.com.br\\\/loja3\\\/wp-content\\\/uploads\\\/2023\\\/12\\\/logo-pontes-editores-v2.png\",\"width\":258,\"height\":100,\"caption\":\"Pontes Editores\"},\"image\":{\"@id\":\"https:\\\/\\\/ponteseditores.com.br\\\/loja3\\\/#\\\/schema\\\/logo\\\/image\\\/\"}}]}<\/script>\n<!-- \/ Yoast SEO plugin. -->","yoast_head_json":{"title":"Educa\u00e7\u00e3o, G\u00eanero e Diversidades no Semi\u00e1rido - Pontes Editores","robots":{"index":"index","follow":"follow","max-snippet":"max-snippet:-1","max-image-preview":"max-image-preview:large","max-video-preview":"max-video-preview:-1"},"canonical":"https:\/\/ponteseditores.com.br\/loja3\/pontes-editores-home-2__trashed\/linguistica\/educacao-genero-e-diversidades-no-semiarido\/","og_locale":"pt_BR","og_type":"article","og_title":"Educa\u00e7\u00e3o, G\u00eanero e Diversidades no Semi\u00e1rido - Pontes Editores","og_description":"Os textos da obra Educa\u00e7\u00e3o, G\u00eanero e Diversidade no Semi\u00e1rido, centrou-se sobre o exerc\u00edcio da professoralidade na perspectiva da equidade e das diversidades, constru\u00eddas a partir das narrativas (auto)biogr\u00e1ficas, de abordagem qualitativa, com o objetivo de entender que a constru\u00e7\u00e3o da narrativa, bem como sua leitura, reflex\u00e3o e an\u00e1lise, abarcam potencialidades inerentes ao desenvolvimento pessoal [&hellip;]","og_url":"https:\/\/ponteseditores.com.br\/loja3\/pontes-editores-home-2__trashed\/linguistica\/educacao-genero-e-diversidades-no-semiarido\/","og_site_name":"Pontes Editores","og_image":[{"width":1728,"height":2443,"url":"https:\/\/ponteseditores.com.br\/loja3\/wp-content\/uploads\/2024\/02\/Capa_Educacao_Genero.jpg","type":"image\/jpeg"}],"twitter_card":"summary_large_image","twitter_misc":{"Est. tempo de leitura":"2 minutos"},"schema":{"@context":"https:\/\/schema.org","@graph":[{"@type":"WebPage","@id":"https:\/\/ponteseditores.com.br\/loja3\/pontes-editores-home-2__trashed\/linguistica\/educacao-genero-e-diversidades-no-semiarido\/","url":"https:\/\/ponteseditores.com.br\/loja3\/pontes-editores-home-2__trashed\/linguistica\/educacao-genero-e-diversidades-no-semiarido\/","name":"Educa\u00e7\u00e3o, G\u00eanero e Diversidades no Semi\u00e1rido - Pontes Editores","isPartOf":{"@id":"https:\/\/ponteseditores.com.br\/loja3\/#website"},"primaryImageOfPage":{"@id":"https:\/\/ponteseditores.com.br\/loja3\/pontes-editores-home-2__trashed\/linguistica\/educacao-genero-e-diversidades-no-semiarido\/#primaryimage"},"image":{"@id":"https:\/\/ponteseditores.com.br\/loja3\/pontes-editores-home-2__trashed\/linguistica\/educacao-genero-e-diversidades-no-semiarido\/#primaryimage"},"thumbnailUrl":"https:\/\/ponteseditores.com.br\/loja3\/wp-content\/uploads\/2024\/02\/Capa_Educacao_Genero.jpg","datePublished":"2024-02-02T14:24:22+00:00","breadcrumb":{"@id":"https:\/\/ponteseditores.com.br\/loja3\/pontes-editores-home-2__trashed\/linguistica\/educacao-genero-e-diversidades-no-semiarido\/#breadcrumb"},"inLanguage":"pt-BR","potentialAction":[{"@type":"ReadAction","target":["https:\/\/ponteseditores.com.br\/loja3\/pontes-editores-home-2__trashed\/linguistica\/educacao-genero-e-diversidades-no-semiarido\/"]}]},{"@type":"ImageObject","inLanguage":"pt-BR","@id":"https:\/\/ponteseditores.com.br\/loja3\/pontes-editores-home-2__trashed\/linguistica\/educacao-genero-e-diversidades-no-semiarido\/#primaryimage","url":"https:\/\/ponteseditores.com.br\/loja3\/wp-content\/uploads\/2024\/02\/Capa_Educacao_Genero.jpg","contentUrl":"https:\/\/ponteseditores.com.br\/loja3\/wp-content\/uploads\/2024\/02\/Capa_Educacao_Genero.jpg","width":1728,"height":2443},{"@type":"BreadcrumbList","@id":"https:\/\/ponteseditores.com.br\/loja3\/pontes-editores-home-2__trashed\/linguistica\/educacao-genero-e-diversidades-no-semiarido\/#breadcrumb","itemListElement":[{"@type":"ListItem","position":1,"name":"Home","item":"https:\/\/ponteseditores.com.br\/loja3\/"},{"@type":"ListItem","position":2,"name":"loja","item":"https:\/\/ponteseditores.com.br\/loja3\/loja\/"},{"@type":"ListItem","position":3,"name":"Educa\u00e7\u00e3o, G\u00eanero e Diversidades no Semi\u00e1rido"}]},{"@type":"WebSite","@id":"https:\/\/ponteseditores.com.br\/loja3\/#website","url":"https:\/\/ponteseditores.com.br\/loja3\/","name":"Pontes Editores","description":"Pontes Editores","publisher":{"@id":"https:\/\/ponteseditores.com.br\/loja3\/#organization"},"potentialAction":[{"@type":"SearchAction","target":{"@type":"EntryPoint","urlTemplate":"https:\/\/ponteseditores.com.br\/loja3\/?s={search_term_string}"},"query-input":{"@type":"PropertyValueSpecification","valueRequired":true,"valueName":"search_term_string"}}],"inLanguage":"pt-BR"},{"@type":"Organization","@id":"https:\/\/ponteseditores.com.br\/loja3\/#organization","name":"Pontes Editores","url":"https:\/\/ponteseditores.com.br\/loja3\/","logo":{"@type":"ImageObject","inLanguage":"pt-BR","@id":"https:\/\/ponteseditores.com.br\/loja3\/#\/schema\/logo\/image\/","url":"https:\/\/ponteseditores.com.br\/loja3\/wp-content\/uploads\/2023\/12\/logo-pontes-editores-v2.png","contentUrl":"https:\/\/ponteseditores.com.br\/loja3\/wp-content\/uploads\/2023\/12\/logo-pontes-editores-v2.png","width":258,"height":100,"caption":"Pontes Editores"},"image":{"@id":"https:\/\/ponteseditores.com.br\/loja3\/#\/schema\/logo\/image\/"}}]}},"_links":{"self":[{"href":"https:\/\/ponteseditores.com.br\/loja3\/wp-json\/wp\/v2\/product\/10025","targetHints":{"allow":["GET"]}}],"collection":[{"href":"https:\/\/ponteseditores.com.br\/loja3\/wp-json\/wp\/v2\/product"}],"about":[{"href":"https:\/\/ponteseditores.com.br\/loja3\/wp-json\/wp\/v2\/types\/product"}],"replies":[{"embeddable":true,"href":"https:\/\/ponteseditores.com.br\/loja3\/wp-json\/wp\/v2\/comments?post=10025"}],"version-history":[{"count":0,"href":"https:\/\/ponteseditores.com.br\/loja3\/wp-json\/wp\/v2\/product\/10025\/revisions"}],"wp:featuredmedia":[{"embeddable":true,"href":"https:\/\/ponteseditores.com.br\/loja3\/wp-json\/wp\/v2\/media\/10026"}],"wp:attachment":[{"href":"https:\/\/ponteseditores.com.br\/loja3\/wp-json\/wp\/v2\/media?parent=10025"}],"wp:term":[{"taxonomy":"product_brand","embeddable":true,"href":"https:\/\/ponteseditores.com.br\/loja3\/wp-json\/wp\/v2\/product_brand?post=10025"},{"taxonomy":"product_cat","embeddable":true,"href":"https:\/\/ponteseditores.com.br\/loja3\/wp-json\/wp\/v2\/product_cat?post=10025"},{"taxonomy":"product_tag","embeddable":true,"href":"https:\/\/ponteseditores.com.br\/loja3\/wp-json\/wp\/v2\/product_tag?post=10025"}],"curies":[{"name":"wp","href":"https:\/\/api.w.org\/{rel}","templated":true}]}}